000
CXUS51 KALY 010825
CLMPSF


CLIMATE REPORT
NATIONAL WEATHER SERVICE ALBANY NY
423 AM EDT TUE APR 1 2014

...................................

...THE PITTSFIELD MA CLIMATE SUMMARY FOR THE MONTH OF MARCH 2014...

CLIMATE NORMAL PERIOD 1981 TO 2010
CLIMATE RECORD PERIOD 9999 TO 9999

WEATHER         OBSERVED          NORMAL  DEPART  LAST YEAR`S
                 VALUE   DATE(S)  VALUE   FROM    VALUE  DATE(S)
                                          NORMAL
................................................................
TEMPERATURE (F)
HIGHEST            50   03/29                         52  03/31
LOWEST             -5   03/01                         10  03/18
AVG. MAXIMUM     34.5              41.9    -7.4     38.2
AVG. MINIMUM     15.7              21.8    -6.1     23.2
MEAN             25.1              31.9    -6.8     30.7
DAYS MAX >= 90      0               0.0     0.0        0
DAYS MAX <= 32     14               5.5     8.5        9
DAYS MIN <= 32     30              27.4     2.6       30
DAYS MIN <= 0       3               0.6     2.4        0

PRECIPITATION (INCHES)
TOTALS           3.13              3.37   -0.24     1.79
DAILY AVG.       0.10              0.11   -0.01     0.06
DAYS >= .01         9                                  8
DAYS >= .10         5                                  6
DAYS >= .50         4                                  1
DAYS >= 1.00        0                                  0
GREATEST
 24 HR. TOTAL    0.74   03/30 TO 03/30

DEGREE_DAYS
HEATING TOTAL    1231              1027     204     1055
 SINCE 7/1       6783              6407     376     5994
COOLING TOTAL       0                 0       0        0
 SINCE 1/1          0                 0       0        0

FREEZE DATES
EARLIEST      03/01             10/04
LATEST                          05/07
.................................................................

WIND (MPH)
AVERAGE WIND SPEED              8.4
HIGHEST WIND SPEED/DIRECTION    35/290    DATE  03/26
HIGHEST GUST SPEED/DIRECTION    47/290    DATE  03/26

SKY COVER
AVERAGE SKY COVER           0.50

AVERAGE RH (PERCENT)     62

WEATHER CONDITIONS. NUMBER OF DAYS WITH
THUNDERSTORM              0     MIXED PRECIP               0
HEAVY RAIN                1     RAIN                       4
LIGHT RAIN                8     FREEZING RAIN              1
LT FREEZING RAIN          4     HAIL                       0
HEAVY SNOW                1     SNOW                       2
LIGHT SNOW               11     SLEET                      0
FOG                      11     FOG W/VIS <= 1/4 MILE      2
HAZE                     12

-  INDICATES NEGATIVE NUMBERS.
R  INDICATES RECORD WAS SET OR TIED.
MM INDICATES DATA IS MISSING.
T  INDICATES TRACE AMOUNT.

$$
