000
CXUS51 KALY 010942
CLMPSF


CLIMATE REPORT
NATIONAL WEATHER SERVICE ALBANY NY
435 AM EST WED JAN 1 2014

...................................

...THE PITTSFIELD MA CLIMATE SUMMARY FOR THE MONTH OF DECEMBER 2013...

CLIMATE NORMAL PERIOD 1981 TO 2010
CLIMATE RECORD PERIOD 9999 TO 9999

WEATHER         OBSERVED          NORMAL  DEPART  LAST YEAR`S
                 VALUE   DATE(S)  VALUE   FROM    VALUE  DATE(S)
                                          NORMAL
................................................................
TEMPERATURE (F)
HIGHEST            63   12/22                         55  12/05
LOWEST             -7   12/17                         13  12/26
AVG. MAXIMUM     34.6              34.0     0.6     38.2
AVG. MINIMUM     19.4              19.4     0.0     25.1
MEAN             27.0              26.7     0.3     31.6
DAYS MAX >= 90      0               0.0     0.0        0
DAYS MAX <= 32     16              14.6     1.4        9
DAYS MIN <= 32     29              28.2     0.8       25
DAYS MIN <= 0       1               1.1    -0.1        0

PRECIPITATION (INCHES)
TOTALS           2.79              3.00   -0.21     3.84
DAILY AVG.       0.09              0.10   -0.01     0.12
DAYS >= .01        13                                 19
DAYS >= .10         8                                 13
DAYS >= .50         1                                  2
DAYS >= 1.00        1                                  0
GREATEST
 24 HR. TOTAL    1.04   12/29 TO 12/29

DEGREE_DAYS
HEATING TOTAL    1168              1187     -19     1029
 SINCE 7/1       2848              2838      10     2536
COOLING TOTAL       0                 0       0        0
 SINCE 1/1        433               290     143      465

FREEZE DATES
EARLIEST                        10/04
LATEST                          05/07
.................................................................

WIND (MPH)
AVERAGE WIND SPEED              6.6
HIGHEST WIND SPEED/DIRECTION    30/200    DATE  12/22
HIGHEST GUST SPEED/DIRECTION    40/190    DATE  12/22

SKY COVER
AVERAGE SKY COVER           0.70

AVERAGE RH (PERCENT)     75

WEATHER CONDITIONS. NUMBER OF DAYS WITH
THUNDERSTORM              0     MIXED PRECIP               0
HEAVY RAIN                1     RAIN                       2
LIGHT RAIN                7     FREEZING RAIN              0
LT FREEZING RAIN          3     HAIL                       0
HEAVY SNOW                4     SNOW                       6
LIGHT SNOW               19     SLEET                      0
FOG                      24     FOG W/VIS <= 1/4 MILE      8
HAZE                     17

-  INDICATES NEGATIVE NUMBERS.
R  INDICATES RECORD WAS SET OR TIED.
MM INDICATES DATA IS MISSING.
T  INDICATES TRACE AMOUNT.

$$
