000
CXUS51 KALY 222051
CLMPSF


CLIMATE REPORT
NATIONAL WEATHER SERVICE ALBANY NY
451 PM EDT SUN MAR 22 2015

...................................

...THE PITTSFIELD MA CLIMATE SUMMARY FOR THE MONTH OF FEBRUARY 2015...

CLIMATE NORMAL PERIOD 1981 TO 2010
CLIMATE RECORD PERIOD 9999 TO 9999

WEATHER         OBSERVED          NORMAL  DEPART  LAST YEAR`S
                 VALUE   DATE(S)  VALUE   FROM    VALUE  DATE(S)
                                          NORMAL
................................................................
TEMPERATURE (F)
HIGHEST            35   02/22                         46  02/22
LOWEST            -14R  02/21                         -6  02/12
                                                          02/07
AVG. MAXIMUM     22.0              32.3   -10.3     27.8
AVG. MINIMUM      0.3              15.2   -14.9     10.9
MEAN             11.2              23.8   -12.6     19.3
DAYS MAX >= 90      0               0.0     0.0        0
DAYS MAX <= 32     25              14.0    11.0       20
DAYS MIN <= 32     28              26.8     1.2       27
DAYS MIN <= 0      16               1.6    14.4        7

PRECIPITATION (INCHES)
TOTALS           1.73              2.68   -0.95     3.03
DAILY AVG.       0.07              0.10   -0.03     0.11
DAYS >= .01        12                                 13
DAYS >= .10         5                                  9
DAYS >= .50         1                                  1
DAYS >= 1.00        0                                  0
GREATEST
 24 HR. TOTAL    0.80   02/19 TO 02/20

DEGREE_DAYS
HEATING TOTAL    1499              1155     344     1273
 SINCE 7/1       5663              5380     283     5552
COOLING TOTAL       0                 0       0        0
 SINCE 1/1          0                 0       0        0

FREEZE DATES
EARLIEST      02/01             10/04
LATEST        02/28             05/07
.................................................................

WIND (MPH)
AVERAGE WIND SPEED              8.0
HIGHEST WIND SPEED/DIRECTION    32/280    DATE  02/20
HIGHEST GUST SPEED/DIRECTION    46/300    DATE  02/13

SKY COVER
AVERAGE SKY COVER           0.60

AVERAGE RH (PERCENT)     70

WEATHER CONDITIONS. NUMBER OF DAYS WITH
THUNDERSTORM              0     MIXED PRECIP               0
HEAVY RAIN                0     RAIN                       0
LIGHT RAIN                0     FREEZING RAIN              0
LT FREEZING RAIN          0     HAIL                       0
HEAVY SNOW                3     SNOW                       8
LIGHT SNOW               22     SLEET                      0
FOG                      17     FOG W/VIS <= 1/4 MILE      4
HAZE                     19

-  INDICATES NEGATIVE NUMBERS.
R  INDICATES RECORD WAS SET OR TIED.
MM INDICATES DATA IS MISSING.
T  INDICATES TRACE AMOUNT.

$$
