000
CXUS51 KALY 011404
CLMPSF


CLIMATE REPORT
NATIONAL WEATHER SERVICE ALBANY NY
1004 AM EDT SAT JUN 1 2013

...................................

...THE PITTSFIELD MA CLIMATE SUMMARY FOR THE MONTH OF MAY 2013...

CLIMATE NORMAL PERIOD 1981 TO 2010
CLIMATE RECORD PERIOD 9999 TO 9999

WEATHER         OBSERVED          NORMAL  DEPART  LAST YEAR`S
                 VALUE   DATE(S)  VALUE   FROM    VALUE
                                          NORMAL
.............................................................
TEMPERATURE (F)
HIGHEST            88   05/31                         89
LOWEST             29   05/15                         34
AVG. MAXIMUM     68.2              66.4     1.8     69.9
AVG. MINIMUM     43.9              43.3     0.6     50.1
MEAN             56.0              54.9     1.1     60.0
DAYS MAX >= 90      0               0.1    -0.1        0
DAYS MAX <= 32      0               0.0     0.0        0
DAYS MIN <= 32      2               1.9     0.1        0
DAYS MIN <= 0       0               0.0     0.0        0

PRECIPITATION (INCHES)
TOTALS           6.70R             4.21    2.49     5.13
DAILY AVG.       0.22              0.14    0.08     0.17
DAYS >= .01        14                                 19
DAYS >= .10        10                                 11
DAYS >= .50         7                                  5
DAYS >= 1.00        2                                  1
GREATEST
 24 HR. TOTAL    1.54   05/28 TO 05/29              1.06

DEGREE_DAYS
HEATING TOTAL     293               325     -32      186
 SINCE 7/1       6929              7360    -431     5943
COOLING TOTAL      25                11      14       39
 SINCE 1/1         25                13      12       44
..............................................................

WIND (MPH)
AVERAGE WIND SPEED              5.8
HIGHEST WIND SPEED/DIRECTION    30/300    DATE  05/29
HIGHEST GUST SPEED/DIRECTION    39/300    DATE  05/29

SKY COVER
AVERAGE SKY COVER           0.50

AVERAGE RH (PERCENT)     69

WEATHER CONDITIONS. NUMBER OF DAYS WITH
THUNDERSTORM              0     MIXED PRECIP               0
HEAVY RAIN                6     RAIN                       9
LIGHT RAIN               14     FREEZING RAIN              0
LT FREEZING RAIN          0     HAIL                       0
HEAVY SNOW                0     SNOW                       0
LIGHT SNOW                0     SLEET                      0
FOG                      21     HAZE                       7

-  INDICATES NEGATIVE NUMBERS.
R  INDICATES RECORD WAS SET OR TIED.
MM INDICATES DATA IS MISSING.
T  INDICATES TRACE AMOUNT.

$$
