000
CXUS51 KALY 010943
CLMPSF


CLIMATE REPORT
NATIONAL WEATHER SERVICE ALBANY NY
440 AM EST SUN FEB 1 2015

...................................

...THE PITTSFIELD MA CLIMATE SUMMARY FOR THE MONTH OF JANUARY 2015...

CLIMATE NORMAL PERIOD 1981 TO 2010
CLIMATE RECORD PERIOD 9999 TO 9999

WEATHER         OBSERVED          NORMAL  DEPART  LAST YEAR`S
                 VALUE   DATE(S)  VALUE   FROM    VALUE  DATE(S)
                                          NORMAL
................................................................
TEMPERATURE (F)
HIGHEST            45   01/04                         57  01/11
LOWEST            -11R  01/14                         -9  01/22
                                                          01/04
AVG. MAXIMUM     26.5              28.9    -2.4     27.3
AVG. MINIMUM      8.2              11.6    -3.4      9.9
MEAN             17.3              20.2    -2.9     18.6
DAYS MAX >= 90      0               0.0     0.0        0
DAYS MAX <= 32     23              19.2     3.8       18
DAYS MIN <= 32     31              30.4     0.6       30
DAYS MIN <= 0       9               6.0     3.0        8

PRECIPITATION (INCHES)
TOTALS           3.36              2.92    0.44     3.35
DAILY AVG.       0.11              0.09    0.02     0.11
DAYS >= .01        10                                 12
DAYS >= .10         7                                  5
DAYS >= .50         2                                  2
DAYS >= 1.00        1                                  2
GREATEST
 24 HR. TOTAL    1.30   01/18 TO 01/18
                        01/17 TO 01/18
                        01/18 TO 01/18

DEGREE_DAYS
HEATING TOTAL    1471              1387      84     1431
 SINCE 7/1       4164              4225     -61     4279
COOLING TOTAL       0                 0       0        0
 SINCE 1/1          0                 0       0        0

FREEZE DATES
EARLIEST                        10/04
LATEST                          05/07
.................................................................

WIND (MPH)
AVERAGE WIND SPEED              8.3
HIGHEST WIND SPEED/DIRECTION    37/290    DATE  01/16
HIGHEST GUST SPEED/DIRECTION    48/280    DATE  01/16

SKY COVER
AVERAGE SKY COVER           0.60

AVERAGE RH (PERCENT)     69

WEATHER CONDITIONS. NUMBER OF DAYS WITH
THUNDERSTORM              0     MIXED PRECIP               0
HEAVY RAIN                1     RAIN                       2
LIGHT RAIN                2     FREEZING RAIN              3
LT FREEZING RAIN          3     HAIL                       0
HEAVY SNOW                2     SNOW                       6
LIGHT SNOW               18     SLEET                      0
FOG                      17     FOG W/VIS <= 1/4 MILE      5
HAZE                     16

-  INDICATES NEGATIVE NUMBERS.
R  INDICATES RECORD WAS SET OR TIED.
MM INDICATES DATA IS MISSING.
T  INDICATES TRACE AMOUNT.

$$
