000
CXUS51 KALY 011322
CLMPSF


CLIMATE REPORT
NATIONAL WEATHER SERVICE ALBANY NY
921 AM EDT TUE NOV 1 2016

...................................

...THE PITTSFIELD MA CLIMATE SUMMARY FOR THE MONTH OF OCTOBER 2016...

CLIMATE NORMAL PERIOD 1981 TO 2010
CLIMATE RECORD PERIOD 9999 TO 9999

WEATHER         OBSERVED          NORMAL  DEPART  LAST YEAR`S
                 VALUE   DATE(S)  VALUE   FROM    VALUE  DATE(S)
                                          NORMAL
................................................................
TEMPERATURE (F)
HIGHEST            80   10/18                         73  10/12
LOWEST             25   10/31                         18  10/19
                        10/27
AVG. MAXIMUM     59.3              57.8     1.5     56.9
AVG. MINIMUM     38.8              37.2     1.6     36.1
MEAN             49.0              47.5     1.5     46.5
DAYS MAX >= 90      0               0.0     0.0        0
DAYS MAX <= 32      0               0.0     0.0        0
DAYS MIN <= 32      7               8.6    -1.6        9
DAYS MIN <= 0       0               0.0     0.0        0

PRECIPITATION (INCHES)
TOTALS           3.85              4.71   -0.86     2.27
DAILY AVG.       0.12              0.15   -0.03     0.07
DAYS >= .01        12                                  9
DAYS >= .10         4                                  6
DAYS >= .50         3                                  2
DAYS >= 1.00        2                                  0
GREATEST
 24 HR. TOTAL    1.78   10/22 TO 10/23

DEGREE_DAYS
HEATING TOTAL     490               544     -54      566
 SINCE 7/1        642               836    -194      692
COOLING TOTAL       1                 1       0        0
 SINCE 1/1        432               290     142      361

FREEZE DATES
EARLIEST                        10/04
LATEST                          05/07
.................................................................

WIND (MPH)
AVERAGE WIND SPEED              6.4
HIGHEST WIND SPEED/DIRECTION    36/290    DATE  10/23
HIGHEST GUST SPEED/DIRECTION    47/290    DATE  10/22

SKY COVER
AVERAGE SKY COVER           0.60

AVERAGE RH (PERCENT)     72

WEATHER CONDITIONS. NUMBER OF DAYS WITH
THUNDERSTORM              0     MIXED PRECIP               0
HEAVY RAIN                1     RAIN                       4
LIGHT RAIN               15     FREEZING RAIN              0
LT FREEZING RAIN          0     HAIL                       0
HEAVY SNOW                0     SNOW                       1
LIGHT SNOW                2     SLEET                      0
FOG                      20     FOG W/VIS <= 1/4 MILE      9
HAZE                      0

-  INDICATES NEGATIVE NUMBERS.
R  INDICATES RECORD WAS SET OR TIED.
MM INDICATES DATA IS MISSING.
T  INDICATES TRACE AMOUNT.

$$
