000
CXUS51 KALY 010933
CLMPSF


CLIMATE REPORT
NATIONAL WEATHER SERVICE ALBANY NY
530 AM EDT WED NOV 1 2017

...................................

...THE PITTSFIELD MA CLIMATE SUMMARY FOR THE MONTH OF OCTOBER 2017...

CLIMATE NORMAL PERIOD 1981 TO 2010
CLIMATE RECORD PERIOD 9999 TO 9999

WEATHER         OBSERVED          NORMAL  DEPART  LAST YEAR`S
                 VALUE   DATE(S)  VALUE   FROM    VALUE  DATE(S)
                                          NORMAL
................................................................
TEMPERATURE (F)
HIGHEST            75   10/08                         80  10/18
LOWEST             29   10/17                         25  10/31
                                                          10/27
AVG. MAXIMUM     65.6              57.8     7.8     59.3
AVG. MINIMUM     43.6              37.2     6.4     38.8
MEAN             54.6              47.5     7.1     49.0
DAYS MAX >= 90      0               0.0     0.0        0
DAYS MAX <= 32      0               0.0     0.0        0
DAYS MIN <= 32      2               8.6    -6.6        7
DAYS MIN <= 0       0               0.0     0.0        0

PRECIPITATION (INCHES)
TOTALS           4.51              4.71   -0.20     3.85
DAILY AVG.       0.15              0.15    0.00     0.12
DAYS >= .01        10                                 12
DAYS >= .10         6                                  4
DAYS >= .50         3                                  3
DAYS >= 1.00        1                                  2
GREATEST
 24 HR. TOTAL    2.09   10/29 TO 10/29

DEGREE_DAYS
HEATING TOTAL     323               544    -221      490
 SINCE 7/1        545               836    -291      642
COOLING TOTAL       8                 1       7        1
 SINCE 1/1        351               290      61      432

FREEZE DATES
EARLIEST      10/17             10/04
LATEST                          05/07
.................................................................

WIND (MPH)
AVERAGE WIND SPEED              6.0
HIGHEST WIND SPEED/DIRECTION    31/140    DATE  10/30
HIGHEST GUST SPEED/DIRECTION    41/130    DATE  10/30

SKY COVER
AVERAGE SKY COVER           0.50

AVERAGE RH (PERCENT)     73

WEATHER CONDITIONS. NUMBER OF DAYS WITH
THUNDERSTORM              0     MIXED PRECIP               0
HEAVY RAIN                4     RAIN                       6
LIGHT RAIN               13     FREEZING RAIN              0
LT FREEZING RAIN          0     HAIL                       0
HEAVY SNOW                0     SNOW                       0
LIGHT SNOW                0     SLEET                      0
FOG                      17     FOG W/VIS <= 1/4 MILE      7
HAZE                      1

-  INDICATES NEGATIVE NUMBERS.
R  INDICATES RECORD WAS SET OR TIED.
MM INDICATES DATA IS MISSING.
T  INDICATES TRACE AMOUNT.

$$
