000
CXUS51 KALY 011202
CLMPSF


CLIMATE REPORT
NATIONAL WEATHER SERVICE ALBANY NY
800 AM EDT MON SEP 1 2014

...................................

...THE PITTSFIELD MA CLIMATE SUMMARY FOR THE MONTH OF AUGUST 2014...

CLIMATE NORMAL PERIOD 1981 TO 2010
CLIMATE RECORD PERIOD 9999 TO 9999

WEATHER         OBSERVED          NORMAL  DEPART  LAST YEAR`S
                 VALUE   DATE(S)  VALUE   FROM    VALUE  DATE(S)
                                          NORMAL
................................................................
TEMPERATURE (F)
HIGHEST            82   08/25                         84  08/28
LOWEST             45R  08/19                         45  08/25
                                                          08/24
                                                          08/06
AVG. MAXIMUM     74.6              77.2    -2.6     76.0
AVG. MINIMUM     53.7              55.8    -2.1     54.6
MEAN             64.1              66.5    -2.4     65.3
DAYS MAX >= 90      0               0.3    -0.3        0
DAYS MAX <= 32      0               0.0     0.0        0
DAYS MIN <= 32      0               0.0     0.0        0
DAYS MIN <= 0       0               0.0     0.0        0

PRECIPITATION (INCHES)
TOTALS           2.34              4.09   -1.75     4.83
DAILY AVG.       0.08              0.13   -0.05     0.16
DAYS >= .01        11                                  9
DAYS >= .10         3                                  8
DAYS >= .50         2                                  3
DAYS >= 1.00        1                                  1
GREATEST
 24 HR. TOTAL    1.00   08/21 TO 08/21

DEGREE_DAYS
HEATING TOTAL      55                47       8       48
 SINCE 7/1         73                78      -5       56
COOLING TOTAL      36                93     -57       64
 SINCE 1/1        199               270     -71      400

FREEZE DATES
EARLIEST                        10/04
LATEST                          05/07
.................................................................

WIND (MPH)
AVERAGE WIND SPEED              4.3
HIGHEST WIND SPEED/DIRECTION    21/140    DATE  08/13
HIGHEST GUST SPEED/DIRECTION    31/140    DATE  08/12

SKY COVER
AVERAGE SKY COVER           0.50

AVERAGE RH (PERCENT)     77

WEATHER CONDITIONS. NUMBER OF DAYS WITH
THUNDERSTORM              0     MIXED PRECIP               0
HEAVY RAIN                2     RAIN                       4
LIGHT RAIN               12     FREEZING RAIN              0
LT FREEZING RAIN          0     HAIL                       0
HEAVY SNOW                0     SNOW                       0
LIGHT SNOW                0     SLEET                      0
FOG                      25     FOG W/VIS <= 1/4 MILE     10
HAZE                      2

-  INDICATES NEGATIVE NUMBERS.
R  INDICATES RECORD WAS SET OR TIED.
MM INDICATES DATA IS MISSING.
T  INDICATES TRACE AMOUNT.

$$
