285
CXUS51 KALY 011308
CLMPSF


CLIMATE REPORT
NATIONAL WEATHER SERVICE ALBANY NY
905 AM EDT SAT APR 1 2017

...................................

...THE PITTSFIELD MA CLIMATE SUMMARY FOR THE MONTH OF MARCH 2017...

CLIMATE NORMAL PERIOD 1981 TO 2010
CLIMATE RECORD PERIOD 9999 TO 9999

WEATHER         OBSERVED          NORMAL  DEPART  LAST YEAR`S
                 VALUE   DATE(S)  VALUE   FROM    VALUE  DATE(S)
                                          NORMAL
................................................................
TEMPERATURE (F)
HIGHEST            60   03/01                         75  03/09
LOWEST              1   03/05                         14  03/05
                                                          03/03
AVG. MAXIMUM     36.9              41.9    -5.0     50.0
AVG. MINIMUM     19.5              21.8    -2.3     28.3
MEAN             28.2              31.9    -3.7     39.1
DAYS MAX >= 90      0               0.0     0.0        0
DAYS MAX <= 32     11               5.5     5.5        2
DAYS MIN <= 32     28              27.4     0.6       20
DAYS MIN <= 0       0               0.6    -0.6        0

PRECIPITATION (INCHES)
TOTALS           3.11              3.37   -0.26     2.26
DAILY AVG.       0.10              0.11   -0.01     0.07
DAYS >= .01        13                                 11
DAYS >= .10         7                                  7
DAYS >= .50         2                                  0
DAYS >= 1.00        0                                  0
GREATEST
 24 HR. TOTAL    0.92   03/31 TO 03/31

DEGREE_DAYS
HEATING TOTAL    1131              1027     104      797
 SINCE 7/1       5833              6407    -574     5164
COOLING TOTAL       0                 0       0        0
 SINCE 1/1          0                 0       0        0

FREEZE DATES
EARLIEST                        10/04
LATEST                          05/07
.................................................................

WIND (MPH)
AVERAGE WIND SPEED              9.8
HIGHEST WIND SPEED/DIRECTION    37/290    DATE  03/02
HIGHEST GUST SPEED/DIRECTION    50/280    DATE  03/11

SKY COVER
AVERAGE SKY COVER           0.50

AVERAGE RH (PERCENT)     60

WEATHER CONDITIONS. NUMBER OF DAYS WITH
THUNDERSTORM              0     MIXED PRECIP               0
HEAVY RAIN                0     RAIN                       2
LIGHT RAIN               10     FREEZING RAIN              0
LT FREEZING RAIN          2     HAIL                       0
HEAVY SNOW                2     SNOW                       3
LIGHT SNOW               12     SLEET                      0
FOG                      11     FOG W/VIS <= 1/4 MILE      4
HAZE                     10

-  INDICATES NEGATIVE NUMBERS.
R  INDICATES RECORD WAS SET OR TIED.
MM INDICATES DATA IS MISSING.
T  INDICATES TRACE AMOUNT.

$$
