000
CXUS51 KALY 010725
CLMPSF


CLIMATE REPORT
NATIONAL WEATHER SERVICE ALBANY NY
325 AM EDT TUE SEP 1 2015

...................................

...THE PITTSFIELD MA CLIMATE SUMMARY FOR THE MONTH OF AUGUST 2015...

CLIMATE NORMAL PERIOD 1981 TO 2010
CLIMATE RECORD PERIOD 9999 TO 9999

WEATHER         OBSERVED          NORMAL  DEPART  LAST YEAR`S
                 VALUE   DATE(S)  VALUE   FROM    VALUE  DATE(S)
                                          NORMAL
................................................................
TEMPERATURE (F)
HIGHEST            88   08/18                         82  08/25
LOWEST             48   08/29                         45  08/19
AVG. MAXIMUM     79.3              77.2     2.1     74.6
AVG. MINIMUM     56.7              55.8     0.9     53.7
MEAN             68.0              66.5     1.5     64.1
DAYS MAX >= 90      0               0.3    -0.3        0
DAYS MAX <= 32      0               0.0     0.0        0
DAYS MIN <= 32      0               0.0     0.0        0
DAYS MIN <= 0       0               0.0     0.0        0

PRECIPITATION (INCHES)
TOTALS           2.97              4.09   -1.12     2.34
DAILY AVG.       0.10              0.13   -0.03     0.08
DAYS >= .01         6                                 11
DAYS >= .10         6                                  3
DAYS >= .50         2                                  2
DAYS >= 1.00        1                                  1
GREATEST
 24 HR. TOTAL    1.19   08/11 TO 08/11

DEGREE_DAYS
HEATING TOTAL       9                47     -38       55
 SINCE 7/1         28                78     -50       73
COOLING TOTAL     110                93      17       36
 SINCE 1/1        308               270      38      199

FREEZE DATES
EARLIEST                        10/04
LATEST                          05/07
.................................................................

WIND (MPH)
AVERAGE WIND SPEED              4.6
HIGHEST WIND SPEED/DIRECTION    23/140    DATE  08/20
HIGHEST GUST SPEED/DIRECTION    35/130    DATE  08/20

SKY COVER
AVERAGE SKY COVER           0.40

AVERAGE RH (PERCENT)     73

WEATHER CONDITIONS. NUMBER OF DAYS WITH
THUNDERSTORM              0     MIXED PRECIP               0
HEAVY RAIN                4     RAIN                       4
LIGHT RAIN                8     FREEZING RAIN              0
LT FREEZING RAIN          0     HAIL                       0
HEAVY SNOW                0     SNOW                       0
LIGHT SNOW                0     SLEET                      0
FOG                      21     FOG W/VIS <= 1/4 MILE     12
HAZE                      2

-  INDICATES NEGATIVE NUMBERS.
R  INDICATES RECORD WAS SET OR TIED.
MM INDICATES DATA IS MISSING.
T  INDICATES TRACE AMOUNT.

$$
