476
CXUS51 KALY 010637
CLMPSF


CLIMATE REPORT
NATIONAL WEATHER SERVICE ALBANY NY
235 AM EDT MON AUG 1 2016

...................................

...THE PITTSFIELD MA CLIMATE SUMMARY FOR THE MONTH OF JULY 2016...

CLIMATE NORMAL PERIOD 1981 TO 2010
CLIMATE RECORD PERIOD 9999 TO 9999

WEATHER         OBSERVED          NORMAL  DEPART  LAST YEAR`S
                 VALUE   DATE(S)  VALUE   FROM    VALUE  DATE(S)
                                          NORMAL
................................................................
TEMPERATURE (F)
HIGHEST            90   07/22                         87  07/29
LOWEST             48   07/20                         47  07/17
                                                          07/03
AVG. MAXIMUM     81.0              78.6     2.4     78.7
AVG. MINIMUM     58.0              56.4     1.6     57.4
MEAN             69.5              67.5     2.0     68.0
DAYS MAX >= 90      1               0.6     0.4        0
DAYS MAX <= 32      0               0.0     0.0        0
DAYS MIN <= 32      0               0.0     0.0        0
DAYS MIN <= 0       0               0.0     0.0        0

PRECIPITATION (INCHES)
TOTALS           4.15              4.25   -0.10     5.00
DAILY AVG.       0.13              0.14   -0.01     0.16
DAYS >= .01        15                                 12
DAYS >= .10         9                                  8
DAYS >= .50         1                                  3
DAYS >= 1.00        1                                  2
GREATEST
 24 HR. TOTAL    1.63   07/31 TO 07/31

DEGREE_DAYS
HEATING TOTAL      11                31     -20       19
 SINCE 7/1         11                31     -20       19
COOLING TOTAL     155               108      47      121
 SINCE 1/1        235               177      58      198

FREEZE DATES
EARLIEST                        10/04
LATEST                          05/07
.................................................................

WIND (MPH)
AVERAGE WIND SPEED              5.2
HIGHEST WIND SPEED/DIRECTION    26/MM     DATE   MM
HIGHEST GUST SPEED/DIRECTION    38/320    DATE  07/15

SKY COVER
AVERAGE SKY COVER           0.30

AVERAGE RH (PERCENT)     72

WEATHER CONDITIONS. NUMBER OF DAYS WITH
THUNDERSTORM             10     MIXED PRECIP               0
HEAVY RAIN                5     RAIN                       7
LIGHT RAIN               17     FREEZING RAIN              0
LT FREEZING RAIN          0     HAIL                       0
HEAVY SNOW                0     SNOW                       0
LIGHT SNOW                0     SLEET                      0
FOG                      22     FOG W/VIS <= 1/4 MILE      3
HAZE                      2

-  INDICATES NEGATIVE NUMBERS.
R  INDICATES RECORD WAS SET OR TIED.
MM INDICATES DATA IS MISSING.
T  INDICATES TRACE AMOUNT.

$$
