000
CXUS51 KALY 010912
CLMPSF


CLIMATE REPORT
NATIONAL WEATHER SERVICE ALBANY NY
507 AM EDT SUN MAY 1 2016

...................................

...THE PITTSFIELD MA CLIMATE SUMMARY FOR THE MONTH OF APRIL 2016...

CLIMATE NORMAL PERIOD 1981 TO 2010
CLIMATE RECORD PERIOD 9999 TO 9999

WEATHER         OBSERVED          NORMAL  DEPART  LAST YEAR`S
                 VALUE   DATE(S)  VALUE   FROM    VALUE  DATE(S)
                                          NORMAL
................................................................
TEMPERATURE (F)
HIGHEST            75   04/18                         72  04/18
LOWEST             10   04/05                         20  04/02
AVG. MAXIMUM     54.3              54.6    -0.3     54.1
AVG. MINIMUM     31.7              33.7    -2.0     33.3
MEAN             43.0              44.2    -1.2     43.7
DAYS MAX >= 90      0               0.0     0.0        0
DAYS MAX <= 32      2               0.7     1.3        0
DAYS MIN <= 32     16              13.0     3.0       15
DAYS MIN <= 0       0               0.0     0.0        0

PRECIPITATION (INCHES)
TOTALS           2.49              3.86   -1.37     2.90
DAILY AVG.       0.08              0.13   -0.05     0.10
DAYS >= .01         9                                 12
DAYS >= .10         7                                  7
DAYS >= .50         2                                  2
DAYS >= 1.00        0                                  0
GREATEST
 24 HR. TOTAL    0.68   04/07 TO 04/08

DEGREE_DAYS
HEATING TOTAL     652               628      24      628
 SINCE 7/1       5816              7035   -1219     7492
COOLING TOTAL       0                 2      -2        0
 SINCE 1/1          0                 2      -2        0

FREEZE DATES
EARLIEST                        10/04
LATEST                          05/07
.................................................................

WIND (MPH)
AVERAGE WIND SPEED              6.8
HIGHEST WIND SPEED/DIRECTION    39/290    DATE  04/03
HIGHEST GUST SPEED/DIRECTION    53/260    DATE  04/02

SKY COVER
AVERAGE SKY COVER           0.40

AVERAGE RH (PERCENT)     57

WEATHER CONDITIONS. NUMBER OF DAYS WITH
THUNDERSTORM              1     MIXED PRECIP               0
HEAVY RAIN                1     RAIN                       5
LIGHT RAIN               10     FREEZING RAIN              0
LT FREEZING RAIN          0     HAIL                       0
HEAVY SNOW                0     SNOW                       2
LIGHT SNOW                3     SLEET                      0
FOG                      10     FOG W/VIS <= 1/4 MILE      2
HAZE                      2

-  INDICATES NEGATIVE NUMBERS.
R  INDICATES RECORD WAS SET OR TIED.
MM INDICATES DATA IS MISSING.
T  INDICATES TRACE AMOUNT.

$$
