000
CXUS51 KALY 010634
CLMPSF


CLIMATE REPORT
NATIONAL WEATHER SERVICE ALBANY NY
234 AM EDT MON JUN 1 2015

...................................

...THE PITTSFIELD MA CLIMATE SUMMARY FOR THE MONTH OF MAY 2015...

CLIMATE NORMAL PERIOD 1981 TO 2010
CLIMATE RECORD PERIOD 9999 TO 9999

WEATHER         OBSERVED          NORMAL  DEPART  LAST YEAR`S
                 VALUE   DATE(S)  VALUE   FROM    VALUE  DATE(S)
                                          NORMAL
................................................................
TEMPERATURE (F)
HIGHEST            85   05/08                         83  05/27
LOWEST             33   05/24                         32  05/07
                        05/14
AVG. MAXIMUM     74.0              66.4     7.6     67.1
AVG. MINIMUM     47.4              43.3     4.1     45.9
MEAN             60.7              54.9     5.8     56.5
DAYS MAX >= 90      0               0.1    -0.1        0
DAYS MAX <= 32      0               0.0     0.0        0
DAYS MIN <= 32      0               1.9    -1.9        1
DAYS MIN <= 0       0               0.0     0.0        0

PRECIPITATION (INCHES)
TOTALS           1.58              4.21   -2.63     1.05
DAILY AVG.       0.05              0.14   -0.09     0.04
DAYS >= .01         7                                  7
DAYS >= .10         4                                  4
DAYS >= .50         1                                  0
DAYS >= 1.00        0                                  0
GREATEST
 24 HR. TOTAL    1.03   05/27 TO 05/28

DEGREE_DAYS
HEATING TOTAL     172               325    -153      261
 SINCE 7/1       7664              7360     304     7677
COOLING TOTAL      44                11      33        5
 SINCE 1/1         44                13      31        6

FREEZE DATES
EARLIEST                        10/04
LATEST                          05/07
.................................................................

WIND (MPH)
AVERAGE WIND SPEED              6.7
HIGHEST WIND SPEED/DIRECTION    33/270    DATE  05/27
HIGHEST GUST SPEED/DIRECTION    45/290    DATE  05/27

SKY COVER
AVERAGE SKY COVER           0.40

AVERAGE RH (PERCENT)     64

WEATHER CONDITIONS. NUMBER OF DAYS WITH
THUNDERSTORM              0     MIXED PRECIP               0
HEAVY RAIN                2     RAIN                       3
LIGHT RAIN                9     FREEZING RAIN              0
LT FREEZING RAIN          0     HAIL                       0
HEAVY SNOW                0     SNOW                       0
LIGHT SNOW                0     SLEET                      0
FOG                      14     FOG W/VIS <= 1/4 MILE      0
HAZE                      0

-  INDICATES NEGATIVE NUMBERS.
R  INDICATES RECORD WAS SET OR TIED.
MM INDICATES DATA IS MISSING.
T  INDICATES TRACE AMOUNT.

$$
