000
CXUS51 KALY 010943
CLMPSF


CLIMATE REPORT
NATIONAL WEATHER SERVICE ALBANY NY
539 AM EDT MON JUL 1 2013

...................................

...THE PITTSFIELD MA CLIMATE SUMMARY FOR THE MONTH OF JUNE 2013...

CLIMATE NORMAL PERIOD 1981 TO 2010
CLIMATE RECORD PERIOD 9999 TO 9999

WEATHER         OBSERVED          NORMAL  DEPART  LAST YEAR`S
                 VALUE   DATE(S)  VALUE   FROM    VALUE
                                          NORMAL
.............................................................
TEMPERATURE (F)
HIGHEST            87   06/01                         91
LOWEST             42   06/20                         43
AVG. MAXIMUM     74.1              74.2    -0.1     74.5
AVG. MINIMUM     53.9              52.8     1.1     53.1
MEAN             64.0              63.5     0.5     63.8
DAYS MAX >= 90      0               0.2    -0.2        2
DAYS MAX <= 32      0               0.0     0.0        0
DAYS MIN <= 32      0               0.1    -0.1        0
DAYS MIN <= 0       0               0.0     0.0        0

PRECIPITATION (INCHES)
TOTALS           7.37R             4.40    2.97     2.34
DAILY AVG.       0.25              0.15    0.10     0.08
DAYS >= .01        15                                 11
DAYS >= .10        13                                  6
DAYS >= .50         5                                  2
DAYS >= 1.00        2                                  0
GREATEST
 24 HR. TOTAL    2.14   06/10 TO 06/11              0.71

DEGREE_DAYS
HEATING TOTAL     108               101       7       92
 SINCE 7/1       7037              7461    -424     6035
COOLING TOTAL      86                56      30       64
 SINCE 1/1        111                69      42      108
..............................................................

WIND (MPH)
AVERAGE WIND SPEED              5.5
HIGHEST WIND SPEED/DIRECTION    23/200    DATE  06/30
HIGHEST GUST SPEED/DIRECTION    35/100    DATE  06/16

SKY COVER
AVERAGE SKY COVER           0.50

AVERAGE RH (PERCENT)     75

WEATHER CONDITIONS. NUMBER OF DAYS WITH
THUNDERSTORM              8     MIXED PRECIP               0
HEAVY RAIN                6     RAIN                      14
LIGHT RAIN               16     FREEZING RAIN              0
LT FREEZING RAIN          0     HAIL                       0
HEAVY SNOW                0     SNOW                       0
LIGHT SNOW                0     SLEET                      0
FOG                      24     HAZE                       6

-  INDICATES NEGATIVE NUMBERS.
R  INDICATES RECORD WAS SET OR TIED.
MM INDICATES DATA IS MISSING.
T  INDICATES TRACE AMOUNT.

$$
