000
CXUS51 KALY 012134 CCA
CLMPSF

CLIMATE REPORT...CORRECTED
NATIONAL WEATHER SERVICE ALBANY NY
438 AM EDT TUE OCT 1 2013

...................................

...THE PITTSFIELD MA CLIMATE SUMMARY FOR THE MONTH OF SEPTEMBER 2013...

CLIMATE NORMAL PERIOD 1981 TO 2010
CLIMATE RECORD PERIOD 9999 TO 9999

WEATHER         OBSERVED          NORMAL  DEPART  LAST YEAR`S
                 VALUE   DATE(S)  VALUE   FROM    VALUE
                                          NORMAL
.............................................................
TEMPERATURE (F)
HIGHEST            90   09/11                         82
LOWEST             35   09/17                         34
AVG. MAXIMUM     69.0              69.1    -0.1     69.2
AVG. MINIMUM     45.9              47.9    -2.0     48.5
MEAN             57.4              58.5    -1.1     58.8
DAYS MAX >= 90      1               0.2     0.8        0
DAYS MAX <= 32      0               0.0     0.0        0
DAYS MIN <= 32      0               0.7    -0.7        0
DAYS MIN <= 0       0               0.0     0.0        0

PRECIPITATION (INCHES)
TOTALS           3.69              3.96   -0.27     6.29
DAILY AVG.       0.12              0.13   -0.01     0.21
DAYS >= .01        10                                 11
DAYS >= .10         7                                  7
DAYS >= .50         4                                  6
DAYS >= 1.00        1                                  2
GREATEST
 24 HR. TOTAL    1.18   09/21 TO 09/22

DEGREE_DAYS
HEATING TOTAL     253               214      39      202
 SINCE 7/1        309               292      17      226
COOLING TOTAL      33                19      14       25
 SINCE 1/1        433               289     144      465
..............................................................

WIND (MPH)
AVERAGE WIND SPEED              4.3
HIGHEST WIND SPEED/DIRECTION    28/290    DATE  09/11
HIGHEST GUST SPEED/DIRECTION    37/230    DATE  09/21

SKY COVER
AVERAGE SKY COVER           0.40

AVERAGE RH (PERCENT)     75

WEATHER CONDITIONS. NUMBER OF DAYS WITH
THUNDERSTORM              5     MIXED PRECIP               0
HEAVY RAIN                6     RAIN                       6
LIGHT RAIN               13     FREEZING RAIN              0
LT FREEZING RAIN          0     HAIL                       0
HEAVY SNOW                0     SNOW                       0
LIGHT SNOW                0     SLEET                      0
FOG                      25     HAZE                       5

-  INDICATES NEGATIVE NUMBERS.
R  INDICATES RECORD WAS SET OR TIED.
MM INDICATES DATA IS MISSING.
T  INDICATES TRACE AMOUNT.

$$
