000
CXUS51 KALY 010641
CLMPSF


CLIMATE REPORT
NATIONAL WEATHER SERVICE ALBANY NY
235 AM EDT FRI SEP 1 2017

...................................

...THE PITTSFIELD MA CLIMATE SUMMARY FOR THE MONTH OF AUGUST 2017...

CLIMATE NORMAL PERIOD 1981 TO 2010
CLIMATE RECORD PERIOD 9999 TO 9999

WEATHER         OBSERVED          NORMAL  DEPART  LAST YEAR`S
                 VALUE   DATE(S)  VALUE   FROM    VALUE  DATE(S)
                                          NORMAL
................................................................
TEMPERATURE (F)
HIGHEST            85   08/22                         90  08/13
LOWEST             44R  08/27                         45  08/23
AVG. MAXIMUM     75.5              77.2    -1.7     80.3
AVG. MINIMUM     54.4              55.8    -1.4     57.7
MEAN             64.9              66.5    -1.6     69.0
DAYS MAX >= 90      0               0.3    -0.3        1
DAYS MAX <= 32      0               0.0     0.0        0
DAYS MIN <= 32      0               0.0     0.0        0
DAYS MIN <= 0       0               0.0     0.0        0

PRECIPITATION (INCHES)
TOTALS           4.59              4.09    0.50     2.62
DAILY AVG.       0.15              0.13    0.02     0.08
DAYS >= .01        13                                 10
DAYS >= .10         8                                  7
DAYS >= .50         3                                  2
DAYS >= 1.00        1                                  0
GREATEST
 24 HR. TOTAL    1.73   08/22 TO 08/22

DEGREE_DAYS
HEATING TOTAL      63                43      20       13
 SINCE 7/1         86                78       8       24
COOLING TOTAL      68                93     -25      146
 SINCE 1/1        270               270       0      381

FREEZE DATES
EARLIEST                        10/04
LATEST                          05/07
.................................................................

WIND (MPH)
AVERAGE WIND SPEED              4.5
HIGHEST WIND SPEED/DIRECTION    26/200    DATE  08/02
HIGHEST GUST SPEED/DIRECTION    44/310    DATE  08/12

SKY COVER
AVERAGE SKY COVER           0.40

AVERAGE RH (PERCENT)     74

WEATHER CONDITIONS. NUMBER OF DAYS WITH
THUNDERSTORM              5     MIXED PRECIP               0
HEAVY RAIN                3     RAIN                       8
LIGHT RAIN               13     FREEZING RAIN              0
LT FREEZING RAIN          0     HAIL                       0
HEAVY SNOW                0     SNOW                       0
LIGHT SNOW                0     SLEET                      0
FOG                      24     FOG W/VIS <= 1/4 MILE     11
HAZE                      0

-  INDICATES NEGATIVE NUMBERS.
R  INDICATES RECORD WAS SET OR TIED.
MM INDICATES DATA IS MISSING.
T  INDICATES TRACE AMOUNT.

$$
