000
CXUS51 KALY 010642
CLMPSF


CLIMATE REPORT
NATIONAL WEATHER SERVICE ALBANY NY
239 AM EDT SAT OCT 1 2016

...................................

...THE PITTSFIELD MA CLIMATE SUMMARY FOR THE MONTH OF SEPTEMBER 2016...

CLIMATE NORMAL PERIOD 1981 TO 2010
CLIMATE RECORD PERIOD 9999 TO 9999

WEATHER         OBSERVED          NORMAL  DEPART  LAST YEAR`S
                 VALUE   DATE(S)  VALUE   FROM    VALUE  DATE(S)
                                          NORMAL
................................................................
TEMPERATURE (F)
HIGHEST            85   09/08                         88  09/08
                                                          09/07
LOWEST             32R  09/26                         36  09/27
AVG. MAXIMUM     73.7              69.1     4.6     76.0
AVG. MINIMUM     50.4              47.9     2.5     50.4
MEAN             62.1              58.5     3.6     63.2
DAYS MAX >= 90      0               0.2    -0.2        0
DAYS MAX <= 32      0               0.0     0.0        0
DAYS MIN <= 32      1               0.7     0.3        0
DAYS MIN <= 0       0               0.0     0.0        0

PRECIPITATION (INCHES)
TOTALS           1.87              3.96   -2.09     4.57
DAILY AVG.       0.06              0.13   -0.07     0.15
DAYS >= .01        10                                  9
DAYS >= .10         4                                  6
DAYS >= .50         1                                  3
DAYS >= 1.00        0                                  1
GREATEST
 24 HR. TOTAL    1.07   09/18 TO 09/19

DEGREE_DAYS
HEATING TOTAL     128               214     -86       98
 SINCE 7/1        152               292    -140      126
COOLING TOTAL      50                19      31       53
 SINCE 1/1        431               289     142      361

FREEZE DATES
EARLIEST      09/26             10/04
LATEST                          05/07
.................................................................

WIND (MPH)
AVERAGE WIND SPEED              4.7
HIGHEST WIND SPEED/DIRECTION    37/MM     DATE   MM
HIGHEST GUST SPEED/DIRECTION    52/MM     DATE   MM

SKY COVER
AVERAGE SKY COVER           0.40

AVERAGE RH (PERCENT)     72

WEATHER CONDITIONS. NUMBER OF DAYS WITH
THUNDERSTORM              3     MIXED PRECIP               0
HEAVY RAIN                3     RAIN                       4
LIGHT RAIN               12     FREEZING RAIN              0
LT FREEZING RAIN          0     HAIL                       0
HEAVY SNOW                0     SNOW                       0
LIGHT SNOW                0     SLEET                      0
FOG                      23     FOG W/VIS <= 1/4 MILE      9
HAZE                      1

-  INDICATES NEGATIVE NUMBERS.
R  INDICATES RECORD WAS SET OR TIED.
MM INDICATES DATA IS MISSING.
T  INDICATES TRACE AMOUNT.

$$
