000
CXUS51 KALY 010642
CLMPSF


CLIMATE REPORT
NATIONAL WEATHER SERVICE ALBANY NY
138 AM EST MON FEB 1 2016

...................................

...THE PITTSFIELD MA CLIMATE SUMMARY FOR THE MONTH OF JANUARY 2016...

CLIMATE NORMAL PERIOD 1981 TO 2010
CLIMATE RECORD PERIOD 9999 TO 9999

WEATHER         OBSERVED          NORMAL  DEPART  LAST YEAR`S
                 VALUE   DATE(S)  VALUE   FROM    VALUE  DATE(S)
                                          NORMAL
................................................................
TEMPERATURE (F)
HIGHEST            55   01/10                         45  01/04
LOWEST              1   01/05                        -11  01/14
                        01/04
AVG. MAXIMUM     33.3              28.9     4.4     26.5
AVG. MINIMUM     16.4              11.6     4.8      8.2
MEAN             24.8              20.2     4.6     17.3
DAYS MAX >= 90      0               0.0     0.0        0
DAYS MAX <= 32     12              19.2    -7.2       23
DAYS MIN <= 32     28              30.4    -2.4       31
DAYS MIN <= 0       0               6.0    -6.0        9

PRECIPITATION (INCHES)
TOTALS           1.09R             2.92   -1.83     3.36
DAILY AVG.       0.04              0.09   -0.05     0.11
DAYS >= .01         4                                 10
DAYS >= .10         2                                  7
DAYS >= .50         1                                  2
DAYS >= 1.00        0                                  1
GREATEST
 24 HR. TOTAL    0.66   01/10 TO 01/10
                        01/09 TO 01/10
                        01/10 TO 01/10

DEGREE_DAYS
HEATING TOTAL    1197              1387    -190     1471
 SINCE 7/1       3347              4225    -878     4164
COOLING TOTAL       0                 0       0        0
 SINCE 1/1          0                 0       0        0

FREEZE DATES
EARLIEST                        10/04
LATEST                          05/07
.................................................................

WIND (MPH)
AVERAGE WIND SPEED              8.2
HIGHEST WIND SPEED/DIRECTION    39/300    DATE  01/19
HIGHEST GUST SPEED/DIRECTION    53/290    DATE  01/19

SKY COVER
AVERAGE SKY COVER           0.60

AVERAGE RH (PERCENT)     67

WEATHER CONDITIONS. NUMBER OF DAYS WITH
THUNDERSTORM              1     MIXED PRECIP               0
HEAVY RAIN                0     RAIN                       2
LIGHT RAIN                2     FREEZING RAIN              0
LT FREEZING RAIN          0     HAIL                       0
HEAVY SNOW                2     SNOW                       2
LIGHT SNOW               15     SLEET                      0
FOG                       9     FOG W/VIS <= 1/4 MILE      2
HAZE                      8

-  INDICATES NEGATIVE NUMBERS.
R  INDICATES RECORD WAS SET OR TIED.
MM INDICATES DATA IS MISSING.
T  INDICATES TRACE AMOUNT.

$$
