000
CXUS51 KALY 010740
CLMPSF


CLIMATE REPORT
NATIONAL WEATHER SERVICE ALBANY NY
234 AM EST FRI JAN 1 2016

...................................

...THE PITTSFIELD MA CLIMATE SUMMARY FOR THE MONTH OF DECEMBER 2015...

CLIMATE NORMAL PERIOD 1981 TO 2010
CLIMATE RECORD PERIOD 9999 TO 9999

WEATHER         OBSERVED          NORMAL  DEPART  LAST YEAR`S
                 VALUE   DATE(S)  VALUE   FROM    VALUE  DATE(S)
                                          NORMAL
................................................................
TEMPERATURE (F)
HIGHEST            67   12/24                         59  12/25
LOWEST             21   12/21                          9  12/31
                        12/20
AVG. MAXIMUM     47.5              34.0    13.5     35.2
AVG. MINIMUM     32.0              19.4    12.6     25.1
MEAN             39.7              26.7    13.0     30.2
DAYS MAX >= 90      0               0.0     0.0        0
DAYS MAX <= 32      1              14.6   -13.6       11
DAYS MIN <= 32     15              28.2   -13.2       27
DAYS MIN <= 0       0               1.1    -1.1        0

PRECIPITATION (INCHES)
TOTALS           3.68              3.00    0.68     3.75
DAILY AVG.       0.12              0.10    0.02     0.12
DAYS >= .01        13                                 16
DAYS >= .10        10                                 10
DAYS >= .50         2                                  2
DAYS >= 1.00        0                                  1
GREATEST
 24 HR. TOTAL    0.76   12/23 TO 12/24

DEGREE_DAYS
HEATING TOTAL     777              1187    -410     1071
 SINCE 7/1       2150              2838    -688     2693
COOLING TOTAL       0                 0       0        0
 SINCE 1/1        361               290      71      238

FREEZE DATES
EARLIEST                        10/04
LATEST                          05/07
.................................................................

WIND (MPH)
AVERAGE WIND SPEED              6.5
HIGHEST WIND SPEED/DIRECTION    35/290    DATE  12/15
HIGHEST GUST SPEED/DIRECTION    47/300    DATE  12/15

SKY COVER
AVERAGE SKY COVER           0.70

AVERAGE RH (PERCENT)     76

WEATHER CONDITIONS. NUMBER OF DAYS WITH
THUNDERSTORM              0     MIXED PRECIP               0
HEAVY RAIN                3     RAIN                       6
LIGHT RAIN               16     FREEZING RAIN              1
LT FREEZING RAIN          1     HAIL                       0
HEAVY SNOW                0     SNOW                       0
LIGHT SNOW                2     SLEET                      0
FOG                      22     FOG W/VIS <= 1/4 MILE     10
HAZE                      3

-  INDICATES NEGATIVE NUMBERS.
R  INDICATES RECORD WAS SET OR TIED.
MM INDICATES DATA IS MISSING.
T  INDICATES TRACE AMOUNT.

$$
