000
CXUS51 KALY 011007
CLMPSF


CLIMATE REPORT
NATIONAL WEATHER SERVICE ALBANY NY
605 AM EDT SAT AUG 1 2015

...................................

...THE PITTSFIELD MA CLIMATE SUMMARY FOR THE MONTH OF JULY 2015...

CLIMATE NORMAL PERIOD 1981 TO 2010
CLIMATE RECORD PERIOD 9999 TO 9999

WEATHER         OBSERVED          NORMAL  DEPART  LAST YEAR`S
                 VALUE   DATE(S)  VALUE   FROM    VALUE  DATE(S)
                                          NORMAL
................................................................
TEMPERATURE (F)
HIGHEST            87   07/29                         88  07/02
LOWEST             47   07/17                         50  07/18
                        07/03
AVG. MAXIMUM     78.7              78.6     0.1     77.8
AVG. MINIMUM     57.4              56.4     1.0     57.9
MEAN             68.0              67.5     0.5     67.9
DAYS MAX >= 90      0               0.6    -0.6        0
DAYS MAX <= 32      0               0.0     0.0        0
DAYS MIN <= 32      0               0.0     0.0        0
DAYS MIN <= 0       0               0.0     0.0        0

PRECIPITATION (INCHES)
TOTALS           5.00              4.25    0.75     9.23
DAILY AVG.       0.16              0.14    0.02     0.30
DAYS >= .01        12                                 16
DAYS >= .10         8                                 12
DAYS >= .50         3                                  7
DAYS >= 1.00        2                                  3
GREATEST
 24 HR. TOTAL    2.03   07/01 TO 07/01

DEGREE_DAYS
HEATING TOTAL      19                31     -12       18
 SINCE 7/1         19                31     -12       18
COOLING TOTAL     121               108      13      114
 SINCE 1/1        198               177      21      163

FREEZE DATES
EARLIEST                        10/04
LATEST                          05/07
.................................................................

WIND (MPH)
AVERAGE WIND SPEED              4.6
HIGHEST WIND SPEED/DIRECTION    26/300    DATE  07/01
HIGHEST GUST SPEED/DIRECTION    34/180    DATE  07/13

SKY COVER
AVERAGE SKY COVER           0.40

AVERAGE RH (PERCENT)     75

WEATHER CONDITIONS. NUMBER OF DAYS WITH
THUNDERSTORM              7     MIXED PRECIP               0
HEAVY RAIN                6     RAIN                       5
LIGHT RAIN               13     FREEZING RAIN              0
LT FREEZING RAIN          0     HAIL                       0
HEAVY SNOW                0     SNOW                       0
LIGHT SNOW                0     SLEET                      0
FOG                      21     FOG W/VIS <= 1/4 MILE     13
HAZE                      3

-  INDICATES NEGATIVE NUMBERS.
R  INDICATES RECORD WAS SET OR TIED.
MM INDICATES DATA IS MISSING.
T  INDICATES TRACE AMOUNT.

$$
