000
CXUS51 KALY 010638
CLMPSF


CLIMATE REPORT
NATIONAL WEATHER SERVICE ALBANY NY
234 AM EDT FRI AUG 1 2014

...................................

...THE PITTSFIELD MA CLIMATE SUMMARY FOR THE MONTH OF JULY 2014...

CLIMATE NORMAL PERIOD 1981 TO 2010
CLIMATE RECORD PERIOD 9999 TO 9999

WEATHER         OBSERVED          NORMAL  DEPART  LAST YEAR`S
                 VALUE   DATE(S)  VALUE   FROM    VALUE  DATE(S)
                                          NORMAL
................................................................
TEMPERATURE (F)
HIGHEST            88   07/02                         91  07/19
LOWEST             50   07/18                         47  07/25
AVG. MAXIMUM     77.8              78.6    -0.8     81.3
AVG. MINIMUM     57.9              56.4     1.5     62.4
MEAN             67.9              67.5     0.4     71.8
DAYS MAX >= 90      0               0.6    -0.6        2
DAYS MAX <= 32      0               0.0     0.0        0
DAYS MIN <= 32      0               0.0     0.0        0
DAYS MIN <= 0       0               0.0     0.0        0

PRECIPITATION (INCHES)
TOTALS           9.23              4.25    4.98     1.31
DAILY AVG.       0.30              0.14    0.16     0.04
DAYS >= .01        16                                 10
DAYS >= .10        12                                  5
DAYS >= .50         7                                  0
DAYS >= 1.00        3                                  0
GREATEST
 24 HR. TOTAL    2.69   07/27 TO 07/28

DEGREE_DAYS
HEATING TOTAL      18                31     -13        8
 SINCE 7/1         18                31     -13        8
COOLING TOTAL     114               108       6      225
 SINCE 1/1        163               177     -14      336

FREEZE DATES
EARLIEST                        10/04
LATEST                          05/07
.................................................................

WIND (MPH)
AVERAGE WIND SPEED              5.4
HIGHEST WIND SPEED/DIRECTION    33/290    DATE  07/09
HIGHEST GUST SPEED/DIRECTION    45/300    DATE  07/09

SKY COVER
AVERAGE SKY COVER           0.40

AVERAGE RH (PERCENT)     75

WEATHER CONDITIONS. NUMBER OF DAYS WITH
THUNDERSTORM              9     MIXED PRECIP               0
HEAVY RAIN               10     RAIN                      12
LIGHT RAIN               18     FREEZING RAIN              0
LT FREEZING RAIN          0     HAIL                       0
HEAVY SNOW                0     SNOW                       0
LIGHT SNOW                0     SLEET                      0
FOG                      24     FOG W/VIS <= 1/4 MILE      3
HAZE                      6

-  INDICATES NEGATIVE NUMBERS.
R  INDICATES RECORD WAS SET OR TIED.
MM INDICATES DATA IS MISSING.
T  INDICATES TRACE AMOUNT.

$$
