000
CXUS51 KALY 010908
CLMPSF
CLIMATE REPORT
NATIONAL WEATHER SERVICE ALBANY NY
508 AM EDT SAT JUL 01 2023
...................................
...THE PITTSFIELD MA CLIMATE SUMMARY FOR THE MONTH OF JUNE 2023...
CLIMATE NORMAL PERIOD: 1991 TO 2020
CLIMATE RECORD PERIOD: 9999 TO 9999
WEATHER OBSERVED NORMAL DEPART LAST YEAR`S
VALUE DATE(S) VALUE FROM VALUE DATE(S)
NORMAL
................................................................
TEMPERATURE (F)
HIGHEST 90 06/02 86 06/25
06/26
LOWEST 43 06/09 42 06/20
AVG. MAXIMUM 73.3 74.6 -1.3 74.1
AVG. MINIMUM 52.7 53.1 -0.4 51.6
MEAN 63.0 63.9 -0.9 62.9
DAYS MAX >= 90 1 0.5 0.5 0
DAYS MAX <= 32 0 0.0 0.0 0
DAYS MIN <= 32 0 0.0 0.0 0
DAYS MIN <= 0 0 0.0 0.0 0
PRECIPITATION (INCHES)
TOTALS 6.30 4.58 1.72 3.11
DAILY AVG. 0.21 0.10
DAYS >= .01 15 11
DAYS >= .10 11 8
DAYS >= .50 4 1
DAYS >= 1.00 3 1
GREATEST
24 HR. TOTAL 1.78 06/24 TO 06/25
DEGREE DAYS
HEATING TOTAL 106 94 12 83
SINCE 7/1 6446 7223 -777 MM
COOLING TOTAL 57 59 -2 29
SINCE 1/1 64 75 -11 MM
................................................................
WIND (MPH)
AVERAGE WIND SPEED 5.0
HIGHEST WIND SPEED/DIRECTION 23/130 DATE 06/12
HIGHEST GUST SPEED/DIRECTION 31/030 DATE 06/06
SKY COVER
AVERAGE SKY COVER 0.62
AVERAGE RH (PERCENT) 74
WEATHER CONDITIONS. NUMBER OF DAYS WITH
THUNDERSTORM 8 MIXED PRECIP 0
HEAVY RAIN 8 RAIN 10
LIGHT RAIN 18 FREEZING RAIN 0
LT FREEZING RAIN 0 HAIL 0
HEAVY SNOW 0 SNOW 0
LIGHT SNOW 0 SLEET 0
FOG 25 FOG W/VIS <= 1/4 MILE 8
HAZE 8
- INDICATES NEGATIVE NUMBERS.
R INDICATES RECORD WAS SET OR TIED.
MM INDICATES DATA IS MISSING.
T INDICATES TRACE AMOUNT.
$$