000
CXUS51 KALY 010706 CCA
CLMPSF

CLIMATE REPORT...CORRECTED
NATIONAL WEATHER SERVICE ALBANY NY
302 AM EDT SUN SEP 1 2013

...................................

...THE PITTSFIELD MA CLIMATE SUMMARY FOR THE MONTH OF AUGUST 2013...

CLIMATE NORMAL PERIOD 1981 TO 2010
CLIMATE RECORD PERIOD 9999 TO 9999

WEATHER         OBSERVED          NORMAL  DEPART  LAST YEAR`S
                 VALUE   DATE(S)  VALUE   FROM    VALUE
                                          NORMAL
.............................................................
TEMPERATURE (F)
HIGHEST            84   08/28                         89
LOWEST             45   08/25                         48
                        08/24
                        08/06
AVG. MAXIMUM     76.0              77.2    -1.2     79.6
AVG. MINIMUM     54.6              55.8    -1.2     56.9
MEAN             65.3              66.5    -1.2     68.3
DAYS MAX >= 90      0               0.3    -0.3        0
DAYS MAX <= 32      0               0.0     0.0        0
DAYS MIN <= 32      0               0.0     0.0        0
DAYS MIN <= 0       0               0.0     0.0        0

PRECIPITATION (INCHES)
TOTALS           4.83              4.09    0.74     4.55
DAILY AVG.       0.16              0.13    0.03     0.15
DAYS >= .01         9                                 11
DAYS >= .10         8                                  7
DAYS >= .50         3                                  4
DAYS >= 1.00        1                                  2
GREATEST
 24 HR. TOTAL    1.89   08/09

DEGREE_DAYS
HEATING TOTAL      48                47       1       21
 SINCE 7/1         56                78     -22       24
COOLING TOTAL      64                93     -29      130
 SINCE 1/1        400               270     130      440
..............................................................

WIND (MPH)
AVERAGE WIND SPEED              4.7
HIGHEST WIND SPEED/DIRECTION    24/290    DATE  08/10
HIGHEST GUST SPEED/DIRECTION    33/230    DATE  08/02

SKY COVER
AVERAGE SKY COVER           0.40

AVERAGE RH (PERCENT)     75

WEATHER CONDITIONS. NUMBER OF DAYS WITH
THUNDERSTORM              5     MIXED PRECIP               0
HEAVY RAIN                4     RAIN                       7
LIGHT RAIN               10     FREEZING RAIN              0
LT FREEZING RAIN          0     HAIL                       0
HEAVY SNOW                0     SNOW                       0
LIGHT SNOW                0     SLEET                      0
FOG                      25     HAZE                       5

-  INDICATES NEGATIVE NUMBERS.
R  INDICATES RECORD WAS SET OR TIED.
MM INDICATES DATA IS MISSING.
T  INDICATES TRACE AMOUNT.

$$
