000
CXUS51 KALY 010842
CLMPSF


CLIMATE REPORT
NATIONAL WEATHER SERVICE ALBANY NY
441 AM EDT WED APR 1 2015

...................................

...THE PITTSFIELD MA CLIMATE SUMMARY FOR THE MONTH OF MARCH 2015...

CLIMATE NORMAL PERIOD 1981 TO 2010
CLIMATE RECORD PERIOD 9999 TO 9999

WEATHER         OBSERVED          NORMAL  DEPART  LAST YEAR`S
                 VALUE   DATE(S)  VALUE   FROM    VALUE  DATE(S)
                                          NORMAL
................................................................
TEMPERATURE (F)
HIGHEST            48   03/10                         50  03/29
LOWEST             -6R  03/01                         -5  03/01
AVG. MAXIMUM     34.9              41.9    -7.0     34.5
AVG. MINIMUM     17.0              21.8    -4.8     15.7
MEAN             26.0              31.9    -5.9     25.1
DAYS MAX >= 90      0               0.0     0.0        0
DAYS MAX <= 32     12               5.5     6.5       14
DAYS MIN <= 32     29              27.4     1.6       30
DAYS MIN <= 0       2               0.6     1.4        3

PRECIPITATION (INCHES)
TOTALS           1.57              3.37   -1.80     3.13
DAILY AVG.       0.05              0.11   -0.06     0.10
DAYS >= .01        13                                  9
DAYS >= .10         6                                  5
DAYS >= .50         1                                  4
DAYS >= 1.00        0                                  0
GREATEST
 24 HR. TOTAL    0.55   03/26 TO 03/26

DEGREE_DAYS
HEATING TOTAL    1201              1027     174     1231
 SINCE 7/1       6864              6407     457     6783
COOLING TOTAL       0                 0       0        0
 SINCE 1/1          0                 0       0        0

FREEZE DATES
EARLIEST                        10/04
LATEST                          05/07
.................................................................

WIND (MPH)
AVERAGE WIND SPEED              8.6
HIGHEST WIND SPEED/DIRECTION    38/290    DATE  03/17
HIGHEST GUST SPEED/DIRECTION    57/290    DATE  03/17

SKY COVER
AVERAGE SKY COVER           0.50

AVERAGE RH (PERCENT)     65

WEATHER CONDITIONS. NUMBER OF DAYS WITH
THUNDERSTORM              0     MIXED PRECIP               0
HEAVY RAIN                0     RAIN                       1
LIGHT RAIN                7     FREEZING RAIN              0
LT FREEZING RAIN          0     HAIL                       0
HEAVY SNOW                0     SNOW                       1
LIGHT SNOW               12     SLEET                      0
FOG                      15     FOG W/VIS <= 1/4 MILE      5
HAZE                      8

-  INDICATES NEGATIVE NUMBERS.
R  INDICATES RECORD WAS SET OR TIED.
MM INDICATES DATA IS MISSING.
T  INDICATES TRACE AMOUNT.

$$
