000
CXUS51 KALY 010757
CLMPSF


CLIMATE REPORT
NATIONAL WEATHER SERVICE ALBANY NY
354 AM EDT THU OCT 1 2015

...................................

...THE PITTSFIELD MA CLIMATE SUMMARY FOR THE MONTH OF SEPTEMBER 2015...

CLIMATE NORMAL PERIOD 1981 TO 2010
CLIMATE RECORD PERIOD 9999 TO 9999

WEATHER         OBSERVED          NORMAL  DEPART  LAST YEAR`S
                 VALUE   DATE(S)  VALUE   FROM    VALUE  DATE(S)
                                          NORMAL
................................................................
TEMPERATURE (F)
HIGHEST            88   09/08                         85  09/06
                        09/07
LOWEST             36   09/27                         36  09/19
AVG. MAXIMUM     76.0              69.1     6.9     70.4
AVG. MINIMUM     50.4              47.9     2.5     47.6
MEAN             63.2              58.5     4.7     59.0
DAYS MAX >= 90      0               0.2    -0.2        0
DAYS MAX <= 32      0               0.0     0.0        0
DAYS MIN <= 32      0               0.7    -0.7        0
DAYS MIN <= 0       0               0.0     0.0        0

PRECIPITATION (INCHES)
TOTALS           4.57              3.96    0.61     1.41
DAILY AVG.       0.15              0.13    0.02     0.05
DAYS >= .01         9                                  6
DAYS >= .10         6                                  3
DAYS >= .50         3                                  1
DAYS >= 1.00        1                                  0
GREATEST
 24 HR. TOTAL    2.48   09/29 TO 09/30

DEGREE_DAYS
HEATING TOTAL      98               214    -116      204
 SINCE 7/1        126               292    -166      277
COOLING TOTAL      53                19      34       34
 SINCE 1/1        361               289      72      233

FREEZE DATES
EARLIEST                        10/04
LATEST                          05/07
.................................................................

WIND (MPH)
AVERAGE WIND SPEED              3.9
HIGHEST WIND SPEED/DIRECTION    26/290    DATE  09/09
HIGHEST GUST SPEED/DIRECTION    33/280    DATE  09/20

SKY COVER
AVERAGE SKY COVER           0.30

AVERAGE RH (PERCENT)     74

WEATHER CONDITIONS. NUMBER OF DAYS WITH
THUNDERSTORM              2     MIXED PRECIP               0
HEAVY RAIN                2     RAIN                       5
LIGHT RAIN                9     FREEZING RAIN              0
LT FREEZING RAIN          0     HAIL                       0
HEAVY SNOW                0     SNOW                       0
LIGHT SNOW                0     SLEET                      0
FOG                      26     FOG W/VIS <= 1/4 MILE     12
HAZE                      4

-  INDICATES NEGATIVE NUMBERS.
R  INDICATES RECORD WAS SET OR TIED.
MM INDICATES DATA IS MISSING.
T  INDICATES TRACE AMOUNT.

$$
