000
CXUS51 KALY 010627
CLMPSF


CLIMATE REPORT
NATIONAL WEATHER SERVICE ALBANY NY
125 AM EST SAT MAR 1 2014

...................................

...THE PITTSFIELD MA CLIMATE SUMMARY FOR THE MONTH OF FEBRUARY 2014...

CLIMATE NORMAL PERIOD 1981 TO 2010
CLIMATE RECORD PERIOD 9999 TO 9999

WEATHER         OBSERVED          NORMAL  DEPART  LAST YEAR`S
                 VALUE   DATE(S)  VALUE   FROM    VALUE  DATE(S)
                                          NORMAL
................................................................
TEMPERATURE (F)
HIGHEST            46   02/22                         44  02/15
LOWEST             -6R  02/12                          5  02/18
                        02/07                             02/10
AVG. MAXIMUM     27.8              32.3    -4.5     31.5
AVG. MINIMUM     10.9              15.2    -4.3     17.9
MEAN             19.3              23.8    -4.5     24.7
DAYS MAX >= 90      0               0.0     0.0        0
DAYS MAX <= 32     20              14.0     6.0       15
DAYS MIN <= 32     27              26.8     0.2       28
DAYS MIN <= 0       7               1.6     5.4        0

PRECIPITATION (INCHES)
TOTALS           3.03              2.68    0.35     1.36
DAILY AVG.       0.11              0.10    0.01     0.05
DAYS >= .01        13                                  8
DAYS >= .10         9                                  5
DAYS >= .50         1                                  0
DAYS >= 1.00        0                                  0
GREATEST
 24 HR. TOTAL    0.73   02/13 TO 02/14

DEGREE_DAYS
HEATING TOTAL    1273              1155     118     1123
 SINCE 7/1       5552              5380     172     4939
COOLING TOTAL       0                 0       0        0
 SINCE 1/1          0                 0       0        0

FREEZE DATES
EARLIEST                        10/04
LATEST                          05/07
.................................................................

WIND (MPH)
AVERAGE WIND SPEED              7.7
HIGHEST WIND SPEED/DIRECTION    32/290    DATE  02/24
HIGHEST GUST SPEED/DIRECTION    46/280    DATE  02/14

SKY COVER
AVERAGE SKY COVER           0.50

AVERAGE RH (PERCENT)     68

WEATHER CONDITIONS. NUMBER OF DAYS WITH
THUNDERSTORM              1     MIXED PRECIP               0
HEAVY RAIN                1     RAIN                       2
LIGHT RAIN                4     FREEZING RAIN              1
LT FREEZING RAIN          1     HAIL                       0
HEAVY SNOW                5     SNOW                       9
LIGHT SNOW               17     SLEET                      0
FOG                      16     FOG W/VIS <= 1/4 MILE      8
HAZE                     19

-  INDICATES NEGATIVE NUMBERS.
R  INDICATES RECORD WAS SET OR TIED.
MM INDICATES DATA IS MISSING.
T  INDICATES TRACE AMOUNT.

$$
