000
CXUS51 KALY 010820
CLMPSF


CLIMATE REPORT
NATIONAL WEATHER SERVICE ALBANY NY
315 AM EST SUN NOV 1 2015

...................................

...THE PITTSFIELD MA CLIMATE SUMMARY FOR THE MONTH OF OCTOBER 2015...

CLIMATE NORMAL PERIOD 1981 TO 2010
CLIMATE RECORD PERIOD 9999 TO 9999

WEATHER         OBSERVED          NORMAL  DEPART  LAST YEAR`S
                 VALUE   DATE(S)  VALUE   FROM    VALUE  DATE(S)
                                          NORMAL
................................................................
TEMPERATURE (F)
HIGHEST            73   10/12                         74  10/15
LOWEST             18R  10/19                         28  10/31
AVG. MAXIMUM     56.9              57.8    -0.9     58.6
AVG. MINIMUM     36.1              37.2    -1.1     42.0
MEAN             46.5              47.5    -1.0     50.3
DAYS MAX >= 90      0               0.0     0.0        0
DAYS MAX <= 32      0               0.0     0.0        0
DAYS MIN <= 32      9               8.6     0.4        7
DAYS MIN <= 0       0               0.0     0.0        0

PRECIPITATION (INCHES)
TOTALS           2.27              4.71   -2.44     5.23
DAILY AVG.       0.07              0.15   -0.08     0.17
DAYS >= .01         9                                 18
DAYS >= .10         6                                 10
DAYS >= .50         2                                  3
DAYS >= 1.00        0                                  1
GREATEST
 24 HR. TOTAL    2.15   09/30 TO 10/01

DEGREE_DAYS
HEATING TOTAL     566               544      22      455
 SINCE 7/1        692               836    -144      732
COOLING TOTAL       0                 1      -1        5
 SINCE 1/1        361               290      71      238

FREEZE DATES
EARLIEST                        10/04
LATEST                          05/07
.................................................................

WIND (MPH)
AVERAGE WIND SPEED              6.5
HIGHEST WIND SPEED/DIRECTION    35/250    DATE  10/29
HIGHEST GUST SPEED/DIRECTION    45/260    DATE  10/29

SKY COVER
AVERAGE SKY COVER           0.40

AVERAGE RH (PERCENT)     72

WEATHER CONDITIONS. NUMBER OF DAYS WITH
THUNDERSTORM              0     MIXED PRECIP               0
HEAVY RAIN                3     RAIN                       5
LIGHT RAIN               12     FREEZING RAIN              0
LT FREEZING RAIN          0     HAIL                       0
HEAVY SNOW                0     SNOW                       0
LIGHT SNOW                1     SLEET                      0
FOG                      16     FOG W/VIS <= 1/4 MILE      3
HAZE                      2

-  INDICATES NEGATIVE NUMBERS.
R  INDICATES RECORD WAS SET OR TIED.
MM INDICATES DATA IS MISSING.
T  INDICATES TRACE AMOUNT.

$$
