858
CXUS51 KALY 010633
CLMPSF


CLIMATE REPORT
NATIONAL WEATHER SERVICE ALBANY NY
230 AM EDT FRI JUL 1 2016

...................................

...THE PITTSFIELD MA CLIMATE SUMMARY FOR THE MONTH OF JUNE 2016...

CLIMATE NORMAL PERIOD 1981 TO 2010
CLIMATE RECORD PERIOD 9999 TO 9999

WEATHER         OBSERVED          NORMAL  DEPART  LAST YEAR`S
                 VALUE   DATE(S)  VALUE   FROM    VALUE  DATE(S)
                                          NORMAL
................................................................
TEMPERATURE (F)
HIGHEST            86   06/20                         83  06/12
LOWEST             42   06/11                         37  06/07
AVG. MAXIMUM     75.5              74.2     1.3     71.8
AVG. MINIMUM     51.6              52.8    -1.2     52.4
MEAN             63.6              63.5     0.1     62.1
DAYS MAX >= 90      0               0.2    -0.2        0
DAYS MAX <= 32      0               0.0     0.0        0
DAYS MIN <= 32      0               0.1    -0.1        0
DAYS MIN <= 0       0               0.0     0.0        0

PRECIPITATION (INCHES)
TOTALS           2.50              4.40   -1.90     8.13
DAILY AVG.       0.08              0.15   -0.07     0.27
DAYS >= .01         8                                 17
DAYS >= .10         4                                 13
DAYS >= .50         1                                  6
DAYS >= 1.00        1                                  3
GREATEST
 24 HR. TOTAL    1.18   06/05 TO 06/05

DEGREE_DAYS
HEATING TOTAL      76               101     -25      111
 SINCE 7/1       6205              7461   -1256     7775
COOLING TOTAL      39                56     -17       33
 SINCE 1/1         80                69      11       77

FREEZE DATES
EARLIEST      02/01             10/04
LATEST        05/10             05/07
.................................................................

WIND (MPH)
AVERAGE WIND SPEED              6.3
HIGHEST WIND SPEED/DIRECTION    31/290    DATE  06/12
HIGHEST GUST SPEED/DIRECTION    44/270    DATE  06/12

SKY COVER
AVERAGE SKY COVER           0.40

AVERAGE RH (PERCENT)     67

WEATHER CONDITIONS. NUMBER OF DAYS WITH
THUNDERSTORM              4     MIXED PRECIP               0
HEAVY RAIN                4     RAIN                       3
LIGHT RAIN               10     FREEZING RAIN              0
LT FREEZING RAIN          0     HAIL                       0
HEAVY SNOW                0     SNOW                       0
LIGHT SNOW                0     SLEET                      0
FOG                      11     FOG W/VIS <= 1/4 MILE      3
HAZE                      0

-  INDICATES NEGATIVE NUMBERS.
R  INDICATES RECORD WAS SET OR TIED.
MM INDICATES DATA IS MISSING.
T  INDICATES TRACE AMOUNT.

$$
