000
CXUS51 KALY 010822
CLMPSF


CLIMATE REPORT
NATIONAL WEATHER SERVICE ALBANY NY
418 AM EDT THU AUG 1 2013

...................................

...THE PITTSFIELD MA CLIMATE SUMMARY FOR THE MONTH OF JULY 2013...

CLIMATE NORMAL PERIOD 1981 TO 2010
CLIMATE RECORD PERIOD 9999 TO 9999

WEATHER         OBSERVED          NORMAL  DEPART  LAST YEAR`S
                 VALUE   DATE(S)  VALUE   FROM    VALUE
                                          NORMAL
.............................................................
TEMPERATURE (F)
HIGHEST            91   07/19                         91
LOWEST             47   07/25                         48
AVG. MAXIMUM     81.3              78.6     2.7     82.4
AVG. MINIMUM     62.4              56.4     6.0     60.0
MEAN             71.8              67.5     4.3     71.2
DAYS MAX >= 90      2               0.6     1.4        1
DAYS MAX <= 32      0               0.0     0.0        0
DAYS MIN <= 32      0               0.0     0.0        0
DAYS MIN <= 0       0               0.0     0.0        0

PRECIPITATION (INCHES)
TOTALS           1.31R             4.25   -2.94     1.93
DAILY AVG.       0.04              0.14   -0.10     0.06
DAYS >= .01        10                                 10
DAYS >= .10         5                                  7
DAYS >= .50         0                                  1
DAYS >= 1.00        0                                  0
GREATEST
 24 HR. TOTAL    0.67   07/22 TO 07/23              0.98

DEGREE_DAYS
HEATING TOTAL       8                31     -23        3
 SINCE 7/1          8                31     -23        3
COOLING TOTAL     225               108     117      202
 SINCE 1/1        336               177     159      310
..............................................................

WIND (MPH)
AVERAGE WIND SPEED              4.7
HIGHEST WIND SPEED/DIRECTION    23/290    DATE  07/20
HIGHEST GUST SPEED/DIRECTION    31/290    DATE  07/20

SKY COVER
AVERAGE SKY COVER           0.40

AVERAGE RH (PERCENT)     76

WEATHER CONDITIONS. NUMBER OF DAYS WITH
THUNDERSTORM              3     MIXED PRECIP               0
HEAVY RAIN                3     RAIN                       5
LIGHT RAIN               11     FREEZING RAIN              0
LT FREEZING RAIN          0     HAIL                       0
HEAVY SNOW                0     SNOW                       0
LIGHT SNOW                0     SLEET                      0
FOG                      26     HAZE                       7

-  INDICATES NEGATIVE NUMBERS.
R  INDICATES RECORD WAS SET OR TIED.
MM INDICATES DATA IS MISSING.
T  INDICATES TRACE AMOUNT.

$$
