000
CXUS51 KALY 010806
CLMPSF


CLIMATE REPORT
NATIONAL WEATHER SERVICE ALBANY NY
402 AM EDT SUN OCT 1 2017

...................................

...THE PITTSFIELD MA CLIMATE SUMMARY FOR THE MONTH OF SEPTEMBER 2017...

CLIMATE NORMAL PERIOD 1981 TO 2010
CLIMATE RECORD PERIOD 9999 TO 9999

WEATHER         OBSERVED          NORMAL  DEPART  LAST YEAR`S
                 VALUE   DATE(S)  VALUE   FROM    VALUE  DATE(S)
                                          NORMAL
................................................................
TEMPERATURE (F)
HIGHEST            88   09/25                         85  09/08
LOWEST             36   09/02                         32  09/26
AVG. MAXIMUM     73.1              69.1     4.0     73.7
AVG. MINIMUM     52.2              47.9     4.3     50.4
MEAN             62.6              58.5     4.1     62.1
DAYS MAX >= 90      0               0.2    -0.2        0
DAYS MAX <= 32      0               0.0     0.0        0
DAYS MIN <= 32      0               0.7    -0.7        1
DAYS MIN <= 0       0               0.0     0.0        0

PRECIPITATION (INCHES)
TOTALS           2.78              3.96   -1.18     1.87
DAILY AVG.       0.09              0.13   -0.04     0.06
DAYS >= .01         9                                 10
DAYS >= .10         6                                  4
DAYS >= .50         2                                  1
DAYS >= 1.00        1                                  0
GREATEST
 24 HR. TOTAL    1.04   09/03 TO 09/03

DEGREE_DAYS
HEATING TOTAL     136               214     -78      128
 SINCE 7/1        222               292     -70      152
COOLING TOTAL      73                19      54       50
 SINCE 1/1        343               289      54      431

FREEZE DATES
EARLIEST                        10/04
LATEST                          05/07
.................................................................

WIND (MPH)
AVERAGE WIND SPEED              4.3
HIGHEST WIND SPEED/DIRECTION    23/290    DATE  09/07
HIGHEST GUST SPEED/DIRECTION    32/280    DATE  09/07

SKY COVER
AVERAGE SKY COVER           0.50

AVERAGE RH (PERCENT)     74

WEATHER CONDITIONS. NUMBER OF DAYS WITH
THUNDERSTORM              2     MIXED PRECIP               0
HEAVY RAIN                4     RAIN                       4
LIGHT RAIN               12     FREEZING RAIN              0
LT FREEZING RAIN          0     HAIL                       0
HEAVY SNOW                0     SNOW                       0
LIGHT SNOW                0     SLEET                      0
FOG                      21     FOG W/VIS <= 1/4 MILE     14
HAZE                      1

-  INDICATES NEGATIVE NUMBERS.
R  INDICATES RECORD WAS SET OR TIED.
MM INDICATES DATA IS MISSING.
T  INDICATES TRACE AMOUNT.

$$
