000
CXUS51 KALY 010632
CLMPSF


CLIMATE REPORT
NATIONAL WEATHER SERVICE ALBANY NY
227 AM EDT SUN JUN 1 2014

...................................

...THE PITTSFIELD MA CLIMATE SUMMARY FOR THE MONTH OF MAY 2014...

CLIMATE NORMAL PERIOD 1981 TO 2010
CLIMATE RECORD PERIOD 9999 TO 9999

WEATHER         OBSERVED          NORMAL  DEPART  LAST YEAR`S
                 VALUE   DATE(S)  VALUE   FROM    VALUE  DATE(S)
                                          NORMAL
................................................................
TEMPERATURE (F)
HIGHEST            83   05/27                         88  05/31
LOWEST             32   05/07                         29  05/15
AVG. MAXIMUM     67.1              66.4     0.7     68.2
AVG. MINIMUM     45.9              43.3     2.6     43.9
MEAN             56.5              54.9     1.6     56.0
DAYS MAX >= 90      0               0.1    -0.1        0
DAYS MAX <= 32      0               0.0     0.0        0
DAYS MIN <= 32      1               1.9    -0.9        2
DAYS MIN <= 0       0               0.0     0.0        0

PRECIPITATION (INCHES)
TOTALS           1.05              4.21   -3.16     6.70
DAILY AVG.       0.04              0.14   -0.10     0.22
DAYS >= .01         7                                 14
DAYS >= .10         4                                 10
DAYS >= .50         0                                  7
DAYS >= 1.00        0                                  2
GREATEST
 24 HR. TOTAL    1.11   04/30 TO 05/01

DEGREE_DAYS
HEATING TOTAL     261               325     -64      293
 SINCE 7/1       7677              7360     317     6929
COOLING TOTAL       5                11      -6       25
 SINCE 1/1          6                13      -7       25

FREEZE DATES
EARLIEST                        10/04
LATEST                          05/07
.................................................................

WIND (MPH)
AVERAGE WIND SPEED              6.6
HIGHEST WIND SPEED/DIRECTION    31/300    DATE  05/04
HIGHEST GUST SPEED/DIRECTION    39/310    DATE  05/04

SKY COVER
AVERAGE SKY COVER           0.60

AVERAGE RH (PERCENT)     68

WEATHER CONDITIONS. NUMBER OF DAYS WITH
THUNDERSTORM              6     MIXED PRECIP               0
HEAVY RAIN                1     RAIN                       4
LIGHT RAIN               10     FREEZING RAIN              0
LT FREEZING RAIN          0     HAIL                       0
HEAVY SNOW                0     SNOW                       0
LIGHT SNOW                0     SLEET                      0
FOG                      18     FOG W/VIS <= 1/4 MILE      2
HAZE                     11

-  INDICATES NEGATIVE NUMBERS.
R  INDICATES RECORD WAS SET OR TIED.
MM INDICATES DATA IS MISSING.
T  INDICATES TRACE AMOUNT.

$$
