000
CXUS51 KALY 290829
CLMPSF


CLIMATE REPORT...CORRECTED
NATIONAL WEATHER SERVICE ALBANY NY
425 AM EDT THU MAY 29 2014

...................................

...THE PITTSFIELD MA CLIMATE SUMMARY FOR THE MONTH OF APRIL 2014...

CLIMATE NORMAL PERIOD 1981 TO 2010
CLIMATE RECORD PERIOD 9999 TO 9999

WEATHER         OBSERVED          NORMAL  DEPART  LAST YEAR`S
                 VALUE   DATE(S)  VALUE   FROM    VALUE  DATE(S)
                                          NORMAL
................................................................
TEMPERATURE (F)
HIGHEST            74   04/13                         71  04/24
LOWEST             22   04/17                         23  04/03
                        04/16                             04/02
AVG. MAXIMUM     55.6              54.6     1.0     54.3
AVG. MINIMUM     31.8              33.7    -1.9     32.6
MEAN             43.7              44.2    -0.5     43.5
DAYS MAX >= 90      0               0.0     0.0        0
DAYS MAX <= 32      0               0.7    -0.7        0
DAYS MIN <= 32     18              13.0     5.0       16
DAYS MIN <= 0       0               0.0     0.0        0

PRECIPITATION (INCHES)
TOTALS           3.44              3.86   -0.42     2.47
DAILY AVG.       0.11              0.13   -0.02     0.08
DAYS >= .01        13                                 13
DAYS >= .10         7                                  8
DAYS >= .50         3                                  2
DAYS >= 1.00        1                                  0
GREATEST
 24 HR. TOTAL    1.20   04/15 TO 04/15

DEGREE_DAYS
HEATING TOTAL     633               628       5      642
 SINCE 7/1       7416              7035     381     6636
COOLING TOTAL       1                 2      -1        0
 SINCE 1/1          1                 2      -1        0

FREEZE DATES
EARLIEST                        10/04
LATEST                          05/07
.................................................................

WIND (MPH)
AVERAGE WIND SPEED              8.1
HIGHEST WIND SPEED/DIRECTION    31/280    DATE  04/09
HIGHEST GUST SPEED/DIRECTION    46/290    DATE  04/23

SKY COVER
AVERAGE SKY COVER           0.40

AVERAGE RH (PERCENT)     63

WEATHER CONDITIONS. NUMBER OF DAYS WITH
THUNDERSTORM              0     MIXED PRECIP               0
HEAVY RAIN                1     RAIN                       4
LIGHT RAIN               14     FREEZING RAIN              0
LT FREEZING RAIN          0     HAIL                       0
HEAVY SNOW                1     SNOW                       1
LIGHT SNOW                2     SLEET                      0
FOG                      15     FOG W/VIS <= 1/4 MILE      4
HAZE                      3

-  INDICATES NEGATIVE NUMBERS.
R  INDICATES RECORD WAS SET OR TIED.
MM INDICATES DATA IS MISSING.
T  INDICATES TRACE AMOUNT.

$$
