000
CXUS51 KALY 010828
CLMPSF


CLIMATE REPORT
NATIONAL WEATHER SERVICE ALBANY NY
422 AM EDT THU JUN 1 2017

...................................

...THE PITTSFIELD MA CLIMATE SUMMARY FOR THE MONTH OF MAY 2017...

CLIMATE NORMAL PERIOD 1981 TO 2010
CLIMATE RECORD PERIOD 9999 TO 9999

WEATHER         OBSERVED          NORMAL  DEPART  LAST YEAR`S
                 VALUE   DATE(S)  VALUE   FROM    VALUE  DATE(S)
                                          NORMAL
................................................................
TEMPERATURE (F)
HIGHEST            89   05/18                         89  05/28
LOWEST             32R  05/04                         32  05/10
AVG. MAXIMUM     62.7              66.4    -3.7     67.0
AVG. MINIMUM     43.9              43.3     0.6     45.0
MEAN             53.3              54.9    -1.6     56.0
DAYS MAX >= 90      0               0.1    -0.1        0
DAYS MAX <= 32      0               0.0     0.0        0
DAYS MIN <= 32      1               1.9    -0.9        1
DAYS MIN <= 0       0               0.0     0.0        0

PRECIPITATION (INCHES)
TOTALS           6.80R             4.21    2.59     3.98
DAILY AVG.       0.22              0.14    0.08     0.13
DAYS >= .01        17                                 12
DAYS >= .10        14                                  9
DAYS >= .50         4                                  1
DAYS >= 1.00        2                                  1
GREATEST
 24 HR. TOTAL    1.18   05/13 TO 05/13

DEGREE_DAYS
HEATING TOTAL     365               325      40      313
 SINCE 7/1       6674              7360    -686     6129
COOLING TOTAL      12                11       1       41
 SINCE 1/1         14                13       1       41

FREEZE DATES
EARLIEST                        10/04
LATEST                          05/07
.................................................................

WIND (MPH)
AVERAGE WIND SPEED              6.9
HIGHEST WIND SPEED/DIRECTION    31/270    DATE  05/02
HIGHEST GUST SPEED/DIRECTION    42/140    DATE  05/06

SKY COVER
AVERAGE SKY COVER           0.60

AVERAGE RH (PERCENT)     69

WEATHER CONDITIONS. NUMBER OF DAYS WITH
THUNDERSTORM              4     MIXED PRECIP               0
HEAVY RAIN                5     RAIN                      12
LIGHT RAIN               16     FREEZING RAIN              0
LT FREEZING RAIN          0     HAIL                       0
HEAVY SNOW                0     SNOW                       0
LIGHT SNOW                0     SLEET                      0
FOG                      16     FOG W/VIS <= 1/4 MILE      2
HAZE                      0

-  INDICATES NEGATIVE NUMBERS.
R  INDICATES RECORD WAS SET OR TIED.
MM INDICATES DATA IS MISSING.
T  INDICATES TRACE AMOUNT.

$$
