862
CXUS51 KALY 010854
CLMPSF


CLIMATE REPORT
NATIONAL WEATHER SERVICE ALBANY NY
449 AM EDT TUE AUG 1 2017

...................................

...THE PITTSFIELD MA CLIMATE SUMMARY FOR THE MONTH OF JULY 2017...

CLIMATE NORMAL PERIOD 1981 TO 2010
CLIMATE RECORD PERIOD 9999 TO 9999

WEATHER         OBSERVED          NORMAL  DEPART  LAST YEAR`S
                 VALUE   DATE(S)  VALUE   FROM    VALUE  DATE(S)
                                          NORMAL
................................................................
TEMPERATURE (F)
HIGHEST            85   07/20                         90  07/22
LOWEST             47R  07/30                         48  07/20
AVG. MAXIMUM     77.5              78.6    -1.1     81.0
AVG. MINIMUM     57.6              56.4     1.2     58.0
MEAN             67.5              67.5     0.0     69.5
DAYS MAX >= 90      0               0.6    -0.6        1
DAYS MAX <= 32      0               0.0     0.0        0
DAYS MIN <= 32      0               0.0     0.0        0
DAYS MIN <= 0       0               0.0     0.0        0

PRECIPITATION (INCHES)
TOTALS           3.42              4.25   -0.83     4.15
DAILY AVG.       0.11              0.14   -0.03     0.13
DAYS >= .01        13                                 15
DAYS >= .10        10                                  9
DAYS >= .50         2                                  1
DAYS >= 1.00        1                                  1
GREATEST
 24 HR. TOTAL    1.02   07/08 TO 07/08

DEGREE_DAYS
HEATING TOTAL      23                31      -8       11
 SINCE 7/1         23                31      -8       11
COOLING TOTAL     110               108       2      155
 SINCE 1/1        202               177      25      235

FREEZE DATES
EARLIEST                        10/04
LATEST                          05/07
.................................................................

WIND (MPH)
AVERAGE WIND SPEED              4.6
HIGHEST WIND SPEED/DIRECTION    23/270    DATE  07/12
HIGHEST GUST SPEED/DIRECTION    30/280    DATE  07/12

SKY COVER
AVERAGE SKY COVER           0.40

AVERAGE RH (PERCENT)     75

WEATHER CONDITIONS. NUMBER OF DAYS WITH
THUNDERSTORM              5     MIXED PRECIP               0
HEAVY RAIN                4     RAIN                       5
LIGHT RAIN               15     FREEZING RAIN              0
LT FREEZING RAIN          0     HAIL                       0
HEAVY SNOW                0     SNOW                       0
LIGHT SNOW                0     SLEET                      0
FOG                      26     FOG W/VIS <= 1/4 MILE      9
HAZE                      1

-  INDICATES NEGATIVE NUMBERS.
R  INDICATES RECORD WAS SET OR TIED.
MM INDICATES DATA IS MISSING.
T  INDICATES TRACE AMOUNT.

$$
