000
CXUS51 KALY 010639
CLMPSF


CLIMATE REPORT
NATIONAL WEATHER SERVICE ALBANY NY
135 AM EST TUE MAR 1 2016

...................................

...THE PITTSFIELD MA CLIMATE SUMMARY FOR THE MONTH OF FEBRUARY 2016...

CLIMATE NORMAL PERIOD 1981 TO 2010
CLIMATE RECORD PERIOD 9999 TO 9999

WEATHER         OBSERVED          NORMAL  DEPART  LAST YEAR`S
                 VALUE   DATE(S)  VALUE   FROM    VALUE  DATE(S)
                                          NORMAL
................................................................
TEMPERATURE (F)
HIGHEST            60   02/25                         35  02/22
LOWEST            -19   02/14                        -14  02/21
AVG. MAXIMUM     37.3              32.3     5.0     22.0
AVG. MINIMUM     16.7              15.2     1.5      0.3
MEAN             26.9              23.8     3.1     11.2
DAYS MAX >= 90      0               0.0     0.0        0
DAYS MAX <= 32     11              14.0    -3.0       25
DAYS MIN <= 32     27              26.8     0.2       28
DAYS MIN <= 0       4               1.6     2.4       16

PRECIPITATION (INCHES)
TOTALS           4.28              2.68    1.60     1.73
DAILY AVG.       0.15                MM      MM     0.07
DAYS >= .01        11                                 12
DAYS >= .10         9                                  5
DAYS >= .50         4                                  1
DAYS >= 1.00        2                                  0
GREATEST
 24 HR. TOTAL    1.54   02/24 TO 02/25

DEGREE_DAYS
HEATING TOTAL    1020              1155    -135     1499
 SINCE 7/1       4367              5418   -1051     5663
COOLING TOTAL       0                 0       0        0
 SINCE 1/1          0                 0       0        0

FREEZE DATES
EARLIEST      02/01             10/04
LATEST                          05/07
.................................................................

WIND (MPH)
AVERAGE WIND SPEED              9.0
HIGHEST WIND SPEED/DIRECTION    33/MM     DATE   MM
HIGHEST GUST SPEED/DIRECTION    51/MM     DATE   MM

SKY COVER
AVERAGE SKY COVER           0.60

AVERAGE RH (PERCENT)     65

WEATHER CONDITIONS. NUMBER OF DAYS WITH
THUNDERSTORM              2     MIXED PRECIP               0
HEAVY RAIN                4     RAIN                       7
LIGHT RAIN                6     FREEZING RAIN              1
LT FREEZING RAIN          3     HAIL                       0
HEAVY SNOW                0     SNOW                       2
LIGHT SNOW               15     SLEET                      0
FOG                      15     FOG W/VIS <= 1/4 MILE      1
HAZE                      6

-  INDICATES NEGATIVE NUMBERS.
R  INDICATES RECORD WAS SET OR TIED.
MM INDICATES DATA IS MISSING.
T  INDICATES TRACE AMOUNT.

$$
