000
CXUS51 KALY 030702 CCA
CLSPSF

CLIMATE REPORT
NATIONAL WEATHER SERVICE ALBANY NY
135 AM EST SAT DEC 3 2016

...................................

...THE PITTSFIELD MA CLIMATE SUMMARY FOR THE SEASON, FROM
9/1/2016 TO 11/30/2016...

CLIMATE NORMAL PERIOD 1981 TO 2010
CLIMATE RECORD PERIOD 9999 TO 9999

WEATHER         OBSERVED          NORMAL  DEPART  LAST YEAR`S
                 VALUE   DATE(S)  VALUE   FROM    VALUE  DATE(S)
                                          NORMAL
................................................................
TEMPERATURE (F)
HIGHEST            85   09/08                         88  09/08
                                                          09/07
LOWEST             21   11/23                         16  11/24
AVG. MAXIMUM     60.4              57.9     2.5     61.6
AVG. MINIMUM     39.8              38.0     1.8     39.5
MEAN             50.1              48.0     2.1     50.6
DAYS MAX >= 90      0               0.2    -0.2        0
DAYS MAX <= 32      3               2.2     0.8        0
DAYS MIN <= 32     28              29.5    -1.5       24
DAYS MIN <= 0       0               0.0     0.0        0

PRECIPITATION (INCHES)
TOTALS           8.57             12.60   -4.03     9.71
DAILY AVG.       0.09              0.14   -0.05     0.11
DAYS >= .01        32                                 28
DAYS >= .10        15                                 17
DAYS >= .50         7                                  7
DAYS >= 1.00        2                                  3
GREATEST
 24 HR. TOTAL    1.78   10/22 TO 10/23

DEGREE_DAYS
HEATING TOTAL    1383              1573    -190
 SINCE 7/1       1407              1651    -244
COOLING TOTAL      51                20      31
 SINCE 1/1        432               290     142

FREEZE DATES
EARLIEST                        10/04
LATEST                          05/07
.................................................................

WIND (MPH)
AVERAGE WIND SPEED              5.9
HIGHEST WIND SPEED/DIRECTION    37/290    DATE   11/11
HIGHEST GUST SPEED/DIRECTION    52/280    DATE   11/11


WEATHER CONDITIONS. NUMBER OF DAYS WITH
THUNDERSTORM              3     MIXED PRECIP               0
HEAVY RAIN                4     RAIN                      12
LIGHT RAIN               36     FREEZING RAIN              0
LT FREEZING RAIN          0     HAIL                       0
HEAVY SNOW                0     SNOW                       2
LIGHT SNOW                7     SLEET                      0
FOG                      59     FOG W/VIS <= 1/4 MILE     24
HAZE                      4

-  INDICATES NEGATIVE NUMBERS.
R  INDICATES RECORD WAS SET OR TIED.
MM INDICATES DATA IS MISSING.
T  INDICATES TRACE AMOUNT.

$$
