000
CXUS51 KALY 011700
CLSPSF

CLIMATE REPORT
NATIONAL WEATHER SERVICE ALBANY NY
1137 AM EST FRI MAR 1 2013

...................................

...THE PITTSFIELD MA CLIMATE SUMMARY FOR THE SEASON, FROM
12/1/2012 TO 2/28/2013...

CLIMATE NORMAL PERIOD 1981 TO 2010
CLIMATE RECORD PERIOD 9999 TO 9999

WEATHER         OBSERVED          NORMAL  DEPART
                 VALUE   DATE(S)  VALUE   FROM
                                          NORMAL
................................................
TEMPERATURE (F)
HIGHEST            58   01/31
LOWEST             -7   01/24
AVG. MAXIMUM     33.9              31.7     2.2
AVG. MINIMUM     19.3              15.4     3.9
MEAN             26.6              23.6     3.0
DAYS MAX >= 90      0               0.0     0.0
DAYS MAX <= 32     38              47.8    -9.8
DAYS MIN <= 32     81              85.4    -4.4
DAYS MIN <= 0       3               8.7    -5.7

PRECIPITATION (INCHES)
TOTALS           7.47              8.60   -1.13
DAILY AVG.       0.08              0.10   -0.02
DAYS >= .01        38
DAYS >= .10        24
DAYS >= .50         3
DAYS >= 1.00        1

DEGREE_DAYS
HEATING TOTAL    3432              3729    -297
 SINCE 7/1       4939              5380    -441
COOLING TOTAL       0                 0       0
 SINCE 1/1          0                 0       0
.................................................

WIND (MPH)
AVERAGE WIND SPEED              7.6
HIGHEST WIND SPEED/DIRECTION    39/290    DATE  12/22
HIGHEST GUST SPEED/DIRECTION    52/280    DATE  12/30


WEATHER CONDITIONS. NUMBER OF DAYS WITH
THUNDERSTORM              0     MIXED PRECIP               0
HEAVY RAIN                2     RAIN                       3
LIGHT RAIN               21     FREEZING RAIN              2
LT FREEZING RAIN          9     HAIL                       0
HEAVY SNOW                2     SNOW                      11
LIGHT SNOW               43     SLEET                      0
FOG                      59     FOG W/VIS <= 1/4 MILE     19
HAZE                     26

-  INDICATES NEGATIVE NUMBERS.
R  INDICATES RECORD WAS SET OR TIED.
MM INDICATES DATA IS MISSING.
T  INDICATES TRACE AMOUNT.

$$
