000
CXUS51 KALY 011634
CLSPSF

CLIMATE REPORT
NATIONAL WEATHER SERVICE ALBANY NY
1133 AM EST THU MAR 1 2012

...................................

...THE PITTSFIELD MA CLIMATE SUMMARY FOR THE SEASON, FROM
12/1/2011 TO 2/29/2012...

CLIMATE NORMAL PERIOD 1981 TO 2010
CLIMATE RECORD PERIOD 9999 TO 9999

WEATHER         OBSERVED          NORMAL  DEPART
                 VALUE   DATE(S)  VALUE   FROM
                                          NORMAL
................................................
TEMPERATURE (F)
HIGHEST            58   12/06
LOWEST             -8   01/16
AVG. MAXIMUM     38.1              31.7     6.4
AVG. MINIMUM     21.0              15.4     5.6
MEAN             29.6              23.6     6.0
DAYS MAX >= 90      0               0.0     0.0
DAYS MAX <= 32     19              47.8   -28.8
DAYS MIN <= 32     83              85.4    -2.4
DAYS MIN <= 0       4               8.7    -4.7

PRECIPITATION (INCHES)
TOTALS           8.97              8.60    0.37
DAILY AVG.       0.10              0.10    0.00
DAYS >= .01        34
DAYS >= .10        17
DAYS >= .50         4
DAYS >= 1.00        1

DEGREE_DAYS
HEATING TOTAL    3200              3729    -529
 SINCE 7/1       4488              5418    -930
COOLING TOTAL       0                 0       0
 SINCE 1/1          0                 0       0
.................................................

WIND (MPH)
AVERAGE WIND SPEED              7.5
HIGHEST WIND SPEED/DIRECTION    37/290    DATE  02/25
HIGHEST GUST SPEED/DIRECTION    54/290    DATE  01/27


WEATHER CONDITIONS. NUMBER OF DAYS WITH
THUNDERSTORM              0     MIXED PRECIP               0
HEAVY RAIN                1     RAIN                       6
LIGHT RAIN               23     FREEZING RAIN              3
LT FREEZING RAIN          5     HAIL                       0
HEAVY SNOW                3     SNOW                       5
LIGHT SNOW               34     SLEET                      0
FOG                      47     FOG W/VIS <= 1/4 MILE      5
HAZE                     16

-  INDICATES NEGATIVE NUMBERS.
R  INDICATES RECORD WAS SET OR TIED.
MM INDICATES DATA IS MISSING.
T  INDICATES TRACE AMOUNT.

$$
