000
CXUS51 KALY 011356
CLSPSF

ALBCLMPSF 000
TTAA00 KALY 011354


CLIMATE REPORT
NATIONAL WEATHER SERVICE ALBANY NY
950 AM EDT THU JUN 1 2017

...................................

...THE PITTSFIELD MA CLIMATE SUMMARY FOR THE SEASON, FROM
3/1/2017 TO 5/31/2017...

CLIMATE NORMAL PERIOD 1981 TO 2010
CLIMATE RECORD PERIOD 9999 TO 9999

WEATHER         OBSERVED          NORMAL  DEPART  LAST YEAR`S
                 VALUE   DATE(S)  VALUE   FROM    VALUE  DATE(S)
                                          NORMAL
................................................................
TEMPERATURE (F)
HIGHEST            89   05/18                         89  05/28
LOWEST              1   03/05                         10  04/05
AVG. MAXIMUM     53.1              54.3    -1.2     57.1
AVG. MINIMUM     33.9              32.9     1.0     35.0
MEAN             43.5              43.6    -0.1     46.0
DAYS MAX >= 90      0               0.1    -0.1        0
DAYS MAX <= 32     11               6.2     4.8        4
DAYS MIN <= 32     38              42.3    -4.3       37
DAYS MIN <= 0       0               0.6    -0.6        0

PRECIPITATION (INCHES)
TOTALS          13.20R            11.44    1.76     8.73
DAILY AVG.       0.14              0.12    0.02     0.09
DAYS >= .01        44                                 32
DAYS >= .10        32                                 23
DAYS >= .50         7                                  3
DAYS >= 1.00        3                                  1
GREATEST
 24 HR. TOTAL    1.22   MM

DEGREE_DAYS
HEATING TOTAL    1972              1981      -9
 SINCE 7/1       6674              7360    -686
COOLING TOTAL      14                13       1
 SINCE 1/1         14                13       1

FREEZE DATES
EARLIEST                        10/04
LATEST                          05/07
.................................................................

WIND (MPH)
AVERAGE WIND SPEED              8.1
HIGHEST WIND SPEED/DIRECTION    37/290    DATE  03/02
HIGHEST GUST SPEED/DIRECTION    50/280    DATE  03/11


WEATHER CONDITIONS. NUMBER OF DAYS WITH
THUNDERSTORM              6     MIXED PRECIP               0
HEAVY RAIN                5     RAIN                      20
LIGHT RAIN               44     FREEZING RAIN              0
LT FREEZING RAIN          3     HAIL                       0
HEAVY SNOW                2     SNOW                       3
LIGHT SNOW               16     SLEET                      0
FOG                      45     FOG W/VIS <= 1/4 MILE      6
HAZE                     12

-  INDICATES NEGATIVE NUMBERS.
R  INDICATES RECORD WAS SET OR TIED.
MM INDICATES DATA IS MISSING.
T  INDICATES TRACE AMOUNT.

$$
