000
CXUS51 KALY 011227 RRA
CLSPSF

ALBCLMPSF 000
TTAA00 KALY 011221


CLIMATE REPORT
NATIONAL WEATHER SERVICE ALBANY NY
816 AM EDT WED JUN 1 2016

...................................

...THE PITTSFIELD MA CLIMATE SUMMARY FOR THE SEASON, FROM
3/1/2016 TO 5/31/2016...

CLIMATE NORMAL PERIOD 1981 TO 2010
CLIMATE RECORD PERIOD 9999 TO 9999

WEATHER         OBSERVED          NORMAL  DEPART  LAST YEAR`S
                 VALUE   DATE(S)  VALUE   FROM    VALUE  DATE(S)
                                          NORMAL
................................................................
TEMPERATURE (F)
HIGHEST            89   05/28                         MM  MM
LOWEST             10   04/05                         MM  MM
AVG. MAXIMUM     57.1              54.3     2.8       MM
AVG. MINIMUM     35.0              32.9     2.1       MM
MEAN             46.0              43.6     2.4       MM
DAYS MAX >= 90      0               0.1    -0.1       MM
DAYS MAX <= 32      4               6.2    -2.2       MM
DAYS MIN <= 32     37              42.3    -5.3       MM
DAYS MIN <= 0       0               0.6    -0.6       MM

PRECIPITATION (INCHES)
TOTALS           8.73             11.44   -2.71       MM
DAILY AVG.       0.09              0.12   -0.03       MM
DAYS >= .01        32                                 MM
DAYS >= .10        23                                 MM
DAYS >= .50         3                                 MM
DAYS >= 1.00        1                                 MM
GREATEST
 24 HR. TOTAL    1.97   05/30 TO 05/30

DEGREE_DAYS
HEATING TOTAL    1762              1981    -219
 SINCE 7/1       5352              7360   -2008
COOLING TOTAL      41                13      28
 SINCE 1/1         41                13      28

FREEZE DATES
EARLIEST                        10/04
LATEST                          05/07
.................................................................

WIND (MPH)
AVERAGE WIND SPEED              7.1
HIGHEST WIND SPEED/DIRECTION    39/290    DATE  04/03
HIGHEST GUST SPEED/DIRECTION    53/260    DATE  04/02


WEATHER CONDITIONS. NUMBER OF DAYS WITH
THUNDERSTORM              5     MIXED PRECIP               0
HEAVY RAIN                7     RAIN                      14
LIGHT RAIN               35     FREEZING RAIN              0
LT FREEZING RAIN          0     HAIL                       0
HEAVY SNOW                0     SNOW                       3
LIGHT SNOW                8     SLEET                      0
FOG                      40     FOG W/VIS <= 1/4 MILE     11
HAZE                      6

-  INDICATES NEGATIVE NUMBERS.
R  INDICATES RECORD WAS SET OR TIED.
MM INDICATES DATA IS MISSING.
T  INDICATES TRACE AMOUNT.

$$
