000
CXUS51 KALY 010721
CLSPSF

CLIMATE REPORT
NATIONAL WEATHER SERVICE ALBANY NY
320 AM EDT SUN SEP 1 2013

...................................

...THE PITTSFIELD MA CLIMATE SUMMARY FOR THE SEASON, FROM
6/1/2013 TO 8/31/2013...

CLIMATE NORMAL PERIOD 1981 TO 2010
CLIMATE RECORD PERIOD 9999 TO 9999

WEATHER         OBSERVED          NORMAL  DEPART
                 VALUE   DATE(S)  VALUE   FROM
                                          NORMAL
................................................
TEMPERATURE (F)
HIGHEST            91   07/19
LOWEST             42   06/20
AVG. MAXIMUM     77.1              76.7     0.4
AVG. MINIMUM     57.0              55.0     2.0
MEAN             67.1              65.8     1.3
DAYS MAX >= 90      2               1.1     0.9
DAYS MAX <= 32      0               0.0     0.0
DAYS MIN <= 32      0               0.1    -0.1
DAYS MIN <= 0       0               0.0     0.0

PRECIPITATION (INCHES)
TOTALS          13.51             12.74    0.77
DAILY AVG.       0.15              0.14    0.01
DAYS >= .01        34
DAYS >= .10        26
DAYS >= .50         8
DAYS >= 1.00        3

DEGREE_DAYS
HEATING TOTAL     164               179     -15
 SINCE 7/1         56                78     -22
COOLING TOTAL     375               258     117
 SINCE 1/1        400               270     130
.................................................

WIND (MPH)
AVERAGE WIND SPEED              5.0
HIGHEST WIND SPEED/DIRECTION    24/290    DATE  08/10
HIGHEST GUST SPEED/DIRECTION    35/100    DATE  06/16


WEATHER CONDITIONS. NUMBER OF DAYS WITH
THUNDERSTORM             16     MIXED PRECIP               0
HEAVY RAIN               13     RAIN                      26
LIGHT RAIN               37     FREEZING RAIN              0
LT FREEZING RAIN          0     HAIL                       0
HEAVY SNOW                0     SNOW                       0
LIGHT SNOW                0     SLEET                      0
FOG                      75     FOG W/VIS <= 1/4 MILE     29
HAZE                     18

-  INDICATES NEGATIVE NUMBERS.
R  INDICATES RECORD WAS SET OR TIED.
MM INDICATES DATA IS MISSING.
T  INDICATES TRACE AMOUNT.

$$
