000
CXUS51 KALY 012243
CLSPSF

CLIMATE REPORT
NATIONAL WEATHER SERVICE ALBANY NY
633 PM EDT THU SEP 1 2016

...................................

...THE PITTSFIELD MA CLIMATE SUMMARY FOR THE SEASON, FROM
6/1/2016 TO 8/31/2016...

CLIMATE NORMAL PERIOD 1981 TO 2010
CLIMATE RECORD PERIOD 9999 TO 9999

WEATHER         OBSERVED          NORMAL  DEPART  LAST YEAR`S
                 VALUE   DATE(S)  VALUE   FROM    VALUE  DATE(S)
                                          NORMAL
................................................................
TEMPERATURE (F)
HIGHEST            90   08/13                         88  08/18
                        07/22
LOWEST             42   06/11                         37  06/07
AVG. MAXIMUM     78.9              76.7     2.2     76.6
AVG. MINIMUM     55.8              55.0     0.8     55.5
MEAN             67.3              65.8     1.5     66.1
DAYS MAX >= 90      2               1.1     0.9        0
DAYS MAX <= 32      0               0.0     0.0        0
DAYS MIN <= 32      0               0.1    -0.1        0
DAYS MIN <= 0       0               0.0     0.0        0

PRECIPITATION (INCHES)
TOTALS           9.27             12.74   -3.47    16.10
DAILY AVG.       0.10              0.14   -0.04     0.18
DAYS >= .01        33                                 35
DAYS >= .10        20                                 27
DAYS >= .50         4                                 11
DAYS >= 1.00        2                                  6
GREATEST
 24 HR. TOTAL    1.63   07/31 TO 07/31

DEGREE_DAYS
HEATING TOTAL     100               179     -79
 SINCE 7/1         24                78     -54
COOLING TOTAL     340               258      82
 SINCE 1/1        381               270     111

FREEZE DATES
EARLIEST                        10/04
LATEST                          05/07
.................................................................

WIND (MPH)
AVERAGE WIND SPEED              5.5
HIGHEST WIND SPEED/DIRECTION    31/290    DATE  06/12
HIGHEST GUST SPEED/DIRECTION    44/270    DATE  06/12


WEATHER CONDITIONS. NUMBER OF DAYS WITH
THUNDERSTORM             17     MIXED PRECIP               0
HEAVY RAIN               14     RAIN                      17
LIGHT RAIN               39     FREEZING RAIN              0
LT FREEZING RAIN          0     HAIL                       0
HEAVY SNOW                0     SNOW                       0
LIGHT SNOW                0     SLEET                      0
FOG                      57     FOG W/VIS <= 1/4 MILE     16
HAZE                      2

-  INDICATES NEGATIVE NUMBERS.
R  INDICATES RECORD WAS SET OR TIED.
MM INDICATES DATA IS MISSING.
T  INDICATES TRACE AMOUNT.

$$
