000
CXUS51 KALY 010729
CLSPSF

CLIMATE REPORT...SEASONAL
NATIONAL WEATHER SERVICE ALBANY NY
214 AM EST TUE MAR 1 2016

...................................

...THE PITTSFIELD MA CLIMATE SUMMARY FOR THE SEASON, FROM
12/1/2015 TO 2/29/2016...

CLIMATE NORMAL PERIOD 1981 TO 2010
CLIMATE RECORD PERIOD 9999 TO 9999

WEATHER         OBSERVED          NORMAL  DEPART  LAST YEAR`S
                 VALUE   DATE(S)  VALUE   FROM    VALUE  DATE(S)
                                          NORMAL
................................................................
TEMPERATURE (F)
HIGHEST            60   02/25                         59  12/25
LOWEST            -19   02/14                        -14  02/21
AVG. MAXIMUM     35.3              31.7     3.6     27.9
AVG. MINIMUM     16.6              15.4     1.2     11.2
MEAN             25.9              23.6     2.3     19.5
DAYS MAX >= 90      0               0.0     0.0        0
DAYS MAX <= 32     23              47.8   -24.8       59
DAYS MIN <= 32     55              85.4   -30.4       86
DAYS MIN <= 0       4               8.7    -4.7       25

PRECIPITATION (INCHES)
TOTALS           5.37              8.60   -3.23     8.84
DAILY AVG.       0.09              0.10   -0.01     0.10
DAYS >= .01        15                                 38
DAYS >= .10        11                                 22
DAYS >= .50         5                                  5
DAYS >= 1.00        2                                  2
GREATEST
 24 HR. TOTAL    1.54   02/24 TO 02/25

DEGREE_DAYS
HEATING TOTAL    2994              3729    -435
 SINCE 7/1       4367              5380   -1013
COOLING TOTAL       0                 0       0
 SINCE 1/1          0                 0       0

FREEZE DATES
EARLIEST                        10/04
LATEST                          05/07
.................................................................

WIND (MPH)
AVERAGE WIND SPEED              8.6
HIGHEST WIND SPEED/DIRECTION    39/300    DATE  01/19
HIGHEST GUST SPEED/DIRECTION    53/290    DATE  01/19


WEATHER CONDITIONS. NUMBER OF DAYS WITH
THUNDERSTORM              3     MIXED PRECIP               0
HEAVY RAIN                4     RAIN                       9
LIGHT RAIN                8     FREEZING RAIN              1
LT FREEZING RAIN          3     HAIL                       0
HEAVY SNOW                2     SNOW                       4
LIGHT SNOW               30     SLEET                      0
FOG                      24     FOG W/VIS <= 1/4 MILE      3
HAZE                     14

-  INDICATES NEGATIVE NUMBERS.
R  INDICATES RECORD WAS SET OR TIED.
MM INDICATES DATA IS MISSING.
T  INDICATES TRACE AMOUNT.

$$
