000
CXUS51 KALY 030943
CLSPSF

CLIMATE REPORT
NATIONAL WEATHER SERVICE ALBANY NY
543 AM EDT MON JUN 3 2013

...................................

...THE PITTSFIELD MA CLIMATE SUMMARY FOR THE SEASON, FROM
3/1/2013 TO 5/31/2013...

CLIMATE NORMAL PERIOD 1981 TO 2010
CLIMATE RECORD PERIOD 9999 TO 9999

WEATHER         OBSERVED          NORMAL  DEPART
                 VALUE   DATE(S)  VALUE   FROM
                                          NORMAL
................................................
TEMPERATURE (F)
HIGHEST            88   05/31
LOWEST             10   03/18
AVG. MAXIMUM     53.6              54.3    -0.7
AVG. MINIMUM     33.2              32.9     0.3
MEAN             43.4              43.6    -0.2
DAYS MAX >= 90      0               0.1    -0.1
DAYS MAX <= 32      9               6.2     2.8
DAYS MIN <= 32     48              42.3     5.7
DAYS MIN <= 0       0               0.6    -0.6

PRECIPITATION (INCHES)
TOTALS          10.96             11.44   -0.48
DAILY AVG.       0.12              0.12    0.00
DAYS >= .01        35
DAYS >= .10        24
DAYS >= .50        10
DAYS >= 1.00        2

DEGREE_DAYS
HEATING TOTAL    1990              1981       9
 SINCE 7/1       6929              7360    -431
COOLING TOTAL      25                13      12
 SINCE 1/1         25                13      12
.................................................

WIND (MPH)
AVERAGE WIND SPEED              7.3
HIGHEST WIND SPEED/DIRECTION    33/280    DATE  03/14
HIGHEST GUST SPEED/DIRECTION    47/280    DATE  03/14


WEATHER CONDITIONS. NUMBER OF DAYS WITH
THUNDERSTORM              5     MIXED PRECIP               0
HEAVY RAIN                8     RAIN                      17
LIGHT RAIN               30     FREEZING RAIN              0
LT FREEZING RAIN          0     HAIL                       0
HEAVY SNOW                1     SNOW                       5
LIGHT SNOW               17     SLEET                      0
FOG                      51     FOG W/VIS <= 1/4 MILE     11
HAZE                     19

-  INDICATES NEGATIVE NUMBERS.
R  INDICATES RECORD WAS SET OR TIED.
MM INDICATES DATA IS MISSING.
T  INDICATES TRACE AMOUNT.

$$
