000
CXUS51 KALY 011212
CLSPSF

ALBCLMPSF 000
TTAA00 KALY 011208


CLIMATE REPORT
NATIONAL WEATHER SERVICE ALBANY NY
806 AM EDT MON SEP 1 2014

...................................

...THE PITTSFIELD MA CLIMATE SUMMARY FOR THE SEASON, FROM
6/1/2014 TO 8/31/2014...

CLIMATE NORMAL PERIOD 1981 TO 2010
CLIMATE RECORD PERIOD 9999 TO 9999

WEATHER         OBSERVED          NORMAL  DEPART  LAST YEAR`S
                 VALUE   DATE(S)  VALUE   FROM    VALUE  DATE(S)
                                          NORMAL
................................................................
TEMPERATURE (F)
HIGHEST            88   07/02                         91  07/19
LOWEST             42R  06/01                         42  06/20
AVG. MAXIMUM     75.8              76.7    -0.9     77.1
AVG. MINIMUM     55.0              55.0     0.0     57.0
MEAN             65.4              65.8    -0.4     67.1
DAYS MAX >= 90      0               1.1    -1.1        2
DAYS MAX <= 32      0               0.0     0.0        0
DAYS MIN <= 32      0               0.1    -0.1        0
DAYS MIN <= 0       0               0.0     0.0        0

PRECIPITATION (INCHES)
TOTALS          16.92             12.74    4.18    13.51
DAILY AVG.       0.19              0.14    0.05     0.15
DAYS >= .01        35                                 34
DAYS >= .10        19                                 26
DAYS >= .50        11                                  8
DAYS >= 1.00        5                                  3
GREATEST
 24 HR. TOTAL    4.00   MM

DEGREE_DAYS
HEATING TOTAL     131               179     -48
 SINCE 7/1         73                78      -5
COOLING TOTAL     193               258     -65
 SINCE 1/1        199               270     -71

FREEZE DATES
EARLIEST                        10/04
LATEST                          05/07
.................................................................

WIND (MPH)
AVERAGE WIND SPEED              4.9
HIGHEST WIND SPEED/DIRECTION    33/290    DATE  07/09
HIGHEST GUST SPEED/DIRECTION    45/300    DATE  07/09


WEATHER CONDITIONS. NUMBER OF DAYS WITH
THUNDERSTORM              0     MIXED PRECIP               0
HEAVY RAIN               14     RAIN                      20
LIGHT RAIN               42     FREEZING RAIN              0
LT FREEZING RAIN          0     HAIL                       0
HEAVY SNOW                0     SNOW                       0
LIGHT SNOW                0     SLEET                      0
FOG                      69     FOG W/VIS <= 1/4 MILE     19
HAZE                     12

-  INDICATES NEGATIVE NUMBERS.
R  INDICATES RECORD WAS SET OR TIED.
MM INDICATES DATA IS MISSING.
T  INDICATES TRACE AMOUNT.

$$
