000
CXUS51 KALY 041030 CCA
CLSPSF

CLIMATE REPORT...CORRECTED
NATIONAL WEATHER SERVICE ALBANY NY
530 AM EST SUN MAR 1 2015

...................................

...THE PITTSFIELD MA CLIMATE SUMMARY FOR THE SEASON, FROM
12/1/2014 TO 2/28/2015...

CLIMATE NORMAL PERIOD 1981 TO 2010
CLIMATE RECORD PERIOD 9999 TO 9999

WEATHER         OBSERVED          NORMAL  DEPART  LAST YEAR`S
                 VALUE   DATE(S)  VALUE   FROM    VALUE  DATE(S)
                                          NORMAL
................................................................
TEMPERATURE (F)
HIGHEST            59   12/25                         63  12/22
LOWEST            -14   02/21                         -9  01/22
                                                          01/04
AVG. MAXIMUM     27.9              31.7    -3.8     29.9
AVG. MINIMUM     11.2              15.4    -4.2     13.4
MEAN             19.5              23.6    -4.1     21.6
DAYS MAX >= 90      0               0.0     0.0        0
DAYS MAX <= 32     59              47.8    11.2       54
DAYS MIN <= 32     86              85.4     0.6       86
DAYS MIN <= 0      25               8.7    16.3       16

PRECIPITATION (INCHES)
TOTALS           8.84              8.60    0.24     9.17
DAILY AVG.       0.10              0.10    0.00     0.10
DAYS >= .01        38                                 38
DAYS >= .10        22                                 22
DAYS >= .50         5                                  4
DAYS >= 1.00        2                                  3
GREATEST
 24 HR. TOTAL    1.30   1/17 TO 1/18

DEGREE_DAYS
HEATING TOTAL    4041              3729     312
 SINCE 7/1       5663              5380     283
COOLING TOTAL       0                 0       0
 SINCE 1/1          0                 0       0

FREEZE DATES
EARLIEST                        10/04
LATEST                          05/07
.................................................................

WIND (MPH)
AVERAGE WIND SPEED              7.9
HIGHEST WIND SPEED/DIRECTION    37/290    DATE  01/16
HIGHEST GUST SPEED/DIRECTION    48/280    DATE  01/16


WEATHER CONDITIONS. NUMBER OF DAYS WITH
THUNDERSTORM              0     MIXED PRECIP               0
HEAVY RAIN                4     RAIN                      10
LIGHT RAIN               13     FREEZING RAIN              4
LT FREEZING RAIN          9     HAIL                       0
HEAVY SNOW                6     SNOW                      15
LIGHT SNOW               52     SLEET                      0
FOG                      55     FOG W/VIS <= 1/4 MILE     14
HAZE                     36

-  INDICATES NEGATIVE NUMBERS.
R  INDICATES RECORD WAS SET OR TIED.
MM INDICATES DATA IS MISSING.
T  INDICATES TRACE AMOUNT.

$$
