000
CXUS51 KALY 031354 CCA
CLSPSF

CLIMATE REPORT...CORRECTED
NATIONAL WEATHER SERVICE ALBANY NY
816 AM EST TUE DEC 3 2013

...................................

...THE PITTSFIELD MA CLIMATE SUMMARY FOR THE SEASON, FROM
9/1/2013 TO 11/30/2013...

CLIMATE NORMAL PERIOD 1981 TO 2010
CLIMATE RECORD PERIOD 9999 TO 9999

WEATHER         OBSERVED          NORMAL  DEPART  LAST YEAR`S
                 VALUE   DATE(S)  VALUE   FROM    VALUE  DATE(S)
                                          NORMAL
................................................................
TEMPERATURE (F)
HIGHEST            90   09/11                         82  09/07
                                                          09/01
LOWEST              7   11/30                         18  11/06
AVG. MAXIMUM     57.7              57.9    -0.2     57.5
AVG. MINIMUM     36.8              38.0    -1.2     39.8
MEAN             47.2              48.0    -0.8     48.7
DAYS MAX >= 90      1               0.2     0.8        0
DAYS MAX <= 32      6               2.2     3.8        1
DAYS MIN <= 32     29              29.5    -0.5       24
DAYS MIN <= 0       0               0.0     0.0        0

PRECIPITATION (INCHES)
TOTALS           8.71             12.60   -3.89    11.38
DAILY AVG.       0.10              0.14   -0.04     0.12
DAYS >= .01        28                                 30
DAYS >= .10        17                                 17
DAYS >= .50         6                                 10
DAYS >= 1.00        2                                  3
GREATEST
 24 HR. TOTAL    1.66   11/26 TO 11/27

DEGREE_DAYS
HEATING TOTAL    1624              1573      51
 SINCE 7/1       1680              1651      29
COOLING TOTAL      33                20      13
 SINCE 1/1        433               290     143

FREEZE DATES
EARLIEST                        10/04
LATEST                          05/07
.................................................................

WIND (MPH)
AVERAGE WIND SPEED              5.7
HIGHEST WIND SPEED/DIRECTION    35/290    DATE  11/19
HIGHEST GUST SPEED/DIRECTION    48/300    DATE  11/19


WEATHER CONDITIONS. NUMBER OF DAYS WITH
THUNDERSTORM              6     MIXED PRECIP               0
HEAVY RAIN               11     RAIN                      14
LIGHT RAIN               37     FREEZING RAIN              0
LT FREEZING RAIN          1     HAIL                       0
HEAVY SNOW                0     SNOW                       1
LIGHT SNOW                9     SLEET                      0
FOG                      56     FOG W/VIS <= 1/4 MILE     18
HAZE                     11

-  INDICATES NEGATIVE NUMBERS.
R  INDICATES RECORD WAS SET OR TIED.
MM INDICATES DATA IS MISSING.
T  INDICATES TRACE AMOUNT.

$$
