000
CXUS51 KALY 061011 CCA
CLSPSF

CLIMATE REPORT...CORRECTED
NATIONAL WEATHER SERVICE ALBANY NY
611 AM EDT THU SEP 6 2012

...................................

...THE PITTSFIELD MA CLIMATE SUMMARY FOR THE SEASON, FROM
3/1/2012 TO 5/31/2012...

CLIMATE NORMAL PERIOD 1981 TO 2010
CLIMATE RECORD PERIOD 9999 TO 9999

WEATHER         OBSERVED          NORMAL  DEPART
                 VALUE   DATE(S)  VALUE   FROM
                                          NORMAL
................................................
TEMPERATURE (F)
HIGHEST            89   05/29
LOWEST             11   03/06
AVG. MAXIMUM     60.1              54.3     5.8
AVG. MINIMUM     38.7              32.9     5.8
MEAN             49.4              43.6     5.8
DAYS MAX >= 90      0               0.1    -0.1
DAYS MAX <= 32      3               6.2    -3.2
DAYS MIN <= 32     30              42.3   -12.3
DAYS MIN <= 0       0               0.6    -0.6

PRECIPITATION (INCHES)
TOTALS           8.10             11.44   -3.34
DAILY AVG.       0.09              0.12   -0.03
DAYS >= .01        41
DAYS >= .10        22
DAYS >= .50         6
DAYS >= 1.00        1

DEGREE_DAYS
HEATING TOTAL    1455              1981    -526
 SINCE 7/1       5943              7360   -1417
COOLING TOTAL      44                13      31
 SINCE 1/1         44                13      31
.................................................

WIND (MPH)
AVERAGE WIND SPEED              6.4
HIGHEST WIND SPEED/DIRECTION    31/310    DATE  03/26
HIGHEST GUST SPEED/DIRECTION    41/270    DATE  04/29


WEATHER CONDITIONS. NUMBER OF DAYS WITH
THUNDERSTORM              5     MIXED PRECIP               0
HEAVY RAIN                6     RAIN                      15
LIGHT RAIN               46     FREEZING RAIN              1
LT FREEZING RAIN          1     HAIL                       0
HEAVY SNOW                0     SNOW                       0
LIGHT SNOW               10     SLEET                      0
FOG                      58     FOG W/VIS <= 1/4 MILE     12
HAZE                     15

-  INDICATES NEGATIVE NUMBERS.
R  INDICATES RECORD WAS SET OR TIED.
MM INDICATES DATA IS MISSING.
T  INDICATES TRACE AMOUNT.

$$
