000
CXUS54 KFWD 010730
CF6PSN
PRELIMINARY LOCAL CLIMATOLOGICAL DATA (WS FORM: F-6)
STATION: PALESTINE
MONTH: OCTOBER
YEAR: 2022
LATITUDE: 31 46 N
LONGITUDE: 95 42 W
TEMPERATURE IN F: :PCPN: SNOW: WIND :SUNSHINE: SKY :PK WND
================================================================================
1 2 3 4 5 6A 6B 7 8 9 10 11 12 13 14 15 16 17 18
12Z AVG MX 2MIN
DY MAX MIN AVG DEP HDD CDD WTR SNW DPTH SPD SPD DIR MIN PSBL S-S WX SPD DR
================================================================================
1 84 46 65 -6 0 0 0.00 M M 0.0 M M M M 0 M M
2 86 50 68 -3 0 3 0.00 M M 5.4 13 60 M M 0 22 50
3 90 50 70 0 0 5 0.00 M M 4.9 12 60 M M 0 17 60
4 88 52 70 0 0 5 0.00 M M 4.0 8 140 M M 0 13 10
5 90 52 71 1 0 6 0.00 M M 0.0 M M M M 0 M M
6 91 57 74 4 0 9 0.00 M M M M M M M 1 M M
7 86 59 73 4 0 8 0.00 M M M M M M M 1 M M
8 86 59 73 4 0 8 0.00 M M M M M M M 1 M M
9 86 57 72 4 0 7 0.00 M M 4.2 9 10 M M 3 14 0
10 88 57 73 5 0 8 0.00 M M 3.8 8 140 M M 2 15 170
11 86 63 75 7 0 10 0.00 M M 7.3 14 140 M M 2 21 140
12 91 68 80 12 0 15 0.00 M M 6.4 13 200 M M 5 1 18 200
13 88 55 72 5 0 7 0.00 M M 7.6 14 70 M M 2 23 70
14 88 46 67 0 0 2 0.00 M M 3.7 9 210 M M 1 8 14 210
15 93 64 79 12 0 14 0.00 M M 7.9 13 180 M M 2 17 M
16 81 66 74 8 0 9 0.02 M M 6.1 12 20 M M 7 138 17 20
17 73 50 62 -4 3 0 0.00 M M 8.7 17 350 M M 2 1 24 360
18 64 41 53 -13 12 0 0.00 M M 8.9 16 360 M M 0 24 350
19 66 30 48 -18 17 0 0.00 M M 3.4 9 350 M M 1 8 14 330
20 84 46 65 0 0 0 0.00 M M 7.3 15 240 M M 2 8 23 250
21 86 54 70 5 0 5 0.00 M M 8.4 15 190 M M 0 20 210
22 86 63 75 11 0 10 0.00 M M 11.9 22 200 M M 2 30 200
23 86 66 76 12 0 11 0.00 M M 10.9 17 170 M M 6 26 170
24 79 61 70 6 0 5 0.01 M M 11.7 36 290 M M 10 1 59 290
25 68 45 57 -7 8 0 0.00 M M 10.7 22 310 M M 3 37 310
26 73 39 56 -7 9 0 0.00 M M 1.9 7 99 M M 0 14 40
27 75 52 64 1 1 0 0.00 M M 7.4 12 80 M M 1 8 16 120
28 63 55 59 -3 6 0 0.01 M M 8.5 18 80 M M 10 138 25 80
29 63 57 60 -2 5 0 0.00 M M 5.5 8 260 M M 9 1 M M
30 75 50 63 1 2 0 0.00 M M 4.1 13 310 M M 4 12 21 310
31 79 50 65 3 0 0 0.00 M M 1.4 7 320 M M 1 1 13 99
================================================================================
SM 2522 1660 63 147 0.04 M 172.1 M 78
================================================================================
AV 81.4 53.5 6.1 FASTST M M 3 MAX(MPH)
MISC ----> 36 290 59 290
================================================================================
NOTES:
# LAST OF SEVERAL OCCURRENCES
COLUMN 17 PEAK WIND IN M.P.H.
PRELIMINARY LOCAL CLIMATOLOGICAL DATA (WS FORM: F-6) , PAGE 2
STATION: PALESTINE
MONTH: OCTOBER
YEAR: 2022
LATITUDE: 31 46 N
LONGITUDE: 95 42 W
[TEMPERATURE DATA] [PRECIPITATION DATA] SYMBOLS USED IN COLUMN 16
AVERAGE MONTHLY: 67.5 TOTAL FOR MONTH: 0.04 1 = FOG OR MIST
DPTR FM NORMAL: 1.2 DPTR FM NORMAL: -5.03 2 = FOG REDUCING VISIBILITY
HIGHEST: 93 ON 15 GRTST 24HR 0.02 ON 16-16 TO 1/4 MILE OR LESS
LOWEST: 30 ON 19 3 = THUNDER
SNOW, ICE PELLETS, HAIL 4 = ICE PELLETS
TOTAL MONTH: M 5 = HAIL
GRTST 24HR M ON M 6 = FREEZING RAIN OR DRIZZLE
GRTST DEPTH: M ON M 7 = DUSTSTORM OR SANDSTORM:
VSBY 1/2 MILE OR LESS
8 = SMOKE OR HAZE
[NO. OF DAYS WITH] [WEATHER - DAYS WITH] 9 = BLOWING SNOW
X = TORNADO
MAX 32 OR BELOW: 0 0.01 INCH OR MORE: 3
MAX 90 OR ABOVE: 5 0.10 INCH OR MORE: 0
MIN 32 OR BELOW: 1 0.50 INCH OR MORE: 0
MIN 0 OR BELOW: 0 1.00 INCH OR MORE: 0
[HDD (BASE 65) ]
TOTAL THIS MO. 63 CLEAR (SCALE 0-3) 24
DPTR FM NORMAL -18 PTCLDY (SCALE 4-7) 4
TOTAL FM JUL 1 63 CLOUDY (SCALE 8-10) 3
DPTR FM NORMAL -23
[CDD (BASE 65) ]
TOTAL THIS MO. 147
DPTR FM NORMAL 24 [PRESSURE DATA]
TOTAL FM JAN 1 3056 HIGHEST SLP M ON M
DPTR FM NORMAL 764 LOWEST SLP M ON M
[REMARKS]
#FINAL-10-22#