000
CXUS56 KSGX 011045
CF6PSP
PRELIMINARY LOCAL CLIMATOLOGICAL DATA (WS FORM: F-6)
STATION: PALM SPRINGS INTL AIRPORT CA
MONTH: APRIL
YEAR: 2023
LATITUDE: 33 49 N
LONGITUDE: 116 30 W
TEMPERATURE IN F: :PCPN: SNOW: WIND :SUNSHINE: SKY :PK WND
================================================================================
1 2 3 4 5 6A 6B 7 8 9 10 11 12 13 14 15 16 17 18
12Z AVG MX 2MIN
DY MAX MIN AVG DEP HDD CDD WTR SNW DPTH SPD SPD DIR MIN PSBL S-S WX SPD DR
================================================================================
1 83 50 67 -3 0 2 0.00 M M 7.2 18 320 M M 0 23 320
2 85 54 70 0 0 5 0.00 M M 7.4 25 340 M M 0 32 330
3 74 54 64 -6 1 0 0.00 M M 14.3 45 330 M M 0 61 310
4 69 48 59 -12 6 0 0.00 M M 7.0 37 330 M M 0 49 330
5 72 48 60 -11 5 0 0.00 M M 4.3 12 120 M M 0 15 150
6 80 52 66 -5 0 1 0.00 M M 5.1 12 350 M M 0 14 290
7 85 54 70 -1 0 5 0.00 M M 5.4 18 320 M M 0 24 350
8 87 56 72 1 0 7 0.00 M M 6.1 21 330 M M 0 25 320
9 95 61 78 6 0 13 0.00 M M 4.5 12 150 M M 0 14 140
10 100 66 83 11 0 18 0.00 M M 6.9 21 320 M M 0 26 310
11 98 65 82 10 0 17 0.00 M M 7.7 23 320 M M 0 33 310
12 91 62 77 5 0 12 0.00 M M 8.1 25 330 M M 0 30 320
13 77 59 68 -4 0 3 0.00 M M 16.0 32 320 M M 0 42 310
14 79 56 68 -4 0 3 0.00 M M 11.5 21 320 M M 0 29 300
15 89 56 73 0 0 8 0.00 M M 6.4 16 120 M M 0 21 120
16 92 62 77 4 0 12 0.00 M M 8.0 21 330 M M 0 24 330
17 88 60 74 1 0 9 0.00 M M 8.4 24 320 M M 0 32 330
18 82 61 72 -1 0 7 0.00 M M 16.6 33 320 M M 0 45 320
19 82 56 69 -5 0 4 0.00 M M 9.6 23 320 M M 0 35 320
20 88 56 72 -2 0 7 0.00 M M 5.1 13 340 M M 0 16 310
21 96 60 78 4 0 13 0.00 M M 5.2 10 330 M M 0 13 60
22 99 68 84 10 0 19 0.00 M M 6.8 17 320 M M 0 20 320
23 98 70 84 10 0 19 0.00 M M 7.4 24 320 M M 0 30 310
24 97 67 82 7 0 17 0.00 M M 8.9 24 320 M M 0 28 320
25 98 66 82 7 0 17 0.00 M M 8.7 21 300 M M 0 25 320
26 97 63 80 5 0 15 0.00 M M 5.5 15 310 M M 0 20 320
27 103 72 88 13 0 23 0.00 M M 8.4 23 320 M M 0 28 310
28 105 68 87 11 0 22 0.00 M M 4.8 18 320 M M 0 22 320
29 106 73 90 14 0 25 0.00 M M 7.2 17 330 M M 0 21 330
30 104 70 87 11 0 22 0.00 M M 8.1 25 320 M M 0 33 320
================================================================================
SM 2699 1813 12 325 0.00 M 236.6 M 0
================================================================================
AV 90.0 60.4 7.9 FASTST M M 0 MAX(MPH)
MISC ----> 45 330 61 310
================================================================================
NOTES:
# LAST OF SEVERAL OCCURRENCES
COLUMN 17 PEAK WIND IN M.P.H.
PRELIMINARY LOCAL CLIMATOLOGICAL DATA (WS FORM: F-6) , PAGE 2
STATION: PALM SPRINGS INTL AIRPORT CA
MONTH: APRIL
YEAR: 2023
LATITUDE: 33 49 N
LONGITUDE: 116 30 W
[TEMPERATURE DATA] [PRECIPITATION DATA] SYMBOLS USED IN COLUMN 16
AVERAGE MONTHLY: 75.2 TOTAL FOR MONTH: 0.00 1 = FOG OR MIST
DPTR FM NORMAL: 2.3 DPTR FM NORMAL: -0.09 2 = FOG REDUCING VISIBILITY
HIGHEST: 106 ON 29 GRTST 24HR 0.00 ON 1- 1 TO 1/4 MILE OR LESS
LOWEST: 48 ON 5, 4 3 = THUNDER
SNOW, ICE PELLETS, HAIL 4 = ICE PELLETS
TOTAL MONTH: M 5 = HAIL
GRTST 24HR M ON M 6 = FREEZING RAIN OR DRIZZLE
GRTST DEPTH: M ON M 7 = DUSTSTORM OR SANDSTORM:
VSBY 1/2 MILE OR LESS
8 = SMOKE OR HAZE
[NO. OF DAYS WITH] [WEATHER - DAYS WITH] 9 = BLOWING SNOW
X = TORNADO
MAX 32 OR BELOW: 0 0.01 INCH OR MORE: 0
MAX 90 OR ABOVE: 15 0.10 INCH OR MORE: 0
MIN 32 OR BELOW: 0 0.50 INCH OR MORE: 0
MIN 0 OR BELOW: 0 1.00 INCH OR MORE: 0
[HDD (BASE 65) ]
TOTAL THIS MO. 12 CLEAR (SCALE 0-3) 30
DPTR FM NORMAL -2 PTCLDY (SCALE 4-7) 0
TOTAL FM JUL 1 913 CLOUDY (SCALE 8-10) 0
DPTR FM NORMAL 215
[CDD (BASE 65) ]
TOTAL THIS MO. 325
DPTR FM NORMAL 74 [PRESSURE DATA]
TOTAL FM JAN 1 347 HIGHEST SLP 30.17 ON 5
DPTR FM NORMAL -87 LOWEST SLP 29.59 ON 13
[REMARKS]
#FINAL-04-23#