000
CXUS56 KSGX 011145
CF6PSP
PRELIMINARY LOCAL CLIMATOLOGICAL DATA (WS FORM: F-6)
STATION: PALM SPRINGS INTL AIRPORT CA
MONTH: JANUARY
YEAR: 2021
LATITUDE: 33 49 N
LONGITUDE: 116 30 W
TEMPERATURE IN F: :PCPN: SNOW: WIND :SUNSHINE: SKY :PK WND
================================================================================
1 2 3 4 5 6A 6B 7 8 9 10 11 12 13 14 15 16 17 18
12Z AVG MX 2MIN
DY MAX MIN AVG DEP HDD CDD WTR SNW DPTH SPD SPD DIR MIN PSBL S-S WX SPD DR
================================================================================
1 72 51 62 6 3 0 0.00 M M 5.9 22 30 M M 0 27 30
2 68 46 57 1 8 0 0.00 M M 3.9 9 100 M M 0 12 120
3 70 45 58 2 7 0 0.00 M M 3.5 7 330 M M 0 10 110
4 72 47 60 4 5 0 0.00 M M 4.0 9 130 M M 0 12 100
5 76 46 61 5 4 0 0.00 M M 2.3 9 330 M M 0 11 350
6 74 50 62 5 3 0 0.00 M M 3.6 10 320 M M 0 12 330
7 75 47 61 4 4 0 0.00 M M 4.1 9 340 M M 0 11 320
8 78 46 62 5 3 0 0.00 M M 5.1 12 110 M M 0 13 120
9 75 46 61 4 4 0 0.00 M M 6.1 15 330 M M 0 18 30
10 71 49 60 3 5 0 0.00 M M 4.3 10 340 M M 0 12 260
11 74 44 59 2 6 0 0.00 M M 4.0 10 250 M M 0 13 30
12 71 44 58 1 7 0 0.00 M M 3.7 9 330 M M 0 11 320
13 74 44 59 2 6 0 0.00 M M 4.2 10 330 M M 0 12 330
14 89 50 70 12 0 5 0.00 M M 5.4 20 30 M M 0 23 30
15 89 59 74 16 0 9 0.00 M M 5.4 17 330 M M 0 23 310
16 90 54 72 14 0 7 0.00 M M 5.6 14 360 M M 0 20 300
17 86 58 72 14 0 7 0.00 M M 5.1 10 220 M M 0 12 230
18 84 53 69 11 0 4 0.00 M M 6.2 16 30 M M 0 21 20
19 69 57 63 5 2 0 T M M 11.9 24 330 M M 5 29 320
20 68 56 62 4 3 0 0.01 M M 4.7 12 330 M M 10 14 240
21 77 56 67 9 0 2 T M 0 3.5 13 100 M M 4 17 120
22 65 50 58 0 7 0 0.00 M 0 6.1 21 30 M M 3 28 10
23 62 44 53 -5 12 0 0.06 M 0 5.8 20 320 M M 5 23 330
24 63 48 56 -2 9 0 0.02 M M 6.2 22 320 M M 5 27 320
25 58 38 48 -10 17 0 0.33 M M 6.7 28 310 M M 6 13 35 310
26 58 35 47 -11 18 0 0.00 M M 2.4 10 120 M M 0 13 130
27 58 40 49 -9 16 0 0.00 M M 2.7 7 330 M M 1 10 130
28 65 43 54 -4 11 0 0.00 M M 4.1 9 30 M M 0 12 30
29 59 46 53 -5 12 0 0.11 M M 5.8 23 330 M M 7 28 330
30 67 41 54 -4 11 0 0.00 M M 2.5 9 120 M M 0 13 120
31 72 45 59 0 6 0 0.00 M M 3.6 9 320 M M 0 10 320
================================================================================
SM 2229 1478 189 34 0.53 M 148.4 M 46
================================================================================
AV 71.9 47.7 4.8 FASTST M M 1 MAX(MPH)
MISC ----> 28 310 35 310
================================================================================
NOTES:
# LAST OF SEVERAL OCCURRENCES
COLUMN 17 PEAK WIND IN M.P.H.
PRELIMINARY LOCAL CLIMATOLOGICAL DATA (WS FORM: F-6) , PAGE 2
STATION: PALM SPRINGS INTL AIRPORT CA
MONTH: JANUARY
YEAR: 2021
LATITUDE: 33 49 N
LONGITUDE: 116 30 W
[TEMPERATURE DATA] [PRECIPITATION DATA] SYMBOLS USED IN COLUMN 16
AVERAGE MONTHLY: 59.8 TOTAL FOR MONTH: 0.53 1 = FOG OR MIST
DPTR FM NORMAL: 2.3 DPTR FM NORMAL: -0.47 2 = FOG REDUCING VISIBILITY
HIGHEST: 90 ON 16 GRTST 24HR 1.11 ON 29-30 TO 1/4 MILE OR LESS
LOWEST: 35 ON 26 3 = THUNDER
SNOW, ICE PELLETS, HAIL 4 = ICE PELLETS
TOTAL MONTH: M 5 = HAIL
GRTST 24HR M ON M 6 = FREEZING RAIN OR DRIZZLE
GRTST DEPTH: 0 7 = DUSTSTORM OR SANDSTORM:
VSBY 1/2 MILE OR LESS
8 = SMOKE OR HAZE
[NO. OF DAYS WITH] [WEATHER - DAYS WITH] 9 = BLOWING SNOW
X = TORNADO
MAX 32 OR BELOW: 0 0.01 INCH OR MORE: 5
MAX 90 OR ABOVE: 1 0.10 INCH OR MORE: 2
MIN 32 OR BELOW: 0 0.50 INCH OR MORE: 0
MIN 0 OR BELOW: 0 1.00 INCH OR MORE: 0
[HDD (BASE 65) ]
TOTAL THIS MO. 189 CLEAR (SCALE 0-3) 24
DPTR FM NORMAL -52 PTCLDY (SCALE 4-7) 6
TOTAL FM JUL 1 427 CLOUDY (SCALE 8-10) 1
DPTR FM NORMAL -200
[CDD (BASE 65) ]
TOTAL THIS MO. 34
DPTR FM NORMAL 26 [PRESSURE DATA]
TOTAL FM JAN 1 34 HIGHEST SLP 30.36 ON 12
DPTR FM NORMAL 26 LOWEST SLP 29.62 ON 25
[REMARKS]
#FINAL-01-21#