000
CXUS56 KSGX 011245
CF6PSP
PRELIMINARY LOCAL CLIMATOLOGICAL DATA (WS FORM: F-6)
STATION: PALM SPRINGS INTL AIRPORT CA
MONTH: SEPTEMBER
YEAR: 2020
LATITUDE: 33 49 N
LONGITUDE: 116 30 W
TEMPERATURE IN F: :PCPN: SNOW: WIND :SUNSHINE: SKY :PK WND
================================================================================
1 2 3 4 5 6A 6B 7 8 9 10 11 12 13 14 15 16 17 18
12Z AVG MX 2MIN
DY MAX MIN AVG DEP HDD CDD WTR SNW DPTH SPD SPD DIR MIN PSBL S-S WX SPD DR
================================================================================
1 108 78 93 3 0 28 0.00 0.0 0 5.6 20 320 M M 0 23 320
2 107 77 92 2 0 27 0.00 0.0 0 4.5 14 330 M M 0 16 320
3 111 80 96 6 0 31 0.00 0.0 0 4.6 14 110 M M 0 18 130
4 116 84 100 10 0 35 0.00 0.0 0 5.7 16 330 M M 0 19 330
5 122 89 106 16 0 41 0.00 0.0 0 5.9 14 130 M M 0 17 120
6 120 92 106 17 0 41 0.00 0.0 0 6.0 13 110 M M 0 16 110
7 109 86 98 9 0 33 0.00 0.0 0 4.8 17 120 M M 0 8 22 130
8 104 80 92 3 0 27 0.00 0.0 0 7.7 20 350 M M 1 8 25 360
9 98 68 83 -6 0 18 0.00 0.0 0 4.5 18 40 M M 0 8 23 30
10 97 69 83 -5 0 18 0.00 0.0 0 4.6 12 340 M M 0 13 150
11 100 71 86 -2 0 21 0.00 0.0 0 5.8 12 350 M M 0 8 16 110
12 103 72 88 0 0 23 0.00 0.0 0 4.7 12 340 M M 0 8 16 140
13 105 68 87 -1 0 22 0.00 0.0 0 6.0 16 110 M M 0 8 20 120
14 106 76 91 4 0 26 0.00 0.0 0 6.6 15 110 M M 0 19 120
15 110 76 93 6 0 28 0.00 0.0 0 4.8 15 320 M M 0 18 320
16 111 75 93 6 0 28 0.00 0.0 0 M M M M M M 23 M
17 113 77 95 9 0 30 0.00 0.0 0 4.6 18 330 M M 0 26 340
18 110 81 96 10 0 31 0.00 0.0 0 5.2 14 20 M M 0 17 120
19 108 79 94 8 0 29 0.00 0.0 0 4.6 15 320 M M 0 21 330
20 107 76 92 7 0 27 0.00 0.0 0 5.4 16 320 M M 0 20 320
21 106 76 91 6 0 26 0.00 0.0 0 5.4 20 320 M M 0 24 330
22 107 75 91 7 0 26 0.00 0.0 0 5.2 20 320 M M 0 28 320
23 107 73 90 6 0 25 0.00 0.0 0 3.3 15 320 M M 0 18 320
24 108 74 91 7 0 26 0.00 0.0 0 4.9 21 320 M M 0 24 320
25 105 72 89 6 0 24 0.00 0.0 0 3.9 17 320 M M 0 21 310
26 103 71 87 4 0 22 0.00 0.0 0 3.0 10 320 M M 0 14 130
27 104 73 89 7 0 24 0.00 0.0 0 4.6 10 110 M M 0 13 90
28 108 73 91 9 0 26 0.00 0.0 0 4.6 14 360 M M 0 15 350
29 108 78 93 11 0 28 0.00 0.0 0 4.1 10 320 M M 0 14 120
30 111 77 94 13 0 29 0.00 0.0 0 5.4 12 320 M M 0 14 330
================================================================================
SM 3232 2296 0 820 0.00 0.0 146.0 M 1
================================================================================
AV107.7 76.5 5.0 FASTST M M 0 MAX(MPH)
MISC ----> # 21 320 # 28 320
================================================================================
NOTES:
# LAST OF SEVERAL OCCURRENCES
COLUMN 17 PEAK WIND IN M.P.H.
PRELIMINARY LOCAL CLIMATOLOGICAL DATA (WS FORM: F-6) , PAGE 2
STATION: PALM SPRINGS INTL AIRPORT CA
MONTH: SEPTEMBER
YEAR: 2020
LATITUDE: 33 49 N
LONGITUDE: 116 30 W
[TEMPERATURE DATA] [PRECIPITATION DATA] SYMBOLS USED IN COLUMN 16
AVERAGE MONTHLY: 92.1 TOTAL FOR MONTH: 0.00 1 = FOG OR MIST
DPTR FM NORMAL: 5.7 DPTR FM NORMAL: -0.36 2 = FOG REDUCING VISIBILITY
HIGHEST: 122 ON 5 GRTST 24HR 0.00 ON 30-30 TO 1/4 MILE OR LESS
LOWEST: 68 ON 13, 9 3 = THUNDER
SNOW, ICE PELLETS, HAIL 4 = ICE PELLETS
TOTAL MONTH: 0.0 INCH 5 = HAIL
GRTST 24HR 0.0 6 = FREEZING RAIN OR DRIZZLE
GRTST DEPTH: 0 7 = DUSTSTORM OR SANDSTORM:
VSBY 1/2 MILE OR LESS
8 = SMOKE OR HAZE
[NO. OF DAYS WITH] [WEATHER - DAYS WITH] 9 = BLOWING SNOW
X = TORNADO
MAX 32 OR BELOW: 0 0.01 INCH OR MORE: 0
MAX 90 OR ABOVE: 30 0.10 INCH OR MORE: 0
MIN 32 OR BELOW: 0 0.50 INCH OR MORE: 0
MIN 0 OR BELOW: 0 1.00 INCH OR MORE: 0
[HDD (BASE 65) ]
TOTAL THIS MO. 0 CLEAR (SCALE 0-3) 29
DPTR FM NORMAL 0 PTCLDY (SCALE 4-7) 0
TOTAL FM JUL 1 0 CLOUDY (SCALE 8-10) 0
DPTR FM NORMAL 0
[CDD (BASE 65) ]
TOTAL THIS MO. 820
DPTR FM NORMAL 178 [PRESSURE DATA]
TOTAL FM JAN 1 4402 HIGHEST SLP 29.98 ON 16
DPTR FM NORMAL 676 LOWEST SLP 29.60 ON 8
[REMARKS]
#FINAL-09-20#