000
CXUS56 KSGX 011045
CF6PSP
PRELIMINARY LOCAL CLIMATOLOGICAL DATA (WS FORM: F-6)
STATION: PALM SPRINGS INTL AIRPORT CA
MONTH: OCTOBER
YEAR: 2023
LATITUDE: 33 49 N
LONGITUDE: 116 30 W
TEMPERATURE IN F: :PCPN: SNOW: WIND :SUNSHINE: SKY :PK WND
================================================================================
1 2 3 4 5 6A 6B 7 8 9 10 11 12 13 14 15 16 17 18
12Z AVG MX 2MIN
DY MAX MIN AVG DEP HDD CDD WTR SNW DPTH SPD SPD DIR MIN PSBL S-S WX SPD DR
================================================================================
1 79 58 69 -14 0 4 0.00 M M 7.8 25 330 M M 0 36 340
2 87 56 72 -11 0 7 0.00 M M 3.9 14 320 M M 0 18 330
3 92 63 78 -4 0 13 0.00 M M 4.8 13 330 M M 0 15 340
4 97 68 83 1 0 18 0.00 M M 6.4 14 350 M M 0 17 10
5 100 78 89 7 0 24 0.00 M M 4.4 10 260 M M 0 18 260
6 104 77 91 10 0 26 0.00 M M 5.0 10 330 M M 0 15 320
7 105 74 90 9 0 25 0.00 M M 6.1 13 330 M M 0 17 330
8 105 74 90 10 0 25 0.00 M M 4.7 12 340 M M 0 14 330
9 104 71 88 8 0 23 0.00 M M 5.0 22 320 M M 0 27 310
10 97 72 85 5 0 20 0.00 M M 7.9 24 320 M M 0 8 31 320
11 88 67 78 -2 0 13 0.00 M M 10.5 29 320 M M 0 8 36 330
12 89 68 79 0 0 14 0.00 M M 7.3 17 340 M M 0 23 340
13 89 64 77 -2 0 12 0.00 M M 4.7 12 330 M M 0 13 340
14 92 63 78 0 0 13 0.00 M M 4.8 12 340 M M 0 13 340
15 98 64 81 3 0 16 0.00 M M 5.6 12 330 M M 0 14 290
16 102 68 85 7 0 20 0.00 M M 5.2 13 330 M M 0 16 330
17 102 70 86 8 0 21 0.00 M M 4.7 14 330 M M 0 15 320
18 104 69 87 10 0 22 0.00 M M 5.7 12 330 M M 0 14 320
19 105 70 88 11 0 23 0.00 M M 4.9 12 330 M M 0 14 310
20 108 72 90 14 0 25 0.00 M M 5.4 14 300 M M 0 22 300
21 103 72 88 12 0 23 0.00 M M 6.2 21 330 M M 0 25 320
22 94 66 80 4 0 15 0.00 M M 8.6 25 320 M M 0 33 320
23 84 63 74 -2 0 9 0.00 M M 6.6 20 320 M M 0 24 310
24 90 61 76 1 0 11 0.00 M M 3.7 13 110 M M 0 20 70
25 82 62 72 -3 0 7 0.00 M M 6.9 20 320 M M 0 25 310
26 83 60 72 -2 0 7 0.00 M M 4.2 14 330 M M 0 19 340
27 86 59 73 -1 0 8 0.00 M M 5.1 18 320 M M 0 24 320
28 84 60 72 -2 0 7 0.00 M M 7.8 23 320 M M 0 29 330
29 77 64 71 -2 0 6 0.00 M M 10.0 29 20 M M 0 78 38 10
30 84 64 74 1 0 9 0.00 M M 8.1 17 340 M M 0 21 340
31 84 60 72 -1 0 7 0.00 M M 5.4 13 260 M M 0 18 250
================================================================================
SM 2898 2057 0 473 0.00 M 187.4 M 0
================================================================================
AV 93.5 66.4 6.0 FASTST M M 0 MAX(MPH)
MISC ----> # 29 320 38 10
================================================================================
NOTES:
# LAST OF SEVERAL OCCURRENCES
COLUMN 17 PEAK WIND IN M.P.H.
PRELIMINARY LOCAL CLIMATOLOGICAL DATA (WS FORM: F-6) , PAGE 2
STATION: PALM SPRINGS INTL AIRPORT CA
MONTH: OCTOBER
YEAR: 2023
LATITUDE: 33 49 N
LONGITUDE: 116 30 W
[TEMPERATURE DATA] [PRECIPITATION DATA] SYMBOLS USED IN COLUMN 16
AVERAGE MONTHLY: 79.9 TOTAL FOR MONTH: 0.00 1 = FOG OR MIST
DPTR FM NORMAL: 2.1 DPTR FM NORMAL: -0.20 2 = FOG REDUCING VISIBILITY
HIGHEST: 108 ON 20 GRTST 24HR T ON 30- 1 TO 1/4 MILE OR LESS
LOWEST: 56 ON 2 3 = THUNDER
SNOW, ICE PELLETS, HAIL 4 = ICE PELLETS
TOTAL MONTH: M 5 = HAIL
GRTST 24HR M ON M 6 = FREEZING RAIN OR DRIZZLE
GRTST DEPTH: M ON M 7 = DUSTSTORM OR SANDSTORM:
VSBY 1/2 MILE OR LESS
8 = SMOKE OR HAZE
[NO. OF DAYS WITH] [WEATHER - DAYS WITH] 9 = BLOWING SNOW
X = TORNADO
MAX 32 OR BELOW: 0 0.01 INCH OR MORE: 0
MAX 90 OR ABOVE: 18 0.10 INCH OR MORE: 0
MIN 32 OR BELOW: 0 0.50 INCH OR MORE: 0
MIN 0 OR BELOW: 0 1.00 INCH OR MORE: 0
[HDD (BASE 65) ]
TOTAL THIS MO. 0 CLEAR (SCALE 0-3) 31
DPTR FM NORMAL -2 PTCLDY (SCALE 4-7) 0
TOTAL FM JUL 1 0 CLOUDY (SCALE 8-10) 0
DPTR FM NORMAL 0
[CDD (BASE 65) ]
TOTAL THIS MO. 473
DPTR FM NORMAL 74 [PRESSURE DATA]
TOTAL FM JAN 1 4401 HIGHEST SLP 30.22 ON 30
DPTR FM NORMAL -91 LOWEST SLP 29.48 ON 11
[REMARKS]
#FINAL-10-23#