000
CDUS41 KBOX 290546
CLIPVD


CLIMATE REPORT
NATIONAL WEATHER SERVICE TAUNTON MA
140 AM EDT FRI APR 29 2016


...................................

...THE PROVIDENCE RI CLIMATE SUMMARY FOR APRIL 28 2016...

CLIMATE NORMAL PERIOD 1981 TO 2010
CLIMATE RECORD PERIOD 1904 TO 2016


WEATHER ITEM   OBSERVED TIME   RECORD YEAR NORMAL DEPARTURE LAST
                VALUE   (LST)  VALUE       VALUE  FROM      YEAR
                                                  NORMAL
..................................................................
TEMPERATURE (F)
 YESTERDAY
  MAXIMUM         58   1237 PM  91    1938  63     -5       66
  MINIMUM         40    505 AM  31    1992  43     -3       43
                                      1972
  AVERAGE         49                        53     -4       55

PRECIPITATION (IN)
  YESTERDAY        T             2.64 1988   0.12  -0.12     0.03
  MONTH TO DATE    3.91                      4.10  -0.19     2.51
  SINCE MAR 1      6.59                      9.11  -2.52     6.91
  SINCE JAN 1     14.94                     16.26  -1.32    13.26

SNOWFALL (IN)
  YESTERDAY        0.0           3.5  1916   0.0    0.0      0.0
  MONTH TO DATE    6.7                       0.6    6.1       T
  SINCE MAR 1      9.3                       6.1    3.2     16.3
  SINCE JUL 1     28.7                      33.8   -5.1     76.2
  SNOW DEPTH       0

DEGREE DAYS
 HEATING
  YESTERDAY       16                        12      4       10
  MONTH TO DATE  480                       456     24      448
  SINCE MAR 1   1127                      1265   -138     1440
  SINCE JUL 1   4498                      5327   -829     5802

 COOLING
  YESTERDAY        0                         0      0        0
  MONTH TO DATE    0                         0      0        0
  SINCE MAR 1      0                         0      0        0
  SINCE JAN 1      0                         0      0        0
..................................................................


WIND (MPH)
  RESULTANT WIND SPEED   2   RESULTANT WIND DIRECTION   S (160)
  HIGHEST WIND SPEED    20   HIGHEST WIND DIRECTION     S (160)
  HIGHEST GUST SPEED    24   HIGHEST GUST DIRECTION     S (160)
  AVERAGE WIND SPEED     9.5


SKY COVER
  POSSIBLE SUNSHINE  MM
  AVERAGE SKY COVER 0.6


WEATHER CONDITIONS
 THE FOLLOWING WEATHER WAS RECORDED YESTERDAY.
  LIGHT RAIN


RELATIVE HUMIDITY (PERCENT)
 HIGHEST    76          1200 AM
 LOWEST     22          1100 AM
 AVERAGE    49

..........................................................


THE PROVIDENCE RI CLIMATE NORMALS FOR TODAY
                         NORMAL    RECORD    YEAR
 MAXIMUM TEMPERATURE (F)   63        90      1974
 MINIMUM TEMPERATURE (F)   44        31      1909


SUNRISE AND SUNSET
APRIL 29 2016.........SUNRISE   544 AM EDT   SUNSET   742 PM EDT
APRIL 30 2016.........SUNRISE   543 AM EDT   SUNSET   743 PM EDT


-  INDICATES NEGATIVE NUMBERS.
R  INDICATES RECORD WAS SET OR TIED.
MM INDICATES DATA IS MISSING.
T  INDICATES TRACE AMOUNT.




$$
