000
CDUS41 KBOX 250543
CLIPVD


CLIMATE REPORT
NATIONAL WEATHER SERVICE TAUNTON MA
1238 AM EST THU DEC 25 2014


...................................

...THE PROVIDENCE RI CLIMATE SUMMARY FOR DECEMBER 24 2014...

CLIMATE NORMAL PERIOD 1981 TO 2010
CLIMATE RECORD PERIOD 1904 TO 2014


WEATHER ITEM   OBSERVED TIME   RECORD YEAR NORMAL DEPARTURE LAST
                VALUE   (LST)  VALUE       VALUE  FROM      YEAR
                                                  NORMAL
..................................................................
TEMPERATURE (F)
 YESTERDAY
  MAXIMUM         64R  1118 PM  60    1990  40     24       42
  MINIMUM         42    402 AM  -4    1975  24     18       28
  AVERAGE         53                        32     21       35

PRECIPITATION (IN)
  YESTERDAY        0.69          1.66 1994   0.13   0.56      T
  MONTH TO DATE    5.99                      3.39   2.60     3.55
  SINCE DEC 1      5.99                      3.39   2.60     3.55
  SINCE JAN 1     46.93                     46.35   0.58    44.19

SNOWFALL (IN)
  YESTERDAY        0.0           7.0  1912   0.3   -0.3       T
  MONTH TO DATE    0.9                       6.4   -5.5      7.0
  SINCE DEC 1      0.9                       6.4   -5.5      7.0
  SINCE JUL 1      2.5                       7.9   -5.4      7.1
  SNOW DEPTH       0

DEGREE DAYS
 HEATING
  YESTERDAY       12                        33    -21       30
  MONTH TO DATE  641                       712    -71      732
  SINCE DEC 1    641                       712    -71      732
  SINCE JUL 1   1677                      1787   -110     1835

 COOLING
  YESTERDAY        0                         0      0        0
  MONTH TO DATE    0                         0      0        0
  SINCE DEC 1      0                         0      0        0
  SINCE JAN 1    709                       744    -35      892
..................................................................


WIND (MPH)
  RESULTANT WIND SPEED   2   RESULTANT WIND DIRECTION   N (350)
  HIGHEST WIND SPEED    26   HIGHEST WIND DIRECTION     S (200)
  HIGHEST GUST SPEED    36   HIGHEST GUST DIRECTION     S (190)
  AVERAGE WIND SPEED     8.5


SKY COVER
  POSSIBLE SUNSHINE  MM
  AVERAGE SKY COVER 0.8


WEATHER CONDITIONS
 THE FOLLOWING WEATHER WAS RECORDED YESTERDAY.
  HEAVY RAIN
  RAIN
  LIGHT RAIN
  FOG


RELATIVE HUMIDITY (PERCENT)
 HIGHEST   100           600 AM
 LOWEST     89           800 PM
 AVERAGE    95

..........................................................


THE PROVIDENCE RI CLIMATE NORMALS FOR TODAY
                         NORMAL    RECORD    YEAR
 MAXIMUM TEMPERATURE (F)   40        63      1964
 MINIMUM TEMPERATURE (F)   23       -10      1980


SUNRISE AND SUNSET
DECEMBER 25 2014......SUNRISE   711 AM EST   SUNSET   420 PM EST
DECEMBER 26 2014......SUNRISE   712 AM EST   SUNSET   421 PM EST


-  INDICATES NEGATIVE NUMBERS.
R  INDICATES RECORD WAS SET OR TIED.
MM INDICATES DATA IS MISSING.
T  INDICATES TRACE AMOUNT.




$$
