000
CDUS41 KBOX 010623
CLIPVD


CLIMATE REPORT
NATIONAL WEATHER SERVICE TAUNTON MA
122 AM EST WED MAR 1 2017


...................................

...THE PROVIDENCE RI CLIMATE SUMMARY FOR FEBRUARY 28 2017...

CLIMATE NORMAL PERIOD 1981 TO 2010
CLIMATE RECORD PERIOD 1904 TO 2017


WEATHER ITEM   OBSERVED TIME   RECORD YEAR NORMAL DEPARTURE LAST
                VALUE   (LST)  VALUE       VALUE  FROM      YEAR
                                                  NORMAL
..................................................................
TEMPERATURE (F)
 YESTERDAY
  MAXIMUM         51   1140 AM  66    1976  43      8       57
  MINIMUM         32    215 AM   2    1907  26      6       36
  AVERAGE         42                        35      7       47

PRECIPITATION (IN)
  YESTERDAY        0.02          2.21 1984   0.14  -0.12     0.00
  MONTH TO DATE    2.22                      3.29  -1.07     5.32
  SINCE DEC 1     10.32                     11.37  -1.05    13.15
  SINCE JAN 1      7.18                      7.15   0.03     8.35

SNOWFALL (IN)
  YESTERDAY        0.0           5.9  1949   0.3   -0.3      0.0
  MONTH TO DATE   16.8                       8.5    8.3     11.5
  SINCE DEC 1     38.2                      26.2   12.0     19.4
  SINCE JUL 1     38.2                      27.7   10.5     19.4
  SNOW DEPTH       0

DEGREE DAYS
 HEATING
  YESTERDAY       23                        31     -8       18
  MONTH TO DATE  814                       926   -112      883
  SINCE DEC 1   2671                      2987   -316     2476
  SINCE JUL 1   3558                      4062   -504     3357

 COOLING
  YESTERDAY        0                         0      0        0
  MONTH TO DATE    0                         0      0        0
  SINCE DEC 1      0                         0      0        0
  SINCE JAN 1      0                         0      0        0
..................................................................


WIND (MPH)
  RESULTANT WIND SPEED   4   RESULTANT WIND DIRECTION   S (170)
  HIGHEST WIND SPEED    14   HIGHEST WIND DIRECTION     S (160)
  HIGHEST GUST SPEED    18   HIGHEST GUST DIRECTION     S (160)
  AVERAGE WIND SPEED     4.8


SKY COVER
  POSSIBLE SUNSHINE  MM
  AVERAGE SKY COVER 0.8


WEATHER CONDITIONS
 THE FOLLOWING WEATHER WAS RECORDED YESTERDAY.
  LIGHT RAIN
  FOG


RELATIVE HUMIDITY (PERCENT)
 HIGHEST    93           700 PM
 LOWEST     65          1000 AM
 AVERAGE    79

..........................................................


THE PROVIDENCE RI CLIMATE NORMALS FOR TODAY
                         NORMAL    RECORD    YEAR
 MAXIMUM TEMPERATURE (F)   43        66      1972
 MINIMUM TEMPERATURE (F)   26         4      1980


SUNRISE AND SUNSET
MARCH  1 2017.........SUNRISE   620 AM EST   SUNSET   536 PM EST
MARCH  2 2017.........SUNRISE   619 AM EST   SUNSET   538 PM EST


-  INDICATES NEGATIVE NUMBERS.
R  INDICATES RECORD WAS SET OR TIED.
MM INDICATES DATA IS MISSING.
T  INDICATES TRACE AMOUNT.




$$
