000
CDUS41 KBOX 030530
CLIPVD


CLIMATE REPORT
NATIONAL WEATHER SERVICE TAUNTON MA
1230 AM EST SAT DEC 3 2016


...................................

...THE PROVIDENCE RI CLIMATE SUMMARY FOR DECEMBER 2 2016...

CLIMATE NORMAL PERIOD 1981 TO 2010
CLIMATE RECORD PERIOD 1904 TO 2016


WEATHER ITEM   OBSERVED TIME   RECORD YEAR NORMAL DEPARTURE LAST
                VALUE   (LST)  VALUE       VALUE  FROM      YEAR
                                                  NORMAL
..................................................................
TEMPERATURE (F)
 YESTERDAY
  MAXIMUM         51    154 PM  63    1998  47      4       59
  MINIMUM         38    721 AM  11    1989  31      7       41
  AVERAGE         45                        39      6       50

PRECIPITATION (IN)
  YESTERDAY        0.00          1.73 1981   0.16  -0.16     0.15
  MONTH TO DATE    0.19                      0.31  -0.12     0.40
  SINCE DEC 1      0.19                      0.31  -0.12     0.40
  SINCE JAN 1     37.05                     43.27  -6.22    36.43

SNOWFALL (IN)
  YESTERDAY        0.0           4.3  1929   0.2   -0.2      0.0
  MONTH TO DATE    0.0                       0.4   -0.4      0.0
  SINCE DEC 1      0.0                       0.4   -0.4      0.0
  SINCE JUL 1      T                         1.9   -1.9      0.0
  SNOW DEPTH       0

DEGREE DAYS
 HEATING
  YESTERDAY       20                        26     -6       15
  MONTH TO DATE   34                        52    -18       43
  SINCE DEC 1     34                        52    -18       43
  SINCE JUL 1    921                      1127   -206      924

 COOLING
  YESTERDAY        0                         0      0        0
  MONTH TO DATE    0                         0      0        0
  SINCE DEC 1      0                         0      0        0
  SINCE JAN 1   1049                       744    305      955
..................................................................


WIND (MPH)
  RESULTANT WIND SPEED  10   RESULTANT WIND DIRECTION   W (270)
  HIGHEST WIND SPEED    24   HIGHEST WIND DIRECTION     W (270)
  HIGHEST GUST SPEED    32   HIGHEST GUST DIRECTION     W (290)
  AVERAGE WIND SPEED    10.4


SKY COVER
  POSSIBLE SUNSHINE  MM
  AVERAGE SKY COVER 0.3


WEATHER CONDITIONS
 THE FOLLOWING WEATHER WAS RECORDED YESTERDAY.
  NO SIGNIFICANT WEATHER WAS OBSERVED.


RELATIVE HUMIDITY (PERCENT)
 HIGHEST    70           100 AM
 LOWEST     42           100 PM
 AVERAGE    56

..........................................................


THE PROVIDENCE RI CLIMATE NORMALS FOR TODAY
                         NORMAL    RECORD    YEAR
 MAXIMUM TEMPERATURE (F)   47        66      2009
 MINIMUM TEMPERATURE (F)   31         0      1976


SUNRISE AND SUNSET
DECEMBER  3 2016......SUNRISE   656 AM EST   SUNSET   415 PM EST
DECEMBER  4 2016......SUNRISE   657 AM EST   SUNSET   415 PM EST


-  INDICATES NEGATIVE NUMBERS.
R  INDICATES RECORD WAS SET OR TIED.
MM INDICATES DATA IS MISSING.
T  INDICATES TRACE AMOUNT.




$$
