000
CDUS41 KBOX 180548
CLIPVD


CLIMATE REPORT
NATIONAL WEATHER SERVICE TAUNTON MA
1237 AM EST MON DEC 18 2017


...................................

...THE PROVIDENCE RI CLIMATE SUMMARY FOR DECEMBER 17 2017...

CLIMATE NORMAL PERIOD 1981 TO 2010
CLIMATE RECORD PERIOD 1904 TO 2017


WEATHER ITEM   OBSERVED TIME   RECORD YEAR NORMAL DEPARTURE LAST
                VALUE   (LST)  VALUE       VALUE  FROM      YEAR
                                                  NORMAL
..................................................................
TEMPERATURE (F)
 YESTERDAY
  MAXIMUM         31    219 PM  63    1984  42    -11       39
  MINIMUM         11    717 AM  -3    1942  26    -15       20
  AVERAGE         21                        34    -13       30

PRECIPITATION (IN)
  YESTERDAY        0.00          2.77 1973   0.13  -0.13     0.57
  MONTH TO DATE    1.51                      2.49  -0.98     1.49
  SINCE DEC 1      1.51                      2.49  -0.98     1.49
  SINCE JAN 1     47.94                     45.45   2.49    38.35

SNOWFALL (IN)
  YESTERDAY        0.0           4.0  1961   0.3   -0.3      3.2
  MONTH TO DATE    5.7                       4.2    1.5      4.4
  SINCE DEC 1      5.7                       4.2    1.5      4.4
  SINCE JUL 1      5.7                       5.7    0.0      4.4
  SNOW DEPTH       0

DEGREE DAYS
 HEATING
  YESTERDAY       44                        31     13       35
  MONTH TO DATE  511                       485     26      523
  SINCE DEC 1    511                       485     26      523
  SINCE JUL 1   1325                      1560   -235     1410

 COOLING
  YESTERDAY        0                         0      0        0
  MONTH TO DATE    0                         0      0        0
  SINCE DEC 1      0                         0      0        0
  SINCE JAN 1    880                       744    136     1049
..................................................................


WIND (MPH)
  RESULTANT WIND SPEED   4   RESULTANT WIND DIRECTION  NW (300)
  HIGHEST WIND SPEED    13   HIGHEST WIND DIRECTION    NW (330)
  HIGHEST GUST SPEED    19   HIGHEST GUST DIRECTION    NW (320)
  AVERAGE WIND SPEED     4.4


SKY COVER
  POSSIBLE SUNSHINE  MM
  AVERAGE SKY COVER 0.0


WEATHER CONDITIONS
 THE FOLLOWING WEATHER WAS RECORDED YESTERDAY.
  NO SIGNIFICANT WEATHER WAS OBSERVED.


RELATIVE HUMIDITY (PERCENT)
 HIGHEST    88           800 AM
 LOWEST     32           400 PM
 AVERAGE    60

..........................................................


THE PROVIDENCE RI CLIMATE NORMALS FOR TODAY
                         NORMAL    RECORD    YEAR
 MAXIMUM TEMPERATURE (F)   41        60      1984
 MINIMUM TEMPERATURE (F)   26        -7      1919


SUNRISE AND SUNSET
DECEMBER 18 2017......SUNRISE   708 AM EST   SUNSET   417 PM EST
DECEMBER 19 2017......SUNRISE   709 AM EST   SUNSET   417 PM EST


-  INDICATES NEGATIVE NUMBERS.
R  INDICATES RECORD WAS SET OR TIED.
MM INDICATES DATA IS MISSING.
T  INDICATES TRACE AMOUNT.




$$
