000
CDUS41 KBOX 200539
CLIPVD


CLIMATE REPORT
NATIONAL WEATHER SERVICE TAUNTON MA
135 AM EDT SAT SEP 20 2014


...................................

...THE PROVIDENCE RI CLIMATE SUMMARY FOR SEPTEMBER 19 2014...

CLIMATE NORMAL PERIOD 1981 TO 2010
CLIMATE RECORD PERIOD 1904 TO 2014


WEATHER ITEM   OBSERVED TIME   RECORD YEAR NORMAL DEPARTURE LAST
                VALUE   (LST)  VALUE       VALUE  FROM      YEAR
                                                  NORMAL
..................................................................
TEMPERATURE (F)
 YESTERDAY
  MAXIMUM         62    218 PM  92    1906  73    -11       81
  MINIMUM         45   1059 PM  37    1956  54     -9       49
  AVERAGE         54                        64    -10       65

PRECIPITATION (IN)
  YESTERDAY        0.00          2.86 1972   0.14  -0.14     0.00
  MONTH TO DATE    0.54                      2.44  -1.90     4.32
  SINCE SEP 1      0.54                      2.44  -1.90     4.32
  SINCE JAN 1     31.99                     33.04  -1.05    35.13

SNOWFALL (IN)
  YESTERDAY        0.0           0.0  2002   0.0    0.0      0.0
                                      2001
                                      2000
  MONTH TO DATE    0.0                       0.0    0.0      0.0
  SINCE SEP 1      0.0                       0.0    0.0      0.0
  SINCE JUL 1      0.0                       0.0    0.0      0.0
  SNOW DEPTH       0

DEGREE DAYS
 HEATING
  YESTERDAY       11                         3      8        0
  MONTH TO DATE   33                        33      0       46
  SINCE SEP 1     33                        33      0       46
  SINCE JUL 1     33                        42     -9       46

 COOLING
  YESTERDAY        0                         2     -2        0
  MONTH TO DATE  100                        66     34       63
  SINCE SEP 1    100                        66     34       63
  SINCE JAN 1    682                       722    -40      885
..................................................................


WIND (MPH)
  RESULTANT WIND SPEED   8   RESULTANT WIND DIRECTION  NE (30)
  HIGHEST WIND SPEED    17   HIGHEST WIND DIRECTION    NE (40)
  HIGHEST GUST SPEED    22   HIGHEST GUST DIRECTION     N (20)
  AVERAGE WIND SPEED     8.9


SKY COVER
  POSSIBLE SUNSHINE  MM
  AVERAGE SKY COVER 0.2


WEATHER CONDITIONS
 THE FOLLOWING WEATHER WAS RECORDED YESTERDAY.
  NO SIGNIFICANT WEATHER WAS OBSERVED.


RELATIVE HUMIDITY (PERCENT)
 HIGHEST    76          1100 PM
 LOWEST     35           200 PM
 AVERAGE    56

..........................................................


THE PROVIDENCE RI CLIMATE NORMALS FOR TODAY
                         NORMAL    RECORD    YEAR
 MAXIMUM TEMPERATURE (F)   73        93      1983
 MINIMUM TEMPERATURE (F)   54        38      1979


SUNRISE AND SUNSET
SEPTEMBER 20 2014.....SUNRISE   631 AM EDT   SUNSET   647 PM EDT
SEPTEMBER 21 2014.....SUNRISE   632 AM EDT   SUNSET   645 PM EDT


-  INDICATES NEGATIVE NUMBERS.
R  INDICATES RECORD WAS SET OR TIED.
MM INDICATES DATA IS MISSING.
T  INDICATES TRACE AMOUNT.




$$
