000
CDUS41 KBOX 290614
CLIPVD


CLIMATE REPORT
NATIONAL WEATHER SERVICE TAUNTON MA
214 AM EDT THU SEP 29 2016


...................................

...THE PROVIDENCE RI CLIMATE SUMMARY FOR SEPTEMBER 28 2016...

CLIMATE NORMAL PERIOD 1981 TO 2010
CLIMATE RECORD PERIOD 1904 TO 2016


WEATHER ITEM   OBSERVED TIME   RECORD YEAR NORMAL DEPARTURE LAST
                VALUE   (LST)  VALUE       VALUE  FROM      YEAR
                                                  NORMAL
..................................................................
TEMPERATURE (F)
 YESTERDAY
  MAXIMUM         63   1119 AM  86    2014  70     -7       78
  MINIMUM         56    732 PM  33    1980  50      6       51
  AVERAGE         60                        60      0       65

PRECIPITATION (IN)
  YESTERDAY        T             1.64 2012   0.14  -0.14     0.00
  MONTH TO DATE    2.20                      3.65  -1.45     1.11
  SINCE SEP 1      2.20                      3.65  -1.45     1.11
  SINCE JAN 1     28.03                     34.25  -6.22    28.53

SNOWFALL (IN)
  YESTERDAY        0.0           0.0  2001   0.0    0.0      0.0
                                      2000
  MONTH TO DATE    0.0                       0.0    0.0      0.0
  SINCE SEP 1      0.0                       0.0    0.0      0.0
  SINCE JUL 1      0.0                       0.0    0.0      0.0
  SNOW DEPTH       0

DEGREE DAYS
 HEATING
  YESTERDAY        5                         6     -1        0
  MONTH TO DATE   31                        76    -45       23
  SINCE SEP 1     31                        76    -45       23
  SINCE JUL 1     31                        85    -54       23

 COOLING
  YESTERDAY        0                         1     -1        0
  MONTH TO DATE  151                        78     73      141
  SINCE SEP 1    151                        78     73      141
  SINCE JAN 1   1034                       734    300      942
..................................................................


WIND (MPH)
  RESULTANT WIND SPEED  13   RESULTANT WIND DIRECTION  NE (30)
  HIGHEST WIND SPEED    24   HIGHEST WIND DIRECTION    NE (30)
  HIGHEST GUST SPEED    29   HIGHEST GUST DIRECTION    NE (30)
  AVERAGE WIND SPEED    13.8


SKY COVER
  POSSIBLE SUNSHINE  MM
  AVERAGE SKY COVER 1.0


WEATHER CONDITIONS
 THE FOLLOWING WEATHER WAS RECORDED YESTERDAY.
  LIGHT RAIN
  FOG
  HAZE


RELATIVE HUMIDITY (PERCENT)
 HIGHEST   100           100 AM
 LOWEST     72          1100 AM
 AVERAGE    86

..........................................................


THE PROVIDENCE RI CLIMATE NORMALS FOR TODAY
                         NORMAL    RECORD    YEAR
 MAXIMUM TEMPERATURE (F)   69        87      1945
 MINIMUM TEMPERATURE (F)   50        33      1914


SUNRISE AND SUNSET
SEPTEMBER 29 2016.....SUNRISE   641 AM EDT   SUNSET   630 PM EDT
SEPTEMBER 30 2016.....SUNRISE   642 AM EDT   SUNSET   628 PM EDT


-  INDICATES NEGATIVE NUMBERS.
R  INDICATES RECORD WAS SET OR TIED.
MM INDICATES DATA IS MISSING.
T  INDICATES TRACE AMOUNT.




$$
