000
CDUS41 KBOX 050540
CLIPVD


CLIMATE REPORT
NATIONAL WEATHER SERVICE TAUNTON MA
137 AM EDT SAT SEP 5 2015


...................................

...THE PROVIDENCE RI CLIMATE SUMMARY FOR SEPTEMBER 4 2015...

CLIMATE NORMAL PERIOD 1981 TO 2010
CLIMATE RECORD PERIOD 1904 TO 2015


WEATHER ITEM   OBSERVED TIME   RECORD YEAR NORMAL DEPARTURE LAST
                VALUE   (LST)  VALUE       VALUE  FROM      YEAR
                                                  NORMAL
..................................................................
TEMPERATURE (F)
 YESTERDAY
  MAXIMUM         79   1213 PM  92    1937  78      1       87
  MINIMUM         60   1159 PM  47    1976  60      0       60
  AVERAGE         70                        69      1       74

PRECIPITATION (IN)
  YESTERDAY        0.00          2.50 1922   0.13  -0.13     0.00
  MONTH TO DATE    0.00                      0.48  -0.48     0.00
  SINCE SEP 1      0.00                      0.48  -0.48     0.00
  SINCE JAN 1     27.42                     31.08  -3.66    31.45

SNOWFALL (IN)
  YESTERDAY        0.0           0.0  2002   0.0    0.0      0.0
                                      2001
                                      2000
  MONTH TO DATE    0.0                       0.0    0.0      0.0
  SINCE SEP 1      0.0                       0.0    0.0      0.0
  SINCE JUL 1      0.0                       0.0    0.0      0.0
  SNOW DEPTH       0

DEGREE DAYS
 HEATING
  YESTERDAY        0                         1     -1        0
  MONTH TO DATE    0                         4     -4        0
  SINCE SEP 1      0                         4     -4        0
  SINCE JUL 1      0                        13    -13        0

 COOLING
  YESTERDAY        5                         5      0        9
  MONTH TO DATE   40                        20     20       51
  SINCE SEP 1     40                        20     20       51
  SINCE JAN 1    841                       676    165      633
..................................................................


WIND (MPH)
  RESULTANT WIND SPEED  11   RESULTANT WIND DIRECTION  NE (40)
  HIGHEST WIND SPEED    21   HIGHEST WIND DIRECTION    NE (30)
  HIGHEST GUST SPEED    26   HIGHEST GUST DIRECTION     N (10)
  AVERAGE WIND SPEED    11.5


SKY COVER
  POSSIBLE SUNSHINE  MM
  AVERAGE SKY COVER 0.5


WEATHER CONDITIONS
 THE FOLLOWING WEATHER WAS RECORDED YESTERDAY.
  FOG
  HAZE


RELATIVE HUMIDITY (PERCENT)
 HIGHEST    90           900 PM
 LOWEST     48          1200 PM
 AVERAGE    69

..........................................................


THE PROVIDENCE RI CLIMATE NORMALS FOR TODAY
                         NORMAL    RECORD    YEAR
 MAXIMUM TEMPERATURE (F)   78        92      1983
 MINIMUM TEMPERATURE (F)   59        45      1906


SUNRISE AND SUNSET
SEPTEMBER  5 2015.....SUNRISE   615 AM EDT   SUNSET   713 PM EDT
SEPTEMBER  6 2015.....SUNRISE   616 AM EDT   SUNSET   711 PM EDT


-  INDICATES NEGATIVE NUMBERS.
R  INDICATES RECORD WAS SET OR TIED.
MM INDICATES DATA IS MISSING.
T  INDICATES TRACE AMOUNT.




$$
