000
CDUS41 KBOX 290533
CLIPVD


CLIMATE REPORT
NATIONAL WEATHER SERVICE TAUNTON MA
133 AM EDT TUE JUL 29 2014


...................................

...THE PROVIDENCE RI CLIMATE SUMMARY FOR JULY 28 2014...

CLIMATE NORMAL PERIOD 1981 TO 2010
CLIMATE RECORD PERIOD 1904 TO 2014


WEATHER ITEM   OBSERVED TIME   RECORD YEAR NORMAL DEPARTURE LAST
                VALUE   (LST)  VALUE       VALUE  FROM      YEAR
                                                  NORMAL
..................................................................
TEMPERATURE (F)
 YESTERDAY
  MAXIMUM         84    308 PM  95    1949  83      1       84
  MINIMUM         68   1159 PM  53    1977  65      3       68
  AVERAGE         76                        74      2       76

PRECIPITATION (IN)
  YESTERDAY        0.10          2.42 1941   0.12  -0.02     0.01
  MONTH TO DATE    3.59                      2.92   0.67     2.26
  SINCE JUN 1      5.95                      6.56  -0.61    12.34
  SINCE JAN 1     28.75                     26.63   2.12    26.94

SNOWFALL (IN)
  YESTERDAY        0.0           0.0  2002   0.0    0.0      0.0
                                      2001
                                      2000
  MONTH TO DATE    0.0                       0.0    0.0      0.0
  SINCE JUN 1      0.0                       0.0    0.0      0.0
  SINCE JUL 1      0.0                       0.0    0.0      0.0
  SNOW DEPTH       0

DEGREE DAYS
 HEATING
  YESTERDAY        0                         0      0        0
  MONTH TO DATE    0                         0      0        0
  SINCE JUN 1     13                        43    -30       24
  SINCE JUL 1      0                         0      0        0

 COOLING
  YESTERDAY       11                         9      2       11
  MONTH TO DATE  273                       240     33      394
  SINCE JUN 1    376                       372      4      558
  SINCE JAN 1    387                       398    -11      602
..................................................................


WIND (MPH)
  RESULTANT WIND SPEED  10   RESULTANT WIND DIRECTION   S (190)
  HIGHEST WIND SPEED    21   HIGHEST WIND DIRECTION     S (200)
  HIGHEST GUST SPEED    27   HIGHEST GUST DIRECTION    SW (240)
  AVERAGE WIND SPEED    11.5


SKY COVER
  POSSIBLE SUNSHINE  MM
  AVERAGE SKY COVER 0.7


WEATHER CONDITIONS
 THE FOLLOWING WEATHER WAS RECORDED YESTERDAY.
  HEAVY RAIN
  LIGHT RAIN
  FOG


RELATIVE HUMIDITY (PERCENT)
 HIGHEST   100          1200 AM
 LOWEST     61           300 PM
 AVERAGE    81

..........................................................


THE PROVIDENCE RI CLIMATE NORMALS FOR TODAY
                         NORMAL    RECORD    YEAR
 MAXIMUM TEMPERATURE (F)   83        95      2002
                                             1949
 MINIMUM TEMPERATURE (F)   65        53      1916


SUNRISE AND SUNSET
JULY 29 2014..........SUNRISE   537 AM EDT   SUNSET   807 PM EDT
JULY 30 2014..........SUNRISE   538 AM EDT   SUNSET   806 PM EDT


-  INDICATES NEGATIVE NUMBERS.
R  INDICATES RECORD WAS SET OR TIED.
MM INDICATES DATA IS MISSING.
T  INDICATES TRACE AMOUNT.




$$
