220
CDUS41 KBOX 170540
CLIPVD


CLIMATE REPORT
NATIONAL WEATHER SERVICE TAUNTON MA
1240 AM EST SUN DEC 17 2017


...................................

...THE PROVIDENCE RI CLIMATE SUMMARY FOR DECEMBER 16 2017...

CLIMATE NORMAL PERIOD 1981 TO 2010
CLIMATE RECORD PERIOD 1904 TO 2017


WEATHER ITEM   OBSERVED TIME   RECORD YEAR NORMAL DEPARTURE LAST
                VALUE   (LST)  VALUE       VALUE  FROM      YEAR
                                                  NORMAL
..................................................................
TEMPERATURE (F)
 YESTERDAY
  MAXIMUM         33    558 PM  62    1971  42     -9       23
  MINIMUM         19    724 AM   3    1910  26     -7        8
  AVERAGE         26                        34     -8       16

PRECIPITATION (IN)
  YESTERDAY        T             1.42 1960   0.14  -0.14     0.00
  MONTH TO DATE    1.51                      2.36  -0.85     0.92
  SINCE DEC 1      1.51                      2.36  -0.85     0.92
  SINCE JAN 1     47.94                     45.32   2.62    37.78

SNOWFALL (IN)
  YESTERDAY        T             8.2  1989   0.3   -0.3      0.0
  MONTH TO DATE    5.7                       3.9    1.8      1.2
  SINCE DEC 1      5.7                       3.9    1.8      1.2
  SINCE JUL 1      5.7                       5.4    0.3      1.2
  SNOW DEPTH       0

DEGREE DAYS
 HEATING
  YESTERDAY       39                        31      8       49
  MONTH TO DATE  467                       454     13      488
  SINCE DEC 1    467                       454     13      488
  SINCE JUL 1   1281                      1529   -248     1375

 COOLING
  YESTERDAY        0                         0      0        0
  MONTH TO DATE    0                         0      0        0
  SINCE DEC 1      0                         0      0        0
  SINCE JAN 1    880                       744    136     1049
..................................................................


WIND (MPH)
  RESULTANT WIND SPEED  10   RESULTANT WIND DIRECTION   W (280)
  HIGHEST WIND SPEED    22   HIGHEST WIND DIRECTION     W (260)
  HIGHEST GUST SPEED    28   HIGHEST GUST DIRECTION     W (260)
  AVERAGE WIND SPEED    10.0


SKY COVER
  POSSIBLE SUNSHINE  MM
  AVERAGE SKY COVER 0.4


WEATHER CONDITIONS
 THE FOLLOWING WEATHER WAS RECORDED YESTERDAY.
  LIGHT SNOW


RELATIVE HUMIDITY (PERCENT)
 HIGHEST    88           100 AM
 LOWEST     54           100 PM
 AVERAGE    71

..........................................................


THE PROVIDENCE RI CLIMATE NORMALS FOR TODAY
                         NORMAL    RECORD    YEAR
 MAXIMUM TEMPERATURE (F)   42        63      1984
 MINIMUM TEMPERATURE (F)   26        -3      1942


SUNRISE AND SUNSET
DECEMBER 17 2017......SUNRISE   707 AM EST   SUNSET   417 PM EST
DECEMBER 18 2017......SUNRISE   708 AM EST   SUNSET   417 PM EST


-  INDICATES NEGATIVE NUMBERS.
R  INDICATES RECORD WAS SET OR TIED.
MM INDICATES DATA IS MISSING.
T  INDICATES TRACE AMOUNT.




$$
