000
CDUS41 KBOX 290558
CLIPVD


CLIMATE REPORT
NATIONAL WEATHER SERVICE TAUNTON MA
1258 AM EST THU JAN 29 2015


...................................

...THE PROVIDENCE RI CLIMATE SUMMARY FOR JANUARY 28 2015...

CLIMATE NORMAL PERIOD 1981 TO 2010
CLIMATE RECORD PERIOD 1904 TO 2015


WEATHER ITEM   OBSERVED TIME   RECORD YEAR NORMAL DEPARTURE LAST
                VALUE   (LST)  VALUE       VALUE  FROM      YEAR
                                                  NORMAL
..................................................................
TEMPERATURE (F)
 YESTERDAY
  MAXIMUM         26    354 PM  63    1947  38    -12       21
                                      1916
  MINIMUM         12    532 AM  -5    1935  21     -9       12
  AVERAGE         19                        29    -10       17

PRECIPITATION (IN)
  YESTERDAY        T             1.90 1943   0.12  -0.12     0.00
  MONTH TO DATE    3.53                      3.49   0.04     3.62
  SINCE DEC 1      9.78                      7.71   2.07     8.44
  SINCE JAN 1      3.53                      3.49   0.04     3.62

SNOWFALL (IN)
  YESTERDAY        T            14.8  1943   0.3   -0.3      0.0
  MONTH TO DATE   25.1                       8.1   17.0     14.1
  SINCE DEC 1     26.0                      16.8    9.2     21.1
  SINCE JUL 1     27.6                      18.3    9.3     21.2
  SNOW DEPTH      16

DEGREE DAYS
 HEATING
  YESTERDAY       46                        36     10       48
  MONTH TO DATE 1063                      1004     59     1051
  SINCE DEC 1   1898                      1956    -58     2027
  SINCE JUL 1   2934                      3031    -97     3130

 COOLING
  YESTERDAY        0                         0      0        0
  MONTH TO DATE    0                         0      0        0
  SINCE DEC 1      0                         0      0        0
  SINCE JAN 1      0                         0      0        0
..................................................................


WIND (MPH)
  RESULTANT WIND SPEED   9   RESULTANT WIND DIRECTION  NW (320)
  HIGHEST WIND SPEED    18   HIGHEST WIND DIRECTION    NW (330)
  HIGHEST GUST SPEED    24   HIGHEST GUST DIRECTION    NW (320)
  AVERAGE WIND SPEED     9.0


SKY COVER
  POSSIBLE SUNSHINE  MM
  AVERAGE SKY COVER 0.4


WEATHER CONDITIONS
 THE FOLLOWING WEATHER WAS RECORDED YESTERDAY.
  LIGHT SNOW


RELATIVE HUMIDITY (PERCENT)
 HIGHEST    73          1200 AM
 LOWEST     46           300 PM
 AVERAGE    60

..........................................................


THE PROVIDENCE RI CLIMATE NORMALS FOR TODAY
                         NORMAL    RECORD    YEAR
 MAXIMUM TEMPERATURE (F)   38        69      2002
 MINIMUM TEMPERATURE (F)   21         0      1934


SUNRISE AND SUNSET
JANUARY 29 2015.......SUNRISE   701 AM EST   SUNSET   457 PM EST
JANUARY 30 2015.......SUNRISE   700 AM EST   SUNSET   458 PM EST


-  INDICATES NEGATIVE NUMBERS.
R  INDICATES RECORD WAS SET OR TIED.
MM INDICATES DATA IS MISSING.
T  INDICATES TRACE AMOUNT.




$$
