000
CDUS41 KBOX 270957
CLIPVD


CLIMATE REPORT
NATIONAL WEATHER SERVICE TAUNTON MA
552 AM EDT THU AUG 27 2015


...................................

...THE PROVIDENCE RI CLIMATE SUMMARY FOR AUGUST 26 2015...

CLIMATE NORMAL PERIOD 1981 TO 2010
CLIMATE RECORD PERIOD 1904 TO 2015


WEATHER ITEM   OBSERVED TIME   RECORD YEAR NORMAL DEPARTURE LAST
                VALUE   (LST)  VALUE       VALUE  FROM      YEAR
                                                  NORMAL
..................................................................
TEMPERATURE (F)
 YESTERDAY
  MAXIMUM         84    229 PM 100    1948  80      4       81
  MINIMUM         67   1159 PM  41    1981  62      5       60
  AVERAGE         76                        71      5       71

PRECIPITATION (IN)
  YESTERDAY        0.00          2.80 1924   0.11  -0.11     0.00
  MONTH TO DATE    2.78                      3.06  -0.28     2.48
  SINCE JUN 1     10.47                      9.99   0.48     8.43
  SINCE JAN 1     27.42                     30.06  -2.64    31.23

SNOWFALL (IN)
  YESTERDAY        0.0           0.0  2002   0.0    0.0      0.0
                                      2001
                                      2000
  MONTH TO DATE    0.0                       0.0    0.0      0.0
  SINCE JUN 1      0.0                       0.0    0.0      0.0
  SINCE JUL 1      0.0                       0.0    0.0      0.0
  SNOW DEPTH       0

DEGREE DAYS
 HEATING
  YESTERDAY        0                         0      0        0
  MONTH TO DATE    0                         0      0        0
  SINCE JUN 1     72                        46     26       13
  SINCE JUL 1      0                         3     -3        0

 COOLING
  YESTERDAY       11                         6      5        6
  MONTH TO DATE  270                       203     67      147
  SINCE JUN 1    692                       601     91      539
  SINCE JAN 1    756                       627    129      550
..................................................................


WIND (MPH)
  RESULTANT WIND SPEED   6   RESULTANT WIND DIRECTION   W (270)
  HIGHEST WIND SPEED    16   HIGHEST WIND DIRECTION     W (270)
  HIGHEST GUST SPEED    21   HIGHEST GUST DIRECTION     W (280)
  AVERAGE WIND SPEED     6.9


SKY COVER
  POSSIBLE SUNSHINE  MM
  AVERAGE SKY COVER 0.3


WEATHER CONDITIONS
 THE FOLLOWING WEATHER WAS RECORDED YESTERDAY.
  THUNDERSTORM
  FOG


RELATIVE HUMIDITY (PERCENT)
 HIGHEST   100           300 AM
 LOWEST     40           200 PM
 AVERAGE    70

..........................................................


THE PROVIDENCE RI CLIMATE NORMALS FOR TODAY
                         NORMAL    RECORD    YEAR
 MAXIMUM TEMPERATURE (F)   80        98      1948
 MINIMUM TEMPERATURE (F)   62        49      1954
                                             1921


SUNRISE AND SUNSET
AUGUST 27 2015........SUNRISE   606 AM EDT   SUNSET   728 PM EDT
AUGUST 28 2015........SUNRISE   607 AM EDT   SUNSET   726 PM EDT


-  INDICATES NEGATIVE NUMBERS.
R  INDICATES RECORD WAS SET OR TIED.
MM INDICATES DATA IS MISSING.
T  INDICATES TRACE AMOUNT.




$$
