000
CDUS41 KBOX 180548
CLIPVD


CLIMATE REPORT
NATIONAL WEATHER SERVICE TAUNTON MA
1238 AM EST SAT NOV 18 2017


...................................

...THE PROVIDENCE RI CLIMATE SUMMARY FOR NOVEMBER 17 2017...

CLIMATE NORMAL PERIOD 1981 TO 2010
CLIMATE RECORD PERIOD 1904 TO 2017


WEATHER ITEM   OBSERVED TIME   RECORD YEAR NORMAL DEPARTURE LAST
                VALUE   (LST)  VALUE       VALUE  FROM      YEAR
                                                  NORMAL
..................................................................
TEMPERATURE (F)
 YESTERDAY
  MAXIMUM         48    144 PM  72    1928  53     -5       57
                                      1927
  MINIMUM         27   1120 PM  14    1924  36     -9       43
  AVERAGE         38                        44     -6       50

PRECIPITATION (IN)
  YESTERDAY        0.00          1.50 2014   0.15  -0.15     0.00
  MONTH TO DATE    1.11                      2.46  -1.35     1.18
  SINCE SEP 1     10.40                     10.31   0.09     8.75
  SINCE JAN 1     44.60                     40.91   3.69    34.58

SNOWFALL (IN)
  YESTERDAY        0.0           2.5  1980   0.0    0.0      0.0
  MONTH TO DATE    0.0                       0.4   -0.4      0.0
  SINCE SEP 1      0.0                       0.4   -0.4      0.0
  SINCE JUL 1      0.0                       0.4   -0.4      0.0
  SNOW DEPTH       0

DEGREE DAYS
 HEATING
  YESTERDAY       27                        21      6       15
  MONTH TO DATE  330                       315     15      271
  SINCE SEP 1    512                       764   -252      609
  SINCE JUL 1    520                       773   -253      609

 COOLING
  YESTERDAY        0                         0      0        0
  MONTH TO DATE    0                         0      0        0
  SINCE SEP 1    176                        88     88      166
  SINCE JAN 1    880                       744    136     1049
..................................................................


WIND (MPH)
  RESULTANT WIND SPEED  13   RESULTANT WIND DIRECTION  NW (300)
  HIGHEST WIND SPEED    26   HIGHEST WIND DIRECTION    NW (300)
  HIGHEST GUST SPEED    34   HIGHEST GUST DIRECTION     W (290)
  AVERAGE WIND SPEED    12.7


SKY COVER
  POSSIBLE SUNSHINE  MM
  AVERAGE SKY COVER 0.1


WEATHER CONDITIONS
 THE FOLLOWING WEATHER WAS RECORDED YESTERDAY.
  NO SIGNIFICANT WEATHER WAS OBSERVED.


RELATIVE HUMIDITY (PERCENT)
 HIGHEST    82          1200 AM
 LOWEST     37           300 PM
 AVERAGE    60

..........................................................


THE PROVIDENCE RI CLIMATE NORMALS FOR TODAY
                         NORMAL    RECORD    YEAR
 MAXIMUM TEMPERATURE (F)   52        73      1953
 MINIMUM TEMPERATURE (F)   35        15      1936


SUNRISE AND SUNSET
NOVEMBER 18 2017......SUNRISE   639 AM EST   SUNSET   423 PM EST
NOVEMBER 19 2017......SUNRISE   640 AM EST   SUNSET   422 PM EST


-  INDICATES NEGATIVE NUMBERS.
R  INDICATES RECORD WAS SET OR TIED.
MM INDICATES DATA IS MISSING.
T  INDICATES TRACE AMOUNT.




$$
