000
CDUS41 KBOX 280534
CLIPVD


CLIMATE REPORT
NATIONAL WEATHER SERVICE TAUNTON MA
134 AM EDT THU AUG 28 2014


...................................

...THE PROVIDENCE RI CLIMATE SUMMARY FOR AUGUST 27 2014...

CLIMATE NORMAL PERIOD 1981 TO 2010
CLIMATE RECORD PERIOD 1904 TO 2014


WEATHER ITEM   OBSERVED TIME   RECORD YEAR NORMAL DEPARTURE LAST
                VALUE   (LST)  VALUE       VALUE  FROM      YEAR
                                                  NORMAL
..................................................................
TEMPERATURE (F)
 YESTERDAY
  MAXIMUM         88    134 PM  98    1948  80      8       81
  MINIMUM         63    515 AM  49    1954  62      1       67
                                      1921
  AVERAGE         76                        71      5       74

PRECIPITATION (IN)
  YESTERDAY        0.00          1.36 1927   0.11  -0.11     0.88
  MONTH TO DATE    2.48                      3.17  -0.69     3.87
  SINCE JUN 1      8.43                     10.10  -1.67    16.21
  SINCE JAN 1     31.23                     30.17   1.06    30.81

SNOWFALL (IN)
  YESTERDAY        0.0           0.0  2002   0.0    0.0      0.0
                                      2001
                                      2000
  MONTH TO DATE    0.0                       0.0    0.0      0.0
  SINCE JUN 1      0.0                       0.0    0.0      0.0
  SINCE JUL 1      0.0                       0.0    0.0      0.0
  SNOW DEPTH       0

DEGREE DAYS
 HEATING
  YESTERDAY        0                         0      0        0
  MONTH TO DATE    0                         0      0        0
  SINCE JUN 1     13                        46    -33       24
  SINCE JUL 1      0                         3     -3        0

 COOLING
  YESTERDAY       11                         6      5        9
  MONTH TO DATE  158                       209    -51      167
  SINCE JUN 1    550                       607    -57      753
  SINCE JAN 1    561                       633    -72      797
..................................................................


WIND (MPH)
  RESULTANT WIND SPEED   8   RESULTANT WIND DIRECTION  SW (220)
  HIGHEST WIND SPEED    18   HIGHEST WIND DIRECTION    SW (210)
  HIGHEST GUST SPEED    24   HIGHEST GUST DIRECTION    SW (210)
  AVERAGE WIND SPEED     8.0


SKY COVER
  POSSIBLE SUNSHINE  MM
  AVERAGE SKY COVER 0.2


WEATHER CONDITIONS
 THE FOLLOWING WEATHER WAS RECORDED YESTERDAY.
  NO SIGNIFICANT WEATHER WAS OBSERVED.


RELATIVE HUMIDITY (PERCENT)
 HIGHEST    87           600 AM
 LOWEST     43           200 PM
 AVERAGE    65

..........................................................


THE PROVIDENCE RI CLIMATE NORMALS FOR TODAY
                         NORMAL    RECORD    YEAR
 MAXIMUM TEMPERATURE (F)   80        95      1948
 MINIMUM TEMPERATURE (F)   61        47      1986
                                             1968


SUNRISE AND SUNSET
AUGUST 28 2014........SUNRISE   607 AM EDT   SUNSET   726 PM EDT
AUGUST 29 2014........SUNRISE   608 AM EDT   SUNSET   724 PM EDT


-  INDICATES NEGATIVE NUMBERS.
R  INDICATES RECORD WAS SET OR TIED.
MM INDICATES DATA IS MISSING.
T  INDICATES TRACE AMOUNT.




$$
