000
CDUS41 KBOX 150537
CLIPVD


CLIMATE REPORT
NATIONAL WEATHER SERVICE TAUNTON MA
137 AM EDT FRI SEP 15 2017


...................................

...THE PROVIDENCE RI CLIMATE SUMMARY FOR SEPTEMBER 14 2017...

CLIMATE NORMAL PERIOD 1981 TO 2010
CLIMATE RECORD PERIOD 1904 TO 2017


WEATHER ITEM   OBSERVED TIME   RECORD YEAR NORMAL DEPARTURE LAST
                VALUE   (LST)  VALUE       VALUE  FROM      YEAR
                                                  NORMAL
..................................................................
TEMPERATURE (F)
 YESTERDAY
  MAXIMUM         83    309 PM  90    2016  75      8       90
                                      1931
  MINIMUM         68    556 AM  38    1911  56     12       63
  AVERAGE         76                        66     10       77

PRECIPITATION (IN)
  YESTERDAY        0.01          5.43 1944   0.13  -0.12     0.07
  MONTH TO DATE    1.62                      1.77  -0.15     0.75
  SINCE SEP 1      1.62                      1.77  -0.15     0.75
  SINCE JAN 1     35.82                     32.37   3.45    26.58

SNOWFALL (IN)
  YESTERDAY        0.0           0.0  2002   0.0    0.0      0.0
                                      2001
                                      2000
  MONTH TO DATE    0.0                       0.0    0.0      0.0
  SINCE SEP 1      0.0                       0.0    0.0      0.0
  SINCE JUL 1      0.0                       0.0    0.0      0.0
  SNOW DEPTH       0

DEGREE DAYS
 HEATING
  YESTERDAY        0                         2     -2        0
  MONTH TO DATE   15                        19     -4        0
  SINCE SEP 1     15                        19     -4        0
  SINCE JUL 1     23                        28     -5        0

 COOLING
  YESTERDAY       11                         3      8       12
  MONTH TO DATE   46                        55     -9      106
  SINCE SEP 1     46                        55     -9      106
  SINCE JAN 1    750                       711     39      989
..................................................................


WIND (MPH)
  RESULTANT WIND SPEED   8   RESULTANT WIND DIRECTION  SW (210)
  HIGHEST WIND SPEED    17   HIGHEST WIND DIRECTION    SW (230)
  HIGHEST GUST SPEED    24   HIGHEST GUST DIRECTION    SW (230)
  AVERAGE WIND SPEED     8.4


SKY COVER
  POSSIBLE SUNSHINE  MM
  AVERAGE SKY COVER 0.7


WEATHER CONDITIONS
 THE FOLLOWING WEATHER WAS RECORDED YESTERDAY.
  LIGHT RAIN


RELATIVE HUMIDITY (PERCENT)
 HIGHEST   100           600 AM
 LOWEST     62          1200 PM
 AVERAGE    81

..........................................................


THE PROVIDENCE RI CLIMATE NORMALS FOR TODAY
                         NORMAL    RECORD    YEAR
 MAXIMUM TEMPERATURE (F)   75        90      1915
 MINIMUM TEMPERATURE (F)   56        38      1975


SUNRISE AND SUNSET
SEPTEMBER 15 2017.....SUNRISE   626 AM EDT   SUNSET   655 PM EDT
SEPTEMBER 16 2017.....SUNRISE   627 AM EDT   SUNSET   653 PM EDT


-  INDICATES NEGATIVE NUMBERS.
R  INDICATES RECORD WAS SET OR TIED.
MM INDICATES DATA IS MISSING.
T  INDICATES TRACE AMOUNT.




$$
