000
CDUS41 KBOX 190546
CLIPVD


CLIMATE REPORT
NATIONAL WEATHER SERVICE TAUNTON MA
140 AM EDT SUN MAR 19 2017


...................................

...THE PROVIDENCE RI CLIMATE SUMMARY FOR MARCH 18 2017...

CLIMATE NORMAL PERIOD 1981 TO 2010
CLIMATE RECORD PERIOD 1904 TO 2017


WEATHER ITEM   OBSERVED TIME   RECORD YEAR NORMAL DEPARTURE LAST
                VALUE   (LST)  VALUE       VALUE  FROM      YEAR
                                                  NORMAL
..................................................................
TEMPERATURE (F)
 YESTERDAY
  MAXIMUM         46    154 PM  73    2011  48     -2       54
  MINIMUM         24    314 AM   3    1967  30     -6       37
  AVERAGE         35                        39     -4       46

PRECIPITATION (IN)
  YESTERDAY        T             2.18 1968   0.17  -0.17     0.02
  MONTH TO DATE    2.22                      2.74  -0.52     2.09
  SINCE MAR 1      2.22                      2.74  -0.52     2.09
  SINCE JAN 1      9.40                      9.89  -0.49    10.44

SNOWFALL (IN)
  YESTERDAY        T             6.9  1949   0.2   -0.2      0.0
  MONTH TO DATE    7.7                       4.0    3.7       T
  SINCE MAR 1      7.7                       4.0    3.7       T
  SINCE JUL 1     45.9                      31.7   14.2     19.4
  SNOW DEPTH       0

DEGREE DAYS
 HEATING
  YESTERDAY       30                        26      4       19
  MONTH TO DATE  585                       506     79      372
  SINCE MAR 1    585                       506     79      372
  SINCE JUL 1   4143                      4568   -425     3743

 COOLING
  YESTERDAY        0                         0      0        0
  MONTH TO DATE    0                         0      0        0
  SINCE MAR 1      0                         0      0        0
  SINCE JAN 1      0                         0      0        0
..................................................................


WIND (MPH)
  RESULTANT WIND SPEED   8   RESULTANT WIND DIRECTION  NE (50)
  HIGHEST WIND SPEED    18   HIGHEST WIND DIRECTION    NE (30)
  HIGHEST GUST SPEED    24   HIGHEST GUST DIRECTION    NE (50)
  AVERAGE WIND SPEED    10.0


SKY COVER
  POSSIBLE SUNSHINE  MM
  AVERAGE SKY COVER 0.5


WEATHER CONDITIONS
 THE FOLLOWING WEATHER WAS RECORDED YESTERDAY.
  LIGHT SNOW


RELATIVE HUMIDITY (PERCENT)
 HIGHEST    69          1000 PM
 LOWEST     40          1200 PM
 AVERAGE    55

..........................................................


THE PROVIDENCE RI CLIMATE NORMALS FOR TODAY
                         NORMAL    RECORD    YEAR
 MAXIMUM TEMPERATURE (F)   49        73      2012
 MINIMUM TEMPERATURE (F)   31         1      1967


SUNRISE AND SUNSET
MARCH 19 2017.........SUNRISE   650 AM EDT   SUNSET   657 PM EDT
MARCH 20 2017.........SUNRISE   649 AM EDT   SUNSET   658 PM EDT


-  INDICATES NEGATIVE NUMBERS.
R  INDICATES RECORD WAS SET OR TIED.
MM INDICATES DATA IS MISSING.
T  INDICATES TRACE AMOUNT.




$$
