653
CDUS41 KBOX 190552
CLIPVD


CLIMATE REPORT
NATIONAL WEATHER SERVICE TAUNTON MA
1245 AM EST THU JAN 19 2017


...................................

...THE PROVIDENCE RI CLIMATE SUMMARY FOR JANUARY 18 2017...

CLIMATE NORMAL PERIOD 1981 TO 2010
CLIMATE RECORD PERIOD 1904 TO 2017


WEATHER ITEM   OBSERVED TIME   RECORD YEAR NORMAL DEPARTURE LAST
                VALUE   (LST)  VALUE       VALUE  FROM      YEAR
                                                  NORMAL
..................................................................
TEMPERATURE (F)
 YESTERDAY
  MAXIMUM         41    406 PM  62    1973  37      4       29
  MINIMUM         35   1159 PM  -9    1982  21     14       19
  AVERAGE         38                        29      9       24

PRECIPITATION (IN)
  YESTERDAY        0.20          1.65 1915   0.12   0.08     0.02
  MONTH TO DATE    2.71                      2.26   0.45     2.60
  SINCE DEC 1      5.85                      6.48  -0.63     7.40
  SINCE JAN 1      2.71                      2.26   0.45     2.60

SNOWFALL (IN)
  YESTERDAY        0.0           7.5  2009   0.3   -0.3      0.4
                                      1948
  MONTH TO DATE   14.1                       5.3    8.8      2.0
  SINCE DEC 1     18.5                      14.0    4.5      2.6
  SINCE JUL 1     18.5                      15.5    3.0      2.6
  SNOW DEPTH       0

DEGREE DAYS
 HEATING
  YESTERDAY       27                        36     -9       41
  MONTH TO DATE  578                       644    -66      583
  SINCE DEC 1   1506                      1596    -90     1166
  SINCE JUL 1   2393                      2671   -278     2047

 COOLING
  YESTERDAY        0                         0      0        0
  MONTH TO DATE    0                         0      0        0
  SINCE DEC 1      0                         0      0        0
  SINCE JAN 1      0                         0      0        0
..................................................................


WIND (MPH)
  RESULTANT WIND SPEED   8   RESULTANT WIND DIRECTION   N (20)
  HIGHEST WIND SPEED    14   HIGHEST WIND DIRECTION     N (360)
  HIGHEST GUST SPEED    19   HIGHEST GUST DIRECTION     N (20)
  AVERAGE WIND SPEED     9.4


SKY COVER
  POSSIBLE SUNSHINE  MM
  AVERAGE SKY COVER 1.0


WEATHER CONDITIONS
 THE FOLLOWING WEATHER WAS RECORDED YESTERDAY.
  LIGHT RAIN
  FOG


RELATIVE HUMIDITY (PERCENT)
 HIGHEST   100           800 PM
 LOWEST     92          1200 AM
 AVERAGE    96

..........................................................


THE PROVIDENCE RI CLIMATE NORMALS FOR TODAY
                         NORMAL    RECORD    YEAR
 MAXIMUM TEMPERATURE (F)   37        62      1951
 MINIMUM TEMPERATURE (F)   21        -4      1971


SUNRISE AND SUNSET
JANUARY 19 2017.......SUNRISE   708 AM EST   SUNSET   445 PM EST
JANUARY 20 2017.......SUNRISE   708 AM EST   SUNSET   446 PM EST


-  INDICATES NEGATIVE NUMBERS.
R  INDICATES RECORD WAS SET OR TIED.
MM INDICATES DATA IS MISSING.
T  INDICATES TRACE AMOUNT.




$$
