000
CDUS41 KBOX 180615
CLIPVD


CLIMATE REPORT
NATIONAL WEATHER SERVICE TAUNTON MA
210 AM EDT MON JUL 18 2016


...................................

...THE PROVIDENCE RI CLIMATE SUMMARY FOR JULY 17 2016...

CLIMATE NORMAL PERIOD 1981 TO 2010
CLIMATE RECORD PERIOD 1904 TO 2016


WEATHER ITEM   OBSERVED TIME   RECORD YEAR NORMAL DEPARTURE LAST
                VALUE   (LST)  VALUE       VALUE  FROM      YEAR
                                                  NORMAL
..................................................................
TEMPERATURE (F)
 YESTERDAY
  MAXIMUM         86   1251 PM  97    1999  83      3       79
                                      1977
  MINIMUM         73   1159 PM  49    1954  65      8       57
  AVERAGE         80                        74      6       68

PRECIPITATION (IN)
  YESTERDAY        0.39          3.23 1989   0.11   0.28     0.00
  MONTH TO DATE    2.07                      1.68   0.39     1.74
  SINCE JUN 1      3.12                      5.32  -2.20     7.09
  SINCE JAN 1     21.24                     25.39  -4.15    24.04

SNOWFALL (IN)
  YESTERDAY        0.0           0.0  2002   0.0    0.0      0.0
                                      2001
                                      2000
  MONTH TO DATE    0.0                       0.0    0.0      0.0
  SINCE JUN 1      0.0                       0.0    0.0      0.0
  SINCE JUL 1      0.0                       0.0    0.0      0.0
  SNOW DEPTH       0

DEGREE DAYS
 HEATING
  YESTERDAY        0                         0      0        0
  MONTH TO DATE    0                         0      0        0
  SINCE JUN 1     12                        43    -31       72
  SINCE JUL 1      0                         0      0        0

 COOLING
  YESTERDAY       15                         9      6        3
  MONTH TO DATE  161                       141     20      140
  SINCE JUN 1    296                       273     23      258
  SINCE JAN 1    347                       299     48      322
..................................................................


WIND (MPH)
  RESULTANT WIND SPEED   3   RESULTANT WIND DIRECTION   S (160)
  HIGHEST WIND SPEED    20   HIGHEST WIND DIRECTION    NW (310)
  HIGHEST GUST SPEED    24   HIGHEST GUST DIRECTION     S (160)
  AVERAGE WIND SPEED     5.8


SKY COVER
  POSSIBLE SUNSHINE  MM
  AVERAGE SKY COVER 0.6


WEATHER CONDITIONS
 THE FOLLOWING WEATHER WAS RECORDED YESTERDAY.
  THUNDERSTORM
  HEAVY RAIN
  LIGHT RAIN
  FOG


RELATIVE HUMIDITY (PERCENT)
 HIGHEST    87           200 AM
 LOWEST     55          1000 AM
 AVERAGE    71

..........................................................


THE PROVIDENCE RI CLIMATE NORMALS FOR TODAY
                         NORMAL    RECORD    YEAR
 MAXIMUM TEMPERATURE (F)   83        98      1999
                                             1982
 MINIMUM TEMPERATURE (F)   65        53      1956


SUNRISE AND SUNSET
JULY 18 2016..........SUNRISE   527 AM EDT   SUNSET   816 PM EDT
JULY 19 2016..........SUNRISE   528 AM EDT   SUNSET   816 PM EDT


-  INDICATES NEGATIVE NUMBERS.
R  INDICATES RECORD WAS SET OR TIED.
MM INDICATES DATA IS MISSING.
T  INDICATES TRACE AMOUNT.




$$
