000
CDUS41 KBOX 202127
CLIPVD


CLIMATE REPORT
NATIONAL WEATHER SERVICE TAUNTON MA
524 PM EDT WED SEP 20 2017


...................................

...THE PROVIDENCE RI CLIMATE SUMMARY FOR SEPTEMBER 20 2017...
VALID AS OF 0500 PM LOCAL TIME.

CLIMATE NORMAL PERIOD 1981 TO 2010
CLIMATE RECORD PERIOD 1904 TO 2017


WEATHER ITEM   OBSERVED TIME   RECORD YEAR NORMAL DEPARTURE LAST
                VALUE   (LST)  VALUE       VALUE  FROM      YEAR
                                                  NORMAL
..................................................................
TEMPERATURE (F)
 TODAY
  MAXIMUM         70    312 PM  93    1983  73     -3       80
  MINIMUM         66    302 AM  38    1979  54     12       67
  AVERAGE         68                        63      5       74

PRECIPITATION (IN)
  TODAY            0.19          1.87 1960   0.13   0.06     0.05
  MONTH TO DATE    1.93                      2.57  -0.64     1.63
  SINCE SEP 1      1.93                      2.57  -0.64     1.63
  SINCE JAN 1     36.13                     33.17   2.96    27.46

SNOWFALL (IN)
  TODAY            0.0           0.0  2002   0.0    0.0      0.0
                                      2001
                                      2000
  MONTH TO DATE    0.0                       0.0    0.0      0.0
  SINCE SEP 1      0.0                       0.0    0.0      0.0
  SINCE JUL 1      0.0                       0.0    0.0      0.0
  SNOW DEPTH       0

DEGREE DAYS
 HEATING
  TODAY            0                         4     -4        0
  MONTH TO DATE   15                        37    -22        6
  SINCE SEP 1     15                        37    -22        6
  SINCE JUL 1     23                        46    -23        6

 COOLING
  TODAY            3                         2      1        9
  MONTH TO DATE   79                        68     11      132
  SINCE SEP 1     79                        68     11      132
  SINCE JAN 1    783                       724     59     1015
..................................................................


WIND (MPH)
  HIGHEST WIND SPEED    29   HIGHEST WIND DIRECTION     N (10)
  HIGHEST GUST SPEED    38   HIGHEST GUST DIRECTION    NE (30)
  AVERAGE WIND SPEED    21.0


SKY COVER
  POSSIBLE SUNSHINE  MM
  AVERAGE SKY COVER 0.9


WEATHER CONDITIONS
 THE FOLLOWING WEATHER WAS RECORDED TODAY.
  HEAVY RAIN
  LIGHT RAIN
  FOG


RELATIVE HUMIDITY (PERCENT)
 HIGHEST   100           100 AM
 LOWEST     93           700 AM
 AVERAGE    97

..........................................................


THE PROVIDENCE RI CLIMATE NORMALS FOR TOMORROW
                         NORMAL    RECORD    YEAR
 MAXIMUM TEMPERATURE (F)   72        89      1914
 MINIMUM TEMPERATURE (F)   53        35      1956


SUNRISE AND SUNSET
SEPTEMBER 20 2017.....SUNRISE   631 AM EDT   SUNSET   646 PM EDT
SEPTEMBER 21 2017.....SUNRISE   632 AM EDT   SUNSET   644 PM EDT


-  INDICATES NEGATIVE NUMBERS.
R  INDICATES RECORD WAS SET OR TIED.
MM INDICATES DATA IS MISSING.
T  INDICATES TRACE AMOUNT.




$$
