000
CDUS41 KBOX 070545
CLIPVD


CLIMATE REPORT
NATIONAL WEATHER SERVICE TAUNTON MA
1238 AM EST SUN FEB 7 2016


...................................

...THE PROVIDENCE RI CLIMATE SUMMARY FOR FEBRUARY 6 2016...

CLIMATE NORMAL PERIOD 1981 TO 2010
CLIMATE RECORD PERIOD 1904 TO 2016


WEATHER ITEM   OBSERVED TIME   RECORD YEAR NORMAL DEPARTURE LAST
                VALUE   (LST)  VALUE       VALUE  FROM      YEAR
                                                  NORMAL
..................................................................
TEMPERATURE (F)
 YESTERDAY
  MAXIMUM         35    334 PM  57    1909  39     -4       22
  MINIMUM         16    549 AM  -4    1918  22     -6       -1
  AVERAGE         26                        31     -5       11

PRECIPITATION (IN)
  YESTERDAY        0.00          1.98 1978   0.12  -0.12     0.00
  MONTH TO DATE    2.06                      0.69   1.37     0.87
  SINCE DEC 1      9.89                      8.77   1.12    10.74
  SINCE JAN 1      5.09                      4.55   0.54     4.49

SNOWFALL (IN)
  YESTERDAY        0.0          18.0  1978   0.3   -0.3      0.0
  MONTH TO DATE    5.1                       1.9    3.2      8.2
  SINCE DEC 1     13.0                      19.6   -6.6     34.7
  SINCE JUL 1     13.0                      21.1   -8.1     36.3
  SNOW DEPTH       5

DEGREE DAYS
 HEATING
  YESTERDAY       39                        34      5       54
  MONTH TO DATE  142                       209    -67      274
  SINCE DEC 1   1735                      2271   -536     2304
  SINCE JUL 1   2616                      3346   -730     3340

 COOLING
  YESTERDAY        0                         0      0        0
  MONTH TO DATE    0                         0      0        0
  SINCE DEC 1      0                         0      0        0
  SINCE JAN 1      0                         0      0        0
..................................................................


WIND (MPH)
  RESULTANT WIND SPEED   6   RESULTANT WIND DIRECTION  SW (240)
  HIGHEST WIND SPEED    16   HIGHEST WIND DIRECTION    SW (220)
  HIGHEST GUST SPEED    19   HIGHEST GUST DIRECTION     S (200)
  AVERAGE WIND SPEED     6.7


SKY COVER
  POSSIBLE SUNSHINE  MM
  AVERAGE SKY COVER 0.5


WEATHER CONDITIONS
 THE FOLLOWING WEATHER WAS RECORDED YESTERDAY.
  NO SIGNIFICANT WEATHER WAS OBSERVED.


RELATIVE HUMIDITY (PERCENT)
 HIGHEST    92           700 AM
 LOWEST     56           200 PM
 AVERAGE    74

..........................................................


THE PROVIDENCE RI CLIMATE NORMALS FOR TODAY
                         NORMAL    RECORD    YEAR
 MAXIMUM TEMPERATURE (F)   39        53      1946
                                             1925
 MINIMUM TEMPERATURE (F)   22        -4      1910


SUNRISE AND SUNSET
FEBRUARY  7 2016......SUNRISE   652 AM EST   SUNSET   508 PM EST
FEBRUARY  8 2016......SUNRISE   651 AM EST   SUNSET   510 PM EST


-  INDICATES NEGATIVE NUMBERS.
R  INDICATES RECORD WAS SET OR TIED.
MM INDICATES DATA IS MISSING.
T  INDICATES TRACE AMOUNT.




$$
