000
CDUS41 KBOX 200614
CLIPVD


CLIMATE REPORT
NATIONAL WEATHER SERVICE TAUNTON MA
213 AM EDT SUN JUL 20 2014


...................................

...THE PROVIDENCE RI CLIMATE SUMMARY FOR JULY 19 2014...

CLIMATE NORMAL PERIOD 1981 TO 2010
CLIMATE RECORD PERIOD 1904 TO 2014


WEATHER ITEM   OBSERVED TIME   RECORD YEAR NORMAL DEPARTURE LAST
                VALUE   (LST)  VALUE       VALUE  FROM      YEAR
                                                  NORMAL
..................................................................
TEMPERATURE (F)
 YESTERDAY
  MAXIMUM         78   1257 PM 100    1977  83     -5       98
  MINIMUM         61    408 AM  55    1956  65     -4       77
  AVERAGE         70                        74     -4       88

PRECIPITATION (IN)
  YESTERDAY        T             2.45 1971   0.11  -0.11     0.00
  MONTH TO DATE    3.32                      1.90   1.42     0.80
  SINCE JUN 1      5.68                      5.54   0.14    10.88
  SINCE JAN 1     28.48                     25.61   2.87    25.48

SNOWFALL (IN)
  YESTERDAY        0.0           0.0  2002   0.0    0.0      0.0
  MONTH TO DATE    0.0                       0.0    0.0      0.0
  SINCE JUN 1      0.0                       0.0    0.0      0.0
  SINCE JUL 1      0.0                       0.0    0.0      0.0
  SNOW DEPTH       0

DEGREE DAYS
 HEATING
  YESTERDAY        0                         0      0        0
  MONTH TO DATE    0                         0      0        0
  SINCE JUN 1     13                        43    -30       24
  SINCE JUL 1      0                         0      0        0

 COOLING
  YESTERDAY        5                         9     -4       23
  MONTH TO DATE  194                       159     35      298
  SINCE JUN 1    297                       291      6      462
  SINCE JAN 1    308                       317     -9      506
..................................................................


WIND (MPH)
  RESULTANT WIND SPEED   2   RESULTANT WIND DIRECTION   S (180)
  HIGHEST WIND SPEED    12   HIGHEST WIND DIRECTION     S (170)
  HIGHEST GUST SPEED    20   HIGHEST GUST DIRECTION    SE (150)
  AVERAGE WIND SPEED     3.2


SKY COVER
  POSSIBLE SUNSHINE  MM
  AVERAGE SKY COVER 0.6


WEATHER CONDITIONS
 THE FOLLOWING WEATHER WAS RECORDED YESTERDAY.
  LIGHT RAIN


RELATIVE HUMIDITY (PERCENT)
 HIGHEST    97           400 AM
 LOWEST     54          1200 PM
 AVERAGE    76

..........................................................


THE PROVIDENCE RI CLIMATE NORMALS FOR TODAY
                         NORMAL    RECORD    YEAR
 MAXIMUM TEMPERATURE (F)   83       101      1991
 MINIMUM TEMPERATURE (F)   65        54      1939


SUNRISE AND SUNSET
JULY 20 2014..........SUNRISE   528 AM EDT   SUNSET   815 PM EDT
JULY 21 2014..........SUNRISE   529 AM EDT   SUNSET   814 PM EDT


-  INDICATES NEGATIVE NUMBERS.
R  INDICATES RECORD WAS SET OR TIED.
MM INDICATES DATA IS MISSING.
T  INDICATES TRACE AMOUNT.




$$
