000
CDUS41 KBOX 270550
CLIPVD


CLIMATE REPORT
NATIONAL WEATHER SERVICE TAUNTON MA
1249 AM EST FRI FEB 27 2015


...................................

...THE PROVIDENCE RI CLIMATE SUMMARY FOR FEBRUARY 26 2015...

CLIMATE NORMAL PERIOD 1981 TO 2010
CLIMATE RECORD PERIOD 1904 TO 2015


WEATHER ITEM   OBSERVED TIME   RECORD YEAR NORMAL DEPARTURE LAST
                VALUE   (LST)  VALUE       VALUE  FROM      YEAR
                                                  NORMAL
..................................................................
TEMPERATURE (F)
 YESTERDAY
  MAXIMUM         24    317 PM  65    1957  43    -19       31
  MINIMUM         18    754 AM   0    1928  26     -8       15
  AVERAGE         21                        34    -13       23

PRECIPITATION (IN)
  YESTERDAY        0.01          2.18 1979   0.13  -0.12     0.00
  MONTH TO DATE    2.73                      3.02  -0.29     4.68
  SINCE DEC 1     12.60                     11.10   1.50    13.19
  SINCE JAN 1      6.35                      6.88  -0.53     8.37

SNOWFALL (IN)
  YESTERDAY        0.2           7.6  1934   0.3   -0.1      0.0
  MONTH TO DATE   31.8                       8.0   23.8     19.7
  SINCE DEC 1     58.3                      25.7   32.6     41.7
  SINCE JUL 1     59.9                      27.2   32.7     41.8
  SNOW DEPTH      14

DEGREE DAYS
 HEATING
  YESTERDAY       44                        31     13       42
  MONTH TO DATE 1205                       864    341      924
  SINCE DEC 1   3235                      2926    309     3077
  SINCE JUL 1   4271                      4001    270     4180

 COOLING
  YESTERDAY        0                         0      0        0
  MONTH TO DATE    0                         0      0        0
  SINCE DEC 1      0                         0      0        0
  SINCE JAN 1      0                         0      0        0
..................................................................


WIND (MPH)
  RESULTANT WIND SPEED  10   RESULTANT WIND DIRECTION   N (0)
  HIGHEST WIND SPEED    20   HIGHEST WIND DIRECTION     N (20)
  HIGHEST GUST SPEED    24   HIGHEST GUST DIRECTION     N (10)
  AVERAGE WIND SPEED    10.7


SKY COVER
  POSSIBLE SUNSHINE  MM
  AVERAGE SKY COVER 0.7


WEATHER CONDITIONS
 THE FOLLOWING WEATHER WAS RECORDED YESTERDAY.
  LIGHT SNOW
  FOG
  HAZE


RELATIVE HUMIDITY (PERCENT)
 HIGHEST    84           100 PM
 LOWEST     35           100 AM
 AVERAGE    60

..........................................................


THE PROVIDENCE RI CLIMATE NORMALS FOR TODAY
                         NORMAL    RECORD    YEAR
 MAXIMUM TEMPERATURE (F)   43        64      1976
 MINIMUM TEMPERATURE (F)   26         2      1950


SUNRISE AND SUNSET
FEBRUARY 27 2015......SUNRISE   624 AM EST   SUNSET   533 PM EST
FEBRUARY 28 2015......SUNRISE   623 AM EST   SUNSET   535 PM EST


-  INDICATES NEGATIVE NUMBERS.
R  INDICATES RECORD WAS SET OR TIED.
MM INDICATES DATA IS MISSING.
T  INDICATES TRACE AMOUNT.




$$
