000
CDUS41 KBOX 290549
CLIPVD


CLIMATE REPORT
NATIONAL WEATHER SERVICE TAUNTON MA
1239 AM EST TUE NOV 29 2016


...................................

...THE PROVIDENCE RI CLIMATE SUMMARY FOR NOVEMBER 28 2016...

CLIMATE NORMAL PERIOD 1981 TO 2010
CLIMATE RECORD PERIOD 1904 TO 2016


WEATHER ITEM   OBSERVED TIME   RECORD YEAR NORMAL DEPARTURE LAST
                VALUE   (LST)  VALUE       VALUE  FROM      YEAR
                                                  NORMAL
..................................................................
TEMPERATURE (F)
 YESTERDAY
  MAXIMUM         50    201 PM  72    1990  49      1       56
  MINIMUM         30   1124 PM  13    1904  32     -2       43
  AVERAGE         40                        40      0       50

PRECIPITATION (IN)
  YESTERDAY        0.00          3.14 1937   0.16  -0.16     0.08
  MONTH TO DATE    1.52                      4.19  -2.67     2.62
  SINCE SEP 1      9.09                     12.04  -2.95     8.61
  SINCE JAN 1     34.92                     42.64  -7.72    36.03

SNOWFALL (IN)
  YESTERDAY        0.0           2.6  1917   0.1   -0.1      0.0
  MONTH TO DATE    T                         1.3   -1.3      0.0
  SINCE SEP 1      T                         1.3   -1.3      0.0
  SINCE JUL 1      T                         1.3   -1.3      0.0
  SNOW DEPTH       0

DEGREE DAYS
 HEATING
  YESTERDAY       25                        25      0       15
  MONTH TO DATE  518                       568    -50      460
  SINCE SEP 1    856                      1017   -161      827
  SINCE JUL 1    856                      1026   -170      827

 COOLING
  YESTERDAY        0                         0      0        0
  MONTH TO DATE    0                         0      0        2
  SINCE SEP 1    166                        88     78      154
  SINCE JAN 1   1049                       744    305      955
..................................................................


WIND (MPH)
  RESULTANT WIND SPEED   5   RESULTANT WIND DIRECTION   W (290)
  HIGHEST WIND SPEED    13   HIGHEST WIND DIRECTION    NW (320)
  HIGHEST GUST SPEED    20   HIGHEST GUST DIRECTION    SW (240)
  AVERAGE WIND SPEED     5.5


SKY COVER
  POSSIBLE SUNSHINE  MM
  AVERAGE SKY COVER 0.1


WEATHER CONDITIONS
 THE FOLLOWING WEATHER WAS RECORDED YESTERDAY.
  NO SIGNIFICANT WEATHER WAS OBSERVED.


RELATIVE HUMIDITY (PERCENT)
 HIGHEST    85           300 AM
 LOWEST     34           100 PM
 AVERAGE    60

..........................................................


THE PROVIDENCE RI CLIMATE NORMALS FOR TODAY
                         NORMAL    RECORD    YEAR
 MAXIMUM TEMPERATURE (F)   48        65      2011
 MINIMUM TEMPERATURE (F)   32        12      1904


SUNRISE AND SUNSET
NOVEMBER 29 2016......SUNRISE   652 AM EST   SUNSET   416 PM EST
NOVEMBER 30 2016......SUNRISE   653 AM EST   SUNSET   416 PM EST


-  INDICATES NEGATIVE NUMBERS.
R  INDICATES RECORD WAS SET OR TIED.
MM INDICATES DATA IS MISSING.
T  INDICATES TRACE AMOUNT.




$$
