000
CDUS41 KBOX 050615
CLIPVD


CLIMATE REPORT
NATIONAL WEATHER SERVICE TAUNTON MA
109 AM EST FRI FEB 5 2016


...................................

...THE PROVIDENCE RI CLIMATE SUMMARY FOR FEBRUARY 4 2016...

CLIMATE NORMAL PERIOD 1981 TO 2010
CLIMATE RECORD PERIOD 1904 TO 2016


WEATHER ITEM   OBSERVED TIME   RECORD YEAR NORMAL DEPARTURE LAST
                VALUE   (LST)  VALUE       VALUE  FROM      YEAR
                                                  NORMAL
..................................................................
TEMPERATURE (F)
 YESTERDAY
  MAXIMUM         57    551 AM  66    1991  39     18       39
  MINIMUM         42   1159 PM  -2    1918  22     20        5
  AVERAGE         50                        30     20       22

PRECIPITATION (IN)
  YESTERDAY        0.19          2.50 1961   0.12   0.07     0.00
  MONTH TO DATE    1.13                      0.46   0.67     0.87
  SINCE DEC 1      8.96                      8.54   0.42    10.74
  SINCE JAN 1      4.16                      4.32  -0.16     4.49

SNOWFALL (IN)
  YESTERDAY        0.0          18.3  1961   0.3   -0.3      0.0
  MONTH TO DATE    0.0                       1.3   -1.3      7.9
  SINCE DEC 1      7.9                      19.0  -11.1     34.4
  SINCE JUL 1      7.9                      20.5  -12.6     36.0
  SNOW DEPTH       0

DEGREE DAYS
 HEATING
  YESTERDAY       15                        35    -20       43
  MONTH TO DATE   72                       140    -68      179
  SINCE DEC 1   1665                      2202   -537     2209
  SINCE JUL 1   2546                      3277   -731     3245

 COOLING
  YESTERDAY        0                         0      0        0
  MONTH TO DATE    0                         0      0        0
  SINCE DEC 1      0                         0      0        0
  SINCE JAN 1      0                         0      0        0
..................................................................


WIND (MPH)
  RESULTANT WIND SPEED   5   RESULTANT WIND DIRECTION   W (260)
  HIGHEST WIND SPEED    17   HIGHEST WIND DIRECTION    NW (320)
  HIGHEST GUST SPEED    23   HIGHEST GUST DIRECTION     W (290)
  AVERAGE WIND SPEED     7.7


SKY COVER
  POSSIBLE SUNSHINE  MM
  AVERAGE SKY COVER 0.9


WEATHER CONDITIONS
 THE FOLLOWING WEATHER WAS RECORDED YESTERDAY.
  HEAVY RAIN
  RAIN
  LIGHT RAIN
  FOG


RELATIVE HUMIDITY (PERCENT)
 HIGHEST   100           700 AM
 LOWEST     41           500 PM
 AVERAGE    71

..........................................................


THE PROVIDENCE RI CLIMATE NORMALS FOR TODAY
                         NORMAL    RECORD    YEAR
 MAXIMUM TEMPERATURE (F)   39        62      1991
 MINIMUM TEMPERATURE (F)   22       -10      1918


SUNRISE AND SUNSET
FEBRUARY  5 2016......SUNRISE   654 AM EST   SUNSET   506 PM EST
FEBRUARY  6 2016......SUNRISE   653 AM EST   SUNSET   507 PM EST


-  INDICATES NEGATIVE NUMBERS.
R  INDICATES RECORD WAS SET OR TIED.
MM INDICATES DATA IS MISSING.
T  INDICATES TRACE AMOUNT.




$$
