000
CDUS41 KBOX 052120
CLIPVD


CLIMATE REPORT
NATIONAL WEATHER SERVICE TAUNTON MA
418 PM EST MON DEC 5 2016


...................................

...THE PROVIDENCE RI CLIMATE SUMMARY FOR DECEMBER 5 2016...
VALID AS OF 0400 PM LOCAL TIME.

CLIMATE NORMAL PERIOD 1981 TO 2010
CLIMATE RECORD PERIOD 1904 TO 2016


WEATHER ITEM   OBSERVED TIME   RECORD YEAR NORMAL DEPARTURE LAST
                VALUE   (LST)  VALUE       VALUE  FROM      YEAR
                                                  NORMAL
..................................................................
TEMPERATURE (F)
 TODAY
  MAXIMUM         42    259 PM  68    2001  46     -4       54
  MINIMUM         30    710 AM   4    1926  30      0       32
  AVERAGE         36                        38     -2       43

PRECIPITATION (IN)
  TODAY            0.09          2.86 1993   0.15  -0.06     0.00
  MONTH TO DATE    0.28                      0.77  -0.49     0.40
  SINCE DEC 1      0.28                      0.77  -0.49     0.40
  SINCE JAN 1     37.14                     43.73  -6.59    36.43

SNOWFALL (IN)
  TODAY            0.4           6.0  2002   0.2    0.2      0.0
  MONTH TO DATE    0.4                       1.0   -0.6      0.0
  SINCE DEC 1      0.4                       1.0   -0.6      0.0
  SINCE JUL 1      0.4                       2.5   -2.1      0.0
  SNOW DEPTH       0

DEGREE DAYS
 HEATING
  TODAY           29                        27      2       22
  MONTH TO DATE  117                       132    -15      105
  SINCE DEC 1    117                       132    -15      105
  SINCE JUL 1   1004                      1207   -203      986

 COOLING
  TODAY            0                         0      0        0
  MONTH TO DATE    0                         0      0        0
  SINCE DEC 1      0                         0      0        0
  SINCE JAN 1   1049                       744    305      955
..................................................................


WIND (MPH)
  HIGHEST WIND SPEED    15   HIGHEST WIND DIRECTION     W (280)
  HIGHEST GUST SPEED    21   HIGHEST GUST DIRECTION     W (270)
  AVERAGE WIND SPEED     4.0


SKY COVER
  POSSIBLE SUNSHINE  MM
  AVERAGE SKY COVER 0.8


WEATHER CONDITIONS
 THE FOLLOWING WEATHER WAS RECORDED TODAY.
  LIGHT RAIN
  SNOW
  LIGHT SNOW
  FOG


RELATIVE HUMIDITY (PERCENT)
 HIGHEST    96          1100 AM
 LOWEST     63           400 AM
 AVERAGE    80

..........................................................


THE PROVIDENCE RI CLIMATE NORMALS FOR TOMORROW
                         NORMAL    RECORD    YEAR
 MAXIMUM TEMPERATURE (F)   46        72      2001
 MINIMUM TEMPERATURE (F)   30        10      1935


SUNRISE AND SUNSET
DECEMBER  5 2016......SUNRISE   658 AM EST   SUNSET   415 PM EST
DECEMBER  6 2016......SUNRISE   659 AM EST   SUNSET   415 PM EST


-  INDICATES NEGATIVE NUMBERS.
R  INDICATES RECORD WAS SET OR TIED.
MM INDICATES DATA IS MISSING.
T  INDICATES TRACE AMOUNT.




$$
