000
CDUS41 KBOX 262142
CLIPVD


CLIMATE REPORT
NATIONAL WEATHER SERVICE TAUNTON MA
542 PM EDT TUE APR 26 2016


...................................

...THE PROVIDENCE RI CLIMATE SUMMARY FOR APRIL 26 2016...
VALID AS OF 0500 PM LOCAL TIME.

CLIMATE NORMAL PERIOD 1981 TO 2010
CLIMATE RECORD PERIOD 1904 TO 2016


WEATHER ITEM   OBSERVED TIME   RECORD YEAR NORMAL DEPARTURE LAST
                VALUE   (LST)  VALUE       VALUE  FROM      YEAR
                                                  NORMAL
..................................................................
TEMPERATURE (F)
 TODAY
  MAXIMUM         50    339 AM  88    2009  62    -12       58
  MINIMUM         40    340 PM  28    1919  43     -3       41
  AVERAGE         45                        53     -8       50

PRECIPITATION (IN)
  TODAY            0.14          1.79 1931   0.14   0.00      T
  MONTH TO DATE    3.91                      3.85   0.06     2.45
  SINCE MAR 1      6.59                      8.86  -2.27     6.85
  SINCE JAN 1     14.94                     16.01  -1.07    13.20

SNOWFALL (IN)
  TODAY            0.0           T    1975   0.0    0.0      0.0
  MONTH TO DATE    6.7                       0.6    6.1       T
  SINCE MAR 1      9.3                       6.1    3.2     16.3
  SINCE JUL 1     28.7                      33.8   -5.1     76.2
  SNOW DEPTH       0

DEGREE DAYS
 HEATING
  TODAY           20                        13      7       15
  MONTH TO DATE  445                       432     13      426
  SINCE MAR 1   1092                      1241   -149     1418
  SINCE JUL 1   4463                      5303   -840     5780

 COOLING
  TODAY            0                         0      0        0
  MONTH TO DATE    0                         0      0        0
  SINCE MAR 1      0                         0      0        0
  SINCE JAN 1      0                         0      0        0
..................................................................


WIND (MPH)
  HIGHEST WIND SPEED    18   HIGHEST WIND DIRECTION    NE (40)
  HIGHEST GUST SPEED    23   HIGHEST GUST DIRECTION    NE (30)
  AVERAGE WIND SPEED     8.3


SKY COVER
  POSSIBLE SUNSHINE  MM
  AVERAGE SKY COVER 0.8


WEATHER CONDITIONS
 THE FOLLOWING WEATHER WAS RECORDED TODAY.
  RAIN
  LIGHT RAIN
  FOG


RELATIVE HUMIDITY (PERCENT)
 HIGHEST    86           100 PM
 LOWEST     65           500 AM
 AVERAGE    76

..........................................................


THE PROVIDENCE RI CLIMATE NORMALS FOR TOMORROW
                         NORMAL    RECORD    YEAR
 MAXIMUM TEMPERATURE (F)   63        89      1990
 MINIMUM TEMPERATURE (F)   43        32      1909


SUNRISE AND SUNSET
APRIL 26 2016.........SUNRISE   548 AM EDT   SUNSET   739 PM EDT
APRIL 27 2016.........SUNRISE   547 AM EDT   SUNSET   740 PM EDT


-  INDICATES NEGATIVE NUMBERS.
R  INDICATES RECORD WAS SET OR TIED.
MM INDICATES DATA IS MISSING.
T  INDICATES TRACE AMOUNT.




$$
