000
CDUS41 KBOX 252230
CLIPVD


CLIMATE REPORT
NATIONAL WEATHER SERVICE TAUNTON MA
630 PM EDT TUE JUL 25 2017


...................................

...THE PROVIDENCE RI CLIMATE SUMMARY FOR JULY 25 2017...
VALID AS OF 0600 PM LOCAL TIME.

CLIMATE NORMAL PERIOD 1981 TO 2010
CLIMATE RECORD PERIOD 1904 TO 2017


WEATHER ITEM   OBSERVED TIME   RECORD YEAR NORMAL DEPARTURE LAST
                VALUE   (LST)  VALUE       VALUE  FROM      YEAR
                                                  NORMAL
..................................................................
TEMPERATURE (F)
 TODAY
  MAXIMUM         66    526 PM  96    2001  83    -17       92
  MINIMUM         58    421 AM  53    1953  65     -7       68
  AVERAGE         62                        74    -12       80

PRECIPITATION (IN)
  TODAY            0.00          2.51 1972   0.12  -0.12      T
  MONTH TO DATE    3.26                      2.55   0.71     3.78
  SINCE JUN 1      7.52                      6.19   1.33     4.83
  SINCE JAN 1     32.54                     26.26   6.28    22.95

SNOWFALL (IN)
  TODAY            0.0           0.0  2002   0.0    0.0      0.0
                                      2001
                                      2000
  MONTH TO DATE    0.0                       0.0    0.0      0.0
  SINCE JUN 1      0.0                       0.0    0.0      0.0
  SINCE JUL 1      0.0                       0.0    0.0      0.0
  SNOW DEPTH       0

DEGREE DAYS
 HEATING
  TODAY            3                         0      3        0
  MONTH TO DATE    7                         0      7        0
  SINCE JUN 1     56                        43     13       12
  SINCE JUL 1      7                         0      7        0

 COOLING
  TODAY            0                         9     -9       15
  MONTH TO DATE  229                       213     16      266
  SINCE JUN 1    398                       345     53      401
  SINCE JAN 1    456                       371     85      452
..................................................................


WIND (MPH)
  HIGHEST WIND SPEED    15   HIGHEST WIND DIRECTION     N (10)
  HIGHEST GUST SPEED    19   HIGHEST GUST DIRECTION    NE (30)
  AVERAGE WIND SPEED     9.9


SKY COVER
  POSSIBLE SUNSHINE  MM
  AVERAGE SKY COVER 0.9


WEATHER CONDITIONS
 THE FOLLOWING WEATHER WAS RECORDED TODAY.
  FOG


RELATIVE HUMIDITY (PERCENT)
 HIGHEST   100           100 AM
 LOWEST     78           500 PM
 AVERAGE    89

..........................................................


THE PROVIDENCE RI CLIMATE NORMALS FOR TOMORROW
                         NORMAL    RECORD    YEAR
 MAXIMUM TEMPERATURE (F)   83        96      2005
 MINIMUM TEMPERATURE (F)   65        51      1976


SUNRISE AND SUNSET
JULY 25 2017..........SUNRISE   533 AM EDT   SUNSET   811 PM EDT
JULY 26 2017..........SUNRISE   534 AM EDT   SUNSET   810 PM EDT


-  INDICATES NEGATIVE NUMBERS.
R  INDICATES RECORD WAS SET OR TIED.
MM INDICATES DATA IS MISSING.
T  INDICATES TRACE AMOUNT.




$$
