000
CDUS41 KBOX 010546
CLIPVD


CLIMATE REPORT
NATIONAL WEATHER SERVICE TAUNTON MA
146 AM EDT WED JUL 1 2015


...................................

...THE PROVIDENCE RI CLIMATE SUMMARY FOR JUNE 30 2015...

CLIMATE NORMAL PERIOD 1981 TO 2010
CLIMATE RECORD PERIOD 1904 TO 2015


WEATHER ITEM   OBSERVED TIME   RECORD YEAR NORMAL DEPARTURE LAST
                VALUE   (LST)  VALUE       VALUE  FROM      YEAR
                                                  NORMAL
..................................................................
TEMPERATURE (F)
 YESTERDAY
  MAXIMUM         82    221 PM  98    1945  81      1       87
  MINIMUM         60    417 AM  48    1919  62     -2       62
  AVERAGE         71                        72     -1       75

PRECIPITATION (IN)
  YESTERDAY        0.00          2.03 1921   0.09  -0.09     0.00
  MONTH TO DATE    5.35                      3.64   1.71     2.36
  SINCE JUN 1      5.35                      3.64   1.71     2.36
  SINCE JAN 1     22.30                     23.71  -1.41    25.16

SNOWFALL (IN)
  YESTERDAY        0.0           0.0  2002   0.0    0.0      0.0
                                      2001
                                      2000
  MONTH TO DATE    0.0                       0.0    0.0      0.0
  SINCE JUN 1      0.0                       0.0    0.0      0.0
  SINCE JUL 1     76.2                      33.8   42.4     43.6
  SNOW DEPTH       0

DEGREE DAYS
 HEATING
  YESTERDAY        0                         0      0        0
  MONTH TO DATE   72                        41     31       13
  SINCE JUN 1     72                        43     29       13
  SINCE JUL 1   6020                      5618    402     5913

 COOLING
  YESTERDAY        6                         7     -1       10
  MONTH TO DATE  118                       132    -14      103
  SINCE JUN 1    118                       132    -14      103
  SINCE JAN 1    182                       158     24      114
..................................................................


WIND (MPH)
  RESULTANT WIND SPEED   5   RESULTANT WIND DIRECTION   S (190)
  HIGHEST WIND SPEED    18   HIGHEST WIND DIRECTION     S (200)
  HIGHEST GUST SPEED    24   HIGHEST GUST DIRECTION     S (200)
  AVERAGE WIND SPEED     6.3


SKY COVER
  POSSIBLE SUNSHINE  MM
  AVERAGE SKY COVER 0.5


WEATHER CONDITIONS
 THE FOLLOWING WEATHER WAS RECORDED YESTERDAY.
  NO SIGNIFICANT WEATHER WAS OBSERVED.


RELATIVE HUMIDITY (PERCENT)
 HIGHEST    90           100 AM
 LOWEST     42           400 PM
 AVERAGE    66

..........................................................


THE PROVIDENCE RI CLIMATE NORMALS FOR TODAY
                         NORMAL    RECORD    YEAR
 MAXIMUM TEMPERATURE (F)   82        97      1964
 MINIMUM TEMPERATURE (F)   63        48      1988


SUNRISE AND SUNSET
JULY  1 2015..........SUNRISE   515 AM EDT   SUNSET   824 PM EDT
JULY  2 2015..........SUNRISE   515 AM EDT   SUNSET   824 PM EDT


-  INDICATES NEGATIVE NUMBERS.
R  INDICATES RECORD WAS SET OR TIED.
MM INDICATES DATA IS MISSING.
T  INDICATES TRACE AMOUNT.




$$
