000
CDUS41 KBOX 110553
CLIPVD


CLIMATE REPORT
NATIONAL WEATHER SERVICE TAUNTON MA
147 AM EDT FRI APR 11 2014


...................................

...THE PROVIDENCE RI CLIMATE SUMMARY FOR APRIL 10 2014...

CLIMATE NORMAL PERIOD 1981 TO 2010
CLIMATE RECORD PERIOD 1904 TO 2014


WEATHER ITEM   OBSERVED TIME   RECORD YEAR NORMAL DEPARTURE LAST
                VALUE   (LST)  VALUE       VALUE  FROM      YEAR
                                                  NORMAL
..................................................................
TEMPERATURE (F)
 YESTERDAY
  MAXIMUM         56    240 PM  82    1922  57     -1       67
  MINIMUM         30    501 AM  25    1997  38     -8       45
                                      1985
                                      1974
  AVERAGE         43                        47     -4       56

PRECIPITATION (IN)
  YESTERDAY        0.00          4.30 1983   0.17  -0.17     0.47
  MONTH TO DATE    1.43                      1.61  -0.18     0.56
  SINCE MAR 1      8.41                      6.62   1.79     3.50
  SINCE JAN 1     16.81                     13.77   3.04    10.46

SNOWFALL (IN)
  YESTERDAY        0.0           3.8  1996   0.1   -0.1      0.0
  MONTH TO DATE    0.0                       0.4   -0.4      0.0
  SINCE MAR 1      1.2                       5.9   -4.7      4.9
  SINCE JUL 1     43.3                      33.6    9.7     46.3
  SNOW DEPTH       0

DEGREE DAYS
 HEATING
  YESTERDAY       22                        18      4        9
  MONTH TO DATE  187                       194     -7      182
  SINCE MAR 1   1141                      1003    138      994
  SINCE JUL 1   5413                      5065    348     4815

 COOLING
  YESTERDAY        0                         0      0        0
  MONTH TO DATE    0                         0      0        0
  SINCE MAR 1      0                         0      0        0
  SINCE JAN 1      0                         0      0        0
..................................................................


WIND (MPH)
  RESULTANT WIND SPEED  10   RESULTANT WIND DIRECTION  SW (210)
  HIGHEST WIND SPEED    25   HIGHEST WIND DIRECTION    SW (210)
  HIGHEST GUST SPEED    37   HIGHEST GUST DIRECTION    SW (240)
  AVERAGE WIND SPEED    11.3


SKY COVER
  POSSIBLE SUNSHINE  MM
  AVERAGE SKY COVER 0.2


WEATHER CONDITIONS
 THE FOLLOWING WEATHER WAS RECORDED YESTERDAY.
  NO SIGNIFICANT WEATHER WAS OBSERVED.


RELATIVE HUMIDITY (PERCENT)
 HIGHEST    71          1000 PM
 LOWEST     22          1200 AM
 AVERAGE    47

..........................................................


THE PROVIDENCE RI CLIMATE NORMALS FOR TODAY
                         NORMAL    RECORD    YEAR
 MAXIMUM TEMPERATURE (F)   57        79      1955
 MINIMUM TEMPERATURE (F)   38        22      1909


SUNRISE AND SUNSET
APRIL 11 2014.........SUNRISE   612 AM EDT   SUNSET   722 PM EDT
APRIL 12 2014.........SUNRISE   611 AM EDT   SUNSET   723 PM EDT


-  INDICATES NEGATIVE NUMBERS.
R  INDICATES RECORD WAS SET OR TIED.
MM INDICATES DATA IS MISSING.
T  INDICATES TRACE AMOUNT.




$$
